{"id":6934,"date":"2025-06-26T09:49:28","date_gmt":"2025-06-26T15:49:28","guid":{"rendered":"https:\/\/libreriahistoriasdebolsillo.com\/?post_type=product&#038;p=6934"},"modified":"2025-10-20T14:06:12","modified_gmt":"2025-10-20T20:06:12","slug":"el-castillo","status":"publish","type":"product","link":"https:\/\/libreriahistoriasdebolsillo.com\/index.php\/producto\/el-castillo\/","title":{"rendered":"El castillo"},"content":{"rendered":"<p>Publicada p\u00f3stumamente en 1926,\u00a0<i>El castillo<\/i>\u00a0es la m\u00e1s tard\u00eda de las tres novelas que escribi\u00f3<b>\u00a0Franz Kafka\u00a0<\/b>(1883-1924) y, pese a haber quedado inconclusa, pasa a ser una de las cumbres de la novela del siglo XX. En ella se cuentan los infructuosos intentos del agrimensor K. por acceder a las autoridades del castillo, que al parecer han reclamado sus servicios, y obtener el permiso para ejercer su trabajo y establecerse as\u00ed en la aldea en que ha sido recibido como un forastero.<\/p>\n<p>Con su insistencia en reclamar los derechos que le corresponden, las peripecias a menudo c\u00f3micas del\u00a0<b>agrimensor K.<\/b>\u00a0configuran una par\u00e1bola insondable sobre la abstrusa condici\u00f3n del poder y sobre el dif\u00edcil sentimiento de pertenencia que angustia al hombre moderno.<\/p>\n<p>El texto que se ofrece ahora al lector en una nueva traducci\u00f3n de<b>\u00a0Miguel S\u00e1enz\u00a0<\/b>presenta, por fin, la obra de este autor, quiz\u00e1s el m\u00e1s emblem\u00e1tico del\u00a0<b>siglo XX<\/b>, con las m\u00e1ximas garant\u00edas de rigor y fidelidad posibles.<\/p>\n","protected":false},"excerpt":{"rendered":"<p>Franz Kafka<\/p>\n<p>368 p\u00e1ginas<\/p>\n","protected":false},"featured_media":6935,"template":"","meta":{"_joinchat":[]},"product_brand":[],"product_cat":[42],"product_tag":[34],"class_list":{"0":"post-6934","1":"product","2":"type-product","3":"status-publish","4":"has-post-thumbnail","6":"product_cat-literatura-clasica","7":"product_tag-penguin-random-house","9":"first","10":"outofstock","11":"shipping-taxable","12":"purchasable","13":"product-type-simple"},"_links":{"self":[{"href":"https:\/\/libreriahistoriasdebolsillo.com\/index.php\/wp-json\/wp\/v2\/product\/6934","targetHints":{"allow":["GET"]}}],"collection":[{"href":"https:\/\/libreriahistoriasdebolsillo.com\/index.php\/wp-json\/wp\/v2\/product"}],"about":[{"href":"https:\/\/libreriahistoriasdebolsillo.com\/index.php\/wp-json\/wp\/v2\/types\/product"}],"wp:featuredmedia":[{"embeddable":true,"href":"https:\/\/libreriahistoriasdebolsillo.com\/index.php\/wp-json\/wp\/v2\/media\/6935"}],"wp:attachment":[{"href":"https:\/\/libreriahistoriasdebolsillo.com\/index.php\/wp-json\/wp\/v2\/media?parent=6934"}],"wp:term":[{"taxonomy":"product_brand","embeddable":true,"href":"https:\/\/libreriahistoriasdebolsillo.com\/index.php\/wp-json\/wp\/v2\/product_brand?post=6934"},{"taxonomy":"product_cat","embeddable":true,"href":"https:\/\/libreriahistoriasdebolsillo.com\/index.php\/wp-json\/wp\/v2\/product_cat?post=6934"},{"taxonomy":"product_tag","embeddable":true,"href":"https:\/\/libreriahistoriasdebolsillo.com\/index.php\/wp-json\/wp\/v2\/product_tag?post=6934"}],"curies":[{"name":"wp","href":"https:\/\/api.w.org\/{rel}","templated":true}]}}