{"id":6954,"date":"2025-06-26T10:14:43","date_gmt":"2025-06-26T16:14:43","guid":{"rendered":"https:\/\/libreriahistoriasdebolsillo.com\/?post_type=product&#038;p=6954"},"modified":"2025-12-03T17:47:06","modified_gmt":"2025-12-03T23:47:06","slug":"dragonriders-of-pern-1-el-vuelo-del-dragon","status":"publish","type":"product","link":"https:\/\/libreriahistoriasdebolsillo.com\/index.php\/producto\/dragonriders-of-pern-1-el-vuelo-del-dragon\/","title":{"rendered":"Dragonriders of Pern 1. El vuelo del drag\u00f3n"},"content":{"rendered":"<p><strong>UNA VENGANZA. UNA B\u00daSQUEDA. UN PLANETA EN PELIGRO.<\/strong><\/p>\n<p><strong>Bienvenido a Pern. Bienvenido a la adictiva historia de una de las novelistas de fantas\u00eda y ciencia ficci\u00f3n m\u00e1s influyentes.<\/strong><\/p>\n<p>Para los nobles de Pern, Lessa no es m\u00e1s que una sirvienta andrajosa. Ignoran que es la \u00fanica superviviente de la familia que gobernaba el fuerte de Ruatha, oculta a la espera de poder vengar a sus familiares asesinados. Y por fin se acerca ese d\u00eda&#8230;<\/p>\n<p>Todo cambia cuando hasta Ruatha llegan los jinetes de dragones, y una antigua amenaza reaparece. Porque entonces dos caminos se abren ante Lessa: continuar como siempre o irse con ellos e introducirse en un nuevo y apasionante mundo.<\/p>\n<p>Por primera vez en siglos, regresa la amenaza de algo que destruye todo lo que toca. Solo los dragones pueden plantarle cara. Y ahora Lessa debe tomar otra decisi\u00f3n: \u00bfha de arriesgar su vida y la de su drag\u00f3n para salvar el mundo?<\/p>\n<p>\u00abAnne McCaffffrey es una de las maestras de la fantas\u00eda y una de mis autoras favoritas de todos los tiempos\u00bb.<\/p>\n<p>&nbsp;<\/p>\n","protected":false},"excerpt":{"rendered":"<p>Anne McCaffrey<br \/>\n352 p\u00e1ginas<\/p>\n","protected":false},"featured_media":6955,"template":"","meta":{"_joinchat":[]},"product_brand":[],"product_cat":[39,70],"product_tag":[34],"class_list":{"0":"post-6954","1":"product","2":"type-product","3":"status-publish","4":"has-post-thumbnail","6":"product_cat-fantasia","7":"product_cat-novedades","8":"product_tag-penguin-random-house","10":"first","11":"outofstock","12":"shipping-taxable","13":"purchasable","14":"product-type-simple"},"_links":{"self":[{"href":"https:\/\/libreriahistoriasdebolsillo.com\/index.php\/wp-json\/wp\/v2\/product\/6954","targetHints":{"allow":["GET"]}}],"collection":[{"href":"https:\/\/libreriahistoriasdebolsillo.com\/index.php\/wp-json\/wp\/v2\/product"}],"about":[{"href":"https:\/\/libreriahistoriasdebolsillo.com\/index.php\/wp-json\/wp\/v2\/types\/product"}],"wp:featuredmedia":[{"embeddable":true,"href":"https:\/\/libreriahistoriasdebolsillo.com\/index.php\/wp-json\/wp\/v2\/media\/6955"}],"wp:attachment":[{"href":"https:\/\/libreriahistoriasdebolsillo.com\/index.php\/wp-json\/wp\/v2\/media?parent=6954"}],"wp:term":[{"taxonomy":"product_brand","embeddable":true,"href":"https:\/\/libreriahistoriasdebolsillo.com\/index.php\/wp-json\/wp\/v2\/product_brand?post=6954"},{"taxonomy":"product_cat","embeddable":true,"href":"https:\/\/libreriahistoriasdebolsillo.com\/index.php\/wp-json\/wp\/v2\/product_cat?post=6954"},{"taxonomy":"product_tag","embeddable":true,"href":"https:\/\/libreriahistoriasdebolsillo.com\/index.php\/wp-json\/wp\/v2\/product_tag?post=6954"}],"curies":[{"name":"wp","href":"https:\/\/api.w.org\/{rel}","templated":true}]}}