{"id":6958,"date":"2025-06-26T10:19:47","date_gmt":"2025-06-26T16:19:47","guid":{"rendered":"https:\/\/libreriahistoriasdebolsillo.com\/?post_type=product&#038;p=6958"},"modified":"2025-10-28T12:19:09","modified_gmt":"2025-10-28T18:19:09","slug":"dragonriders-of-pern-3-el-dragon-blanco","status":"publish","type":"product","link":"https:\/\/libreriahistoriasdebolsillo.com\/index.php\/producto\/dragonriders-of-pern-3-el-dragon-blanco\/","title":{"rendered":"Dragonriders of Pern 3. El drag\u00f3n blanco"},"content":{"rendered":"<p>Ning\u00fan lord hab\u00eda sido nunca jinete de dragones. Pero Jaxom, el joven se\u00f1or de Ruatha, no es cualquier persona. Y cuando encontr\u00f3 un huevo m\u00e1s peque\u00f1o de lo normal, casi abandonado, y lo llev\u00f3 a la sala de eclosi\u00f3n, sell\u00f3 su destino.<\/p>\n<p>Nunca en la historia de Pern ha habido un drag\u00f3n como Ruth. Peque\u00f1o y de un pur\u00edsimo color blanco, es inteligente, valiente y leal. Sin embargo, debido a su tama\u00f1o, el resto de dragones lo desprecian, ya que no se le considera apto para pelear contra las hebras.<\/p>\n<p>Ruth y Jaxom no planean abandonar sus sue\u00f1os, de forma que, en secreto, comienzan a entrenarse como el resto de jinetes y dragones. Pero al hacerlo, los dos amigos se enfrentar\u00e1n a una decisi\u00f3n desesperada que amenazar\u00e1 el futuro del propio Pern&#8230;<\/p>\n<p>\u00abAnne McCaffffrey es una de las maestras de la fantas\u00eda y una de mis autoras favoritas de todos los tiempos\u00bb.<\/p>\n<p>BRANDON SANDERSON<\/p>\n","protected":false},"excerpt":{"rendered":"<p>Anne McCaffrey<\/p>\n<p>544 p\u00e1ginas<\/p>\n","protected":false},"featured_media":6959,"template":"","meta":{"_joinchat":[]},"product_brand":[],"product_cat":[39,70],"product_tag":[34],"class_list":{"0":"post-6958","1":"product","2":"type-product","3":"status-publish","4":"has-post-thumbnail","6":"product_cat-fantasia","7":"product_cat-novedades","8":"product_tag-penguin-random-house","10":"first","11":"instock","12":"shipping-taxable","13":"purchasable","14":"product-type-simple"},"_links":{"self":[{"href":"https:\/\/libreriahistoriasdebolsillo.com\/index.php\/wp-json\/wp\/v2\/product\/6958","targetHints":{"allow":["GET"]}}],"collection":[{"href":"https:\/\/libreriahistoriasdebolsillo.com\/index.php\/wp-json\/wp\/v2\/product"}],"about":[{"href":"https:\/\/libreriahistoriasdebolsillo.com\/index.php\/wp-json\/wp\/v2\/types\/product"}],"wp:featuredmedia":[{"embeddable":true,"href":"https:\/\/libreriahistoriasdebolsillo.com\/index.php\/wp-json\/wp\/v2\/media\/6959"}],"wp:attachment":[{"href":"https:\/\/libreriahistoriasdebolsillo.com\/index.php\/wp-json\/wp\/v2\/media?parent=6958"}],"wp:term":[{"taxonomy":"product_brand","embeddable":true,"href":"https:\/\/libreriahistoriasdebolsillo.com\/index.php\/wp-json\/wp\/v2\/product_brand?post=6958"},{"taxonomy":"product_cat","embeddable":true,"href":"https:\/\/libreriahistoriasdebolsillo.com\/index.php\/wp-json\/wp\/v2\/product_cat?post=6958"},{"taxonomy":"product_tag","embeddable":true,"href":"https:\/\/libreriahistoriasdebolsillo.com\/index.php\/wp-json\/wp\/v2\/product_tag?post=6958"}],"curies":[{"name":"wp","href":"https:\/\/api.w.org\/{rel}","templated":true}]}}