{"id":6964,"date":"2025-06-26T10:29:32","date_gmt":"2025-06-26T16:29:32","guid":{"rendered":"https:\/\/libreriahistoriasdebolsillo.com\/?post_type=product&#038;p=6964"},"modified":"2025-07-01T13:43:48","modified_gmt":"2025-07-01T19:43:48","slug":"cancion-de-hielo-y-fuego-2-choque-de-reyes-2","status":"publish","type":"product","link":"https:\/\/libreriahistoriasdebolsillo.com\/index.php\/producto\/cancion-de-hielo-y-fuego-2-choque-de-reyes-2\/","title":{"rendered":"Canci\u00f3n de Hielo y Fuego 2. Choque de reyes (Tapa dura)"},"content":{"rendered":"<p><b>LLEGAR\u00c1 UN D\u00cdA EN EL QUE<\/b>\u00a0<b>TE SIENTAS SEGURA Y FELIZ,<\/b>\u00a0<b>Y DE REPENTE TU ALEGR\u00cdA SE<\/b>\u00a0<b>TE CONVERTIR\u00c1 EN CENIZAS<\/b>\u00a0<b>EN LA BOCA, Y ESE D\u00cdA<\/b>\u00a0<b>SABR\u00c1S QUE LA DEUDA<\/b>\u00a0<b>HA QUEDADO SALDADA.<\/b><\/p>\n<p>En el cielo sobre los\u00a0<b>Siete Reinos<\/b>, que se hallan asolados por una\u00a0<b>guerra devastadora<\/b>, aparece un siniestro cometa\u00a0<b>color sangre<\/b>. \u00bfAcaso se trata de otro augurio terrible sobre las cat\u00e1strofes que est\u00e1n por llegar? El verano ha terminado, y cuatrol\u00edderes se disputan el\u00a0<b>Trono de Hierro<\/b>. Mientras tanto, al otro lado del mar, la orgullosa princesa exiliada\u00a0<b>Daenerys<\/b>\u00a0<b>Targaryen<\/b>\u00a0est\u00e1 dispuesta a arriesgarlo todo con tal de recuperar la corona que le pertenece por derecho. Puede que, para ella, el cometa de sangre no sea un mal presagio, sino el heraldo de la venganza. Y mientras la\u00a0<b>batalla contin\u00faa<\/b>, al norte, m\u00e1s all\u00e1 del Muro, las fuerzas oscuras se vuelven cada vez m\u00e1s poderosas.<\/p>\n","protected":false},"excerpt":{"rendered":"<p>George R.R. Martin<br \/>\n936 p\u00e1ginas<\/p>\n","protected":false},"featured_media":6965,"template":"","meta":{"_joinchat":[]},"product_brand":[],"product_cat":[39,70],"product_tag":[34],"class_list":{"0":"post-6964","1":"product","2":"type-product","3":"status-publish","4":"has-post-thumbnail","6":"product_cat-fantasia","7":"product_cat-novedades","8":"product_tag-penguin-random-house","10":"first","11":"instock","12":"shipping-taxable","13":"purchasable","14":"product-type-simple"},"_links":{"self":[{"href":"https:\/\/libreriahistoriasdebolsillo.com\/index.php\/wp-json\/wp\/v2\/product\/6964","targetHints":{"allow":["GET"]}}],"collection":[{"href":"https:\/\/libreriahistoriasdebolsillo.com\/index.php\/wp-json\/wp\/v2\/product"}],"about":[{"href":"https:\/\/libreriahistoriasdebolsillo.com\/index.php\/wp-json\/wp\/v2\/types\/product"}],"wp:featuredmedia":[{"embeddable":true,"href":"https:\/\/libreriahistoriasdebolsillo.com\/index.php\/wp-json\/wp\/v2\/media\/6965"}],"wp:attachment":[{"href":"https:\/\/libreriahistoriasdebolsillo.com\/index.php\/wp-json\/wp\/v2\/media?parent=6964"}],"wp:term":[{"taxonomy":"product_brand","embeddable":true,"href":"https:\/\/libreriahistoriasdebolsillo.com\/index.php\/wp-json\/wp\/v2\/product_brand?post=6964"},{"taxonomy":"product_cat","embeddable":true,"href":"https:\/\/libreriahistoriasdebolsillo.com\/index.php\/wp-json\/wp\/v2\/product_cat?post=6964"},{"taxonomy":"product_tag","embeddable":true,"href":"https:\/\/libreriahistoriasdebolsillo.com\/index.php\/wp-json\/wp\/v2\/product_tag?post=6964"}],"curies":[{"name":"wp","href":"https:\/\/api.w.org\/{rel}","templated":true}]}}