{"id":6968,"date":"2025-06-27T10:30:49","date_gmt":"2025-06-27T16:30:49","guid":{"rendered":"https:\/\/libreriahistoriasdebolsillo.com\/?post_type=product&#038;p=6968"},"modified":"2025-06-27T10:30:49","modified_gmt":"2025-06-27T16:30:49","slug":"piense-y-hagase-rico-2","status":"publish","type":"product","link":"https:\/\/libreriahistoriasdebolsillo.com\/index.php\/producto\/piense-y-hagase-rico-2\/","title":{"rendered":"Piense y h\u00e1gase rico"},"content":{"rendered":"<p>Para m\u00ed, no hay mayor tragedia que darme cuenta de que tantas personas conf\u00edan tan poco en s\u00ed mismas que ni siquiera son capaces de imaginar un futuro de prosperidad para ellas y sus familias. A lo largo de mi carrera, he tenido la oportunidad de hablar con innumerables personas exitosas en las m\u00e1s diversas \u00e1reas, como negocios, artes y deportes, y algo en com\u00fan entre todas ellas es la capacidad de so\u00f1ar en grande, incluso en los momentos en que estos sue\u00f1os parecen imposibles. Si tus sue\u00f1os se detienen en tu puerta, no podr\u00e1s conquistar el mundo. El libro que tienes en tus manos es, desde hace m\u00e1s de ochenta a\u00f1os, la principal referencia sobre enriquecimiento y desarrollo personal jam\u00e1s producida. Motivado por una sugerencia de Andrew Carnegie, uno de los hombres m\u00e1s ricos que la humanidad haya visto, Napoleon Hill pas\u00f3 m\u00e1s de dos d\u00e9cadas de su vida viajando por los Estados Unidos entrevistando a los mejores millonarios de la \u00e9poca e identificando qu\u00e9 ten\u00edan en com\u00fan y c\u00f3mo la gente podr\u00eda lograr un \u00e9xito similar. No hay d\u00eda en que no reflexione y utilice las ense\u00f1anzas de Napoleon Hill. Al leer y aplicar los conceptos de Piense y h\u00e1gase rico, tambi\u00e9n puedes ampliar tus sue\u00f1os y, lo que es m\u00e1s importante, acercarte a ellos. Cuando ten\u00eda 26 a\u00f1os, con una independencia financiera reci\u00e9n descubierta, decid\u00ed viajar por el mundo y entrevistar a grandes personalidades exitosas para identificar qu\u00e9 ten\u00edan en com\u00fan para llegar a ser tan pr\u00f3speros. Durante el proceso, descubr\u00ed que alguien m\u00e1s ya hab\u00eda hecho algo similar a principios del siglo pasado y que hab\u00eda sido lo suficientemente generoso como para compartir sus hallazgos con cualquiera que estuviera dispuesto a escuchar. Esa persona era Napoleon Hill. Luego me dediqu\u00e9 a estudiar todo lo que Napoleon Hill hab\u00eda producido y lo convert\u00ed en uno de mis mayores mentores intelectuales, a pesar de que muri\u00f3 muchos a\u00f1os antes de que yo naciera. Lo m\u00e1s interesante fue darme cuenta que poco ha cambiado entre las personas exitosas de principios del siglo pasado y las de hoy. Todos demostraron caracter\u00edsticas similares, como la capacidad para definir con precisi\u00f3n su prop\u00f3sito, concebir el punto ideal al que deseaban llegar y asociarse con otras personas con objetivos y capacidades complementarias para acelerar y hacer posible el viaje. Estos y otros factores se detallan en este libro que est\u00e1 en tus manos, un tesoro que guardo conmigo en todo momento y que estoy seguro tambi\u00e9n puede marcar la diferencia en tu vida. Thiago Nigro<\/p>\n","protected":false},"excerpt":{"rendered":"<p>Napoleon Hill<\/p>\n<p>260 p\u00e1ginas<\/p>\n","protected":false},"featured_media":6969,"template":"","meta":{"_joinchat":[]},"product_brand":[],"product_cat":[58,41],"product_tag":[34],"class_list":{"0":"post-6968","1":"product","2":"type-product","3":"status-publish","4":"has-post-thumbnail","6":"product_cat-desarrollo-humano-y-superacion","7":"product_cat-desarrollo-humano","8":"product_tag-penguin-random-house","10":"first","11":"instock","12":"shipping-taxable","13":"purchasable","14":"product-type-simple"},"_links":{"self":[{"href":"https:\/\/libreriahistoriasdebolsillo.com\/index.php\/wp-json\/wp\/v2\/product\/6968","targetHints":{"allow":["GET"]}}],"collection":[{"href":"https:\/\/libreriahistoriasdebolsillo.com\/index.php\/wp-json\/wp\/v2\/product"}],"about":[{"href":"https:\/\/libreriahistoriasdebolsillo.com\/index.php\/wp-json\/wp\/v2\/types\/product"}],"wp:featuredmedia":[{"embeddable":true,"href":"https:\/\/libreriahistoriasdebolsillo.com\/index.php\/wp-json\/wp\/v2\/media\/6969"}],"wp:attachment":[{"href":"https:\/\/libreriahistoriasdebolsillo.com\/index.php\/wp-json\/wp\/v2\/media?parent=6968"}],"wp:term":[{"taxonomy":"product_brand","embeddable":true,"href":"https:\/\/libreriahistoriasdebolsillo.com\/index.php\/wp-json\/wp\/v2\/product_brand?post=6968"},{"taxonomy":"product_cat","embeddable":true,"href":"https:\/\/libreriahistoriasdebolsillo.com\/index.php\/wp-json\/wp\/v2\/product_cat?post=6968"},{"taxonomy":"product_tag","embeddable":true,"href":"https:\/\/libreriahistoriasdebolsillo.com\/index.php\/wp-json\/wp\/v2\/product_tag?post=6968"}],"curies":[{"name":"wp","href":"https:\/\/api.w.org\/{rel}","templated":true}]}}