{"id":6974,"date":"2025-06-27T10:38:22","date_gmt":"2025-06-27T16:38:22","guid":{"rendered":"https:\/\/libreriahistoriasdebolsillo.com\/?post_type=product&#038;p=6974"},"modified":"2025-11-20T13:24:27","modified_gmt":"2025-11-20T19:24:27","slug":"liberate-de-tus-miedos","status":"publish","type":"product","link":"https:\/\/libreriahistoriasdebolsillo.com\/index.php\/producto\/liberate-de-tus-miedos\/","title":{"rendered":"Lib\u00e9rate de tus miedos"},"content":{"rendered":"<p>\u00ab\u00a1Lo \u00fanico que tenemos que temer es al miedo mismo!\u00bb, dijo Franklin D. Roosevelt, en una frase atemporal cuya inspiraci\u00f3n le lleg\u00f3 de uno de sus consejeros: Napoleon Hill. Los principios que Hill recopil\u00f3 en su cl\u00e1sico Piense y h\u00e1gase rico permitieron a una generaci\u00f3n romper con las ataduras del miedo, responsables de exacerbar los males de la Gran Depresi\u00f3n y la guerra mundial y elevarse a nuevos niveles de \u00e9xito, algo que se sigue haciendo hoy en d\u00eda. Es hora de dominar tus miedos y aumentar tu resiliencia para que puedas recuperar el control de tu vida y alcanzar tu visi\u00f3n del \u00e9xito. El miedo es uno de los mayores obst\u00e1culos para tu \u00e9xito, felicidad y realizaci\u00f3n, y uno de los m\u00e1s dif\u00edciles de combatir. Se ancla en lo m\u00e1s profundo del subconsciente y oscurece tus pensamientos dominantes, confundiendo tus percepciones y, a su vez, tus acciones. Pero el miedo no tiene por qu\u00e9 escribir su propia historia. Es simplemente una emoci\u00f3n que puede dominarse y canalizarse para que trabaje a tu favor, no en tu contra. Esta gu\u00eda contiene los mejores consejos de Napoleon Hill para liberarse de las cadenas del miedo, encontrar oportunidades en las derrotas temporales y vivir la vida con un prop\u00f3sito.<\/p>\n","protected":false},"excerpt":{"rendered":"<p>Napoleon Hill<\/p>\n<p>140 p\u00e1ginas<\/p>\n","protected":false},"featured_media":6975,"template":"","meta":{"_joinchat":[]},"product_brand":[],"product_cat":[58,41],"product_tag":[48],"class_list":{"0":"post-6974","1":"product","2":"type-product","3":"status-publish","4":"has-post-thumbnail","6":"product_cat-desarrollo-humano-y-superacion","7":"product_cat-desarrollo-humano","8":"product_tag-vr-editoras","10":"first","11":"instock","12":"shipping-taxable","13":"purchasable","14":"product-type-simple"},"_links":{"self":[{"href":"https:\/\/libreriahistoriasdebolsillo.com\/index.php\/wp-json\/wp\/v2\/product\/6974","targetHints":{"allow":["GET"]}}],"collection":[{"href":"https:\/\/libreriahistoriasdebolsillo.com\/index.php\/wp-json\/wp\/v2\/product"}],"about":[{"href":"https:\/\/libreriahistoriasdebolsillo.com\/index.php\/wp-json\/wp\/v2\/types\/product"}],"wp:featuredmedia":[{"embeddable":true,"href":"https:\/\/libreriahistoriasdebolsillo.com\/index.php\/wp-json\/wp\/v2\/media\/6975"}],"wp:attachment":[{"href":"https:\/\/libreriahistoriasdebolsillo.com\/index.php\/wp-json\/wp\/v2\/media?parent=6974"}],"wp:term":[{"taxonomy":"product_brand","embeddable":true,"href":"https:\/\/libreriahistoriasdebolsillo.com\/index.php\/wp-json\/wp\/v2\/product_brand?post=6974"},{"taxonomy":"product_cat","embeddable":true,"href":"https:\/\/libreriahistoriasdebolsillo.com\/index.php\/wp-json\/wp\/v2\/product_cat?post=6974"},{"taxonomy":"product_tag","embeddable":true,"href":"https:\/\/libreriahistoriasdebolsillo.com\/index.php\/wp-json\/wp\/v2\/product_tag?post=6974"}],"curies":[{"name":"wp","href":"https:\/\/api.w.org\/{rel}","templated":true}]}}