{"id":6980,"date":"2025-06-27T10:47:00","date_gmt":"2025-06-27T16:47:00","guid":{"rendered":"https:\/\/libreriahistoriasdebolsillo.com\/?post_type=product&#038;p=6980"},"modified":"2025-06-27T10:47:01","modified_gmt":"2025-06-27T16:47:01","slug":"domina-tu-mente","status":"publish","type":"product","link":"https:\/\/libreriahistoriasdebolsillo.com\/index.php\/producto\/domina-tu-mente\/","title":{"rendered":"Domina tu mente"},"content":{"rendered":"<p>Napoleon Hill sent\u00f3 las bases de la literatura sobre el desarrollo personal organizando y explic\u00f3 \u00ab\u00bbLas Leyes del \u00c9xito\u00bb\u00bb a principios del siglo XX. Este libro aborda tres elementos esenciales para alcanzar metas personales, profesionales y financieras: visi\u00f3n creativa, pensamiento organizado y atenci\u00f3n controlada. Domina tu mente es una recopilaci\u00f3n de tres textos de una serie llamada Dinamita Mental, cuyos originales se hab\u00edan perdido y fueron recientemente redescubiertos por la Fundaci\u00f3n Napoleon Hill. Se trata de una aut\u00e9ntica dinamita mental, que combina ense\u00f1anzas transmitidas por el magnate del acero Andrew Carnegie al joven Napoleon Hill en 1908 con comentarios del autor escritos tres d\u00e9cadas despu\u00e9s, cuando ya era un experto en filosof\u00eda motivacional. Lo \u00fanico sobre lo que tenemos control total son nuestros pensamientos. Para tomar las riendas de tu destino y seguir el rumbo deseado, anticip\u00e1ndote y evitando obst\u00e1culos, debes controlar tu mente, es decir, pensar antes de actuar. Piensa con claridad, por supuesto. El pensamiento creativo, organizado y enfocado es la base para definir metas y planes para alcanzarlas. La mente, al igual que el cuerpo, necesita ejercitarse correctamente para mantenerse \u00e1gil y saludable. La creatividad, la organizaci\u00f3n y la concentraci\u00f3n se pueden cultivar y mejorar mediante la pr\u00e1ctica. Prueba la f\u00f3rmula de Andrew Carnegie y Napoleon Hill para llegar a donde desees.<\/p>\n","protected":false},"excerpt":{"rendered":"<p>Napoleon Hill<\/p>\n<p>282 p\u00e1ginas<\/p>\n","protected":false},"featured_media":6981,"template":"","meta":{"_joinchat":[]},"product_brand":[],"product_cat":[58,41],"product_tag":[48],"class_list":{"0":"post-6980","1":"product","2":"type-product","3":"status-publish","4":"has-post-thumbnail","6":"product_cat-desarrollo-humano-y-superacion","7":"product_cat-desarrollo-humano","8":"product_tag-vr-editoras","10":"first","11":"instock","12":"shipping-taxable","13":"purchasable","14":"product-type-simple"},"_links":{"self":[{"href":"https:\/\/libreriahistoriasdebolsillo.com\/index.php\/wp-json\/wp\/v2\/product\/6980","targetHints":{"allow":["GET"]}}],"collection":[{"href":"https:\/\/libreriahistoriasdebolsillo.com\/index.php\/wp-json\/wp\/v2\/product"}],"about":[{"href":"https:\/\/libreriahistoriasdebolsillo.com\/index.php\/wp-json\/wp\/v2\/types\/product"}],"wp:featuredmedia":[{"embeddable":true,"href":"https:\/\/libreriahistoriasdebolsillo.com\/index.php\/wp-json\/wp\/v2\/media\/6981"}],"wp:attachment":[{"href":"https:\/\/libreriahistoriasdebolsillo.com\/index.php\/wp-json\/wp\/v2\/media?parent=6980"}],"wp:term":[{"taxonomy":"product_brand","embeddable":true,"href":"https:\/\/libreriahistoriasdebolsillo.com\/index.php\/wp-json\/wp\/v2\/product_brand?post=6980"},{"taxonomy":"product_cat","embeddable":true,"href":"https:\/\/libreriahistoriasdebolsillo.com\/index.php\/wp-json\/wp\/v2\/product_cat?post=6980"},{"taxonomy":"product_tag","embeddable":true,"href":"https:\/\/libreriahistoriasdebolsillo.com\/index.php\/wp-json\/wp\/v2\/product_tag?post=6980"}],"curies":[{"name":"wp","href":"https:\/\/api.w.org\/{rel}","templated":true}]}}