{"id":6987,"date":"2025-06-27T11:05:06","date_gmt":"2025-06-27T17:05:06","guid":{"rendered":"https:\/\/libreriahistoriasdebolsillo.com\/?post_type=product&#038;p=6987"},"modified":"2025-12-16T15:27:32","modified_gmt":"2025-12-16T21:27:32","slug":"dinamita-mental","status":"publish","type":"product","link":"https:\/\/libreriahistoriasdebolsillo.com\/index.php\/producto\/dinamita-mental\/","title":{"rendered":"Dinamita mental"},"content":{"rendered":"<p>\u00abESTE LIBRO TRAE TANTO LA PROMESA DE ESPERANZA COMO UN MAPA PARA EL \u00c9XITO, OFRECIDO POR UN DE LOS INDIVIDUOS M\u00c1S EXITOSOS DEL MUNDO Y PREPARADO POR UNO DE LOS AUTORES M\u00c1S VENDIDOS DE LA HISTORIA\u00bb. James Whittaker En 1908, Napoleon Hill se reuni\u00f3 con el magnate industrial Andrew Carnegie para lo que cre\u00eda que ser\u00eda una breve entrevista para un art\u00edculo. En cambio, Carnegie pas\u00f3 horas detallando sus principios de \u00e9xito para el joven reportero. Luego desafi\u00f3 a Hill a dedicar veinte a\u00f1os a crear una f\u00f3rmula comprobada que llevar\u00eda a personas de todos los or\u00edgenes a la felicidad, la armon\u00eda y la prosperidad. Hill acept\u00f3 el desaf\u00edo, que destil\u00f3 en el \u00e9xito de ventas perenne Think Rich (Piense y h\u00e1gase rico). Ahora, m\u00e1s de un siglo despu\u00e9s, la Fundaci\u00f3n Napoleon Hill lanza esta conversaci\u00f3n \u00e9pica para recordarle a la gente que existen soluciones simples para los problemas que m\u00e1s nos preocupan, desde las relaciones y la educaci\u00f3n hasta la falta de vivienda y la democracia. Esto se revela en tres grandes principios: autodisciplina, que muestra c\u00f3mo los seis departamentos de la mente pueden ser organizados y dirigidos a cualquier fin; aprender de la derrota, que describe c\u00f3mo puede producir \u00abla semilla del mismo beneficio\u00bb y c\u00f3mo convertirla en un trampol\u00edn hacia mayores logros; y la Regla de Oro aplicada, para desarrollar relaciones satisfactorias, paz mental y una conciencia empoderada. Cada cap\u00edtulo se inspira en las palabras y los consejos de Carnegie, con anotaciones de James Whittaker, estudioso de Napoleon Hill, que explican por qu\u00e9 son esenciales para alcanzar sus metas y prosperar.<\/p>\n","protected":false},"excerpt":{"rendered":"<p>Napoleon Hill<\/p>\n<p>306 p\u00e1ginas<\/p>\n","protected":false},"featured_media":6988,"template":"","meta":{"_joinchat":[]},"product_brand":[],"product_cat":[58,41],"product_tag":[48],"class_list":{"0":"post-6987","1":"product","2":"type-product","3":"status-publish","4":"has-post-thumbnail","6":"product_cat-desarrollo-humano-y-superacion","7":"product_cat-desarrollo-humano","8":"product_tag-vr-editoras","10":"first","11":"outofstock","12":"shipping-taxable","13":"purchasable","14":"product-type-simple"},"_links":{"self":[{"href":"https:\/\/libreriahistoriasdebolsillo.com\/index.php\/wp-json\/wp\/v2\/product\/6987","targetHints":{"allow":["GET"]}}],"collection":[{"href":"https:\/\/libreriahistoriasdebolsillo.com\/index.php\/wp-json\/wp\/v2\/product"}],"about":[{"href":"https:\/\/libreriahistoriasdebolsillo.com\/index.php\/wp-json\/wp\/v2\/types\/product"}],"wp:featuredmedia":[{"embeddable":true,"href":"https:\/\/libreriahistoriasdebolsillo.com\/index.php\/wp-json\/wp\/v2\/media\/6988"}],"wp:attachment":[{"href":"https:\/\/libreriahistoriasdebolsillo.com\/index.php\/wp-json\/wp\/v2\/media?parent=6987"}],"wp:term":[{"taxonomy":"product_brand","embeddable":true,"href":"https:\/\/libreriahistoriasdebolsillo.com\/index.php\/wp-json\/wp\/v2\/product_brand?post=6987"},{"taxonomy":"product_cat","embeddable":true,"href":"https:\/\/libreriahistoriasdebolsillo.com\/index.php\/wp-json\/wp\/v2\/product_cat?post=6987"},{"taxonomy":"product_tag","embeddable":true,"href":"https:\/\/libreriahistoriasdebolsillo.com\/index.php\/wp-json\/wp\/v2\/product_tag?post=6987"}],"curies":[{"name":"wp","href":"https:\/\/api.w.org\/{rel}","templated":true}]}}