{"id":7029,"date":"2025-07-10T16:39:25","date_gmt":"2025-07-10T22:39:25","guid":{"rendered":"https:\/\/libreriahistoriasdebolsillo.com\/?post_type=product&#038;p=7029"},"modified":"2025-11-11T10:47:12","modified_gmt":"2025-11-11T16:47:12","slug":"la-biblia-de-barro","status":"publish","type":"product","link":"https:\/\/libreriahistoriasdebolsillo.com\/index.php\/producto\/la-biblia-de-barro\/","title":{"rendered":"La biblia de barro"},"content":{"rendered":"<p><b>Una arque\u00f3loga iraqu\u00ed, venganza, traficantes de arte, asesinos a sueldo&#8230;<\/b><\/p>\n<p><b>\u00abJulia Navarro propone una ficci\u00f3n basada en una zona de penumbra de la historia, cercana a la leyenda, y lo hace en una aventura trepidante.\u00bb<\/b><\/p>\n<p><b>Josefina Aldecoa<\/b><\/p>\n<p>En Roma, un hombre se confiesa: \u00abPadre, me acuso de que voy a matar a un hombre\u00bb. Al mismo tiempo Clara Tannenberg, una joven arque\u00f3loga nieta de un poderoso hombre de oscuro pasado, anuncia en el transcurso de un congreso el descubrimiento de unas tablillas que, de ser aut\u00e9nticas, ser\u00edan la prueba cient\u00edfica de la existencia del patriarca Abraham: se trata de la obra de un escriba que recogi\u00f3 el relato del profeta sobre la creaci\u00f3n del mundo, la confusi\u00f3n de las lenguas en Babel y el Diluvio Universal. Una aut\u00e9ntica\u00a0<i>Biblia de Barro<\/i>.<\/p>\n<p>Junto a un equipo de arque\u00f3logos, poco antes del inicio de la \u00faltima guerra del Golfo, Clara pondr\u00e1 en marcha unas arriesgadas excavaciones que alientan a muchas personas a acabar con su vida y la de su abuelo: desde millonarios traficantes de arte hasta cuatro amigos que no desistir\u00e1n hasta culminar una implacable venganza.<\/p>\n<p>Tras el espectacular \u00e9xito de\u00a0<i>La Hermandad de la S\u00e1bana Santa<\/i>, Julia Navarro se consagra con esta electrizante novela en la que el lector viajar\u00e1 hasta los tiempos b\u00edblicos pasando por la Europa de la Segunda Guerra Mundial, Egipto, Siria, Estados Unidos, Italia, Francia, Espa\u00f1a y el Irak de Sadam.<\/p>\n","protected":false},"excerpt":{"rendered":"<p>Julia Navarro<br \/>\n768 p\u00e1ginas<\/p>\n","protected":false},"featured_media":7030,"template":"","meta":{"_joinchat":[]},"product_brand":[],"product_cat":[33],"product_tag":[34],"class_list":{"0":"post-7029","1":"product","2":"type-product","3":"status-publish","4":"has-post-thumbnail","6":"product_cat-ficcion-general","7":"product_tag-penguin-random-house","9":"first","10":"outofstock","11":"shipping-taxable","12":"purchasable","13":"product-type-simple"},"_links":{"self":[{"href":"https:\/\/libreriahistoriasdebolsillo.com\/index.php\/wp-json\/wp\/v2\/product\/7029","targetHints":{"allow":["GET"]}}],"collection":[{"href":"https:\/\/libreriahistoriasdebolsillo.com\/index.php\/wp-json\/wp\/v2\/product"}],"about":[{"href":"https:\/\/libreriahistoriasdebolsillo.com\/index.php\/wp-json\/wp\/v2\/types\/product"}],"wp:featuredmedia":[{"embeddable":true,"href":"https:\/\/libreriahistoriasdebolsillo.com\/index.php\/wp-json\/wp\/v2\/media\/7030"}],"wp:attachment":[{"href":"https:\/\/libreriahistoriasdebolsillo.com\/index.php\/wp-json\/wp\/v2\/media?parent=7029"}],"wp:term":[{"taxonomy":"product_brand","embeddable":true,"href":"https:\/\/libreriahistoriasdebolsillo.com\/index.php\/wp-json\/wp\/v2\/product_brand?post=7029"},{"taxonomy":"product_cat","embeddable":true,"href":"https:\/\/libreriahistoriasdebolsillo.com\/index.php\/wp-json\/wp\/v2\/product_cat?post=7029"},{"taxonomy":"product_tag","embeddable":true,"href":"https:\/\/libreriahistoriasdebolsillo.com\/index.php\/wp-json\/wp\/v2\/product_tag?post=7029"}],"curies":[{"name":"wp","href":"https:\/\/api.w.org\/{rel}","templated":true}]}}