{"id":7035,"date":"2025-07-10T16:46:13","date_gmt":"2025-07-10T22:46:13","guid":{"rendered":"https:\/\/libreriahistoriasdebolsillo.com\/?post_type=product&#038;p=7035"},"modified":"2025-11-11T10:49:15","modified_gmt":"2025-11-11T16:49:15","slug":"la-caida","status":"publish","type":"product","link":"https:\/\/libreriahistoriasdebolsillo.com\/index.php\/producto\/la-caida\/","title":{"rendered":"La ca\u00edda"},"content":{"rendered":"<p>En la ciudad de \u00c1msterdam, el exabogado parisino Jean-Baptiste Clamence devana ante un oyente silencioso una extra\u00f1a\u00a0<b>confesi\u00f3n<\/b>\u00a0sobre el acontecimiento que provoc\u00f3 su ca\u00edda moral. Una noche, al cruzar el\u00a0<b>Sena<\/b>, vio a una muchacha inclinada sobre el pretil del puente. Poco despu\u00e9s, la oy\u00f3 arrojarse al agua, pero no hizo nada por socorrerla. A partir de entonces, ha convivido con\u00a0<b><i>la culpa<\/i><\/b>y ha visto c\u00f3mo sus valores se trastocan por completo. Publicada en 1956,\u00a0<i>La ca\u00edda<\/i>\u00a0es una novela de madurez en la que Albert Camus refracta a trav\u00e9s de su desgarrado protagonista un mundo que lucha con sus fantasmas y que sigue buscando la verdadera justicia.<\/p>\n","protected":false},"excerpt":{"rendered":"<p>Albert Camus<\/p>\n<p>128 p\u00e1ginas<\/p>\n","protected":false},"featured_media":7036,"template":"","meta":{"_joinchat":[]},"product_brand":[],"product_cat":[42],"product_tag":[34],"class_list":{"0":"post-7035","1":"product","2":"type-product","3":"status-publish","4":"has-post-thumbnail","6":"product_cat-literatura-clasica","7":"product_tag-penguin-random-house","9":"first","10":"outofstock","11":"shipping-taxable","12":"purchasable","13":"product-type-simple"},"_links":{"self":[{"href":"https:\/\/libreriahistoriasdebolsillo.com\/index.php\/wp-json\/wp\/v2\/product\/7035","targetHints":{"allow":["GET"]}}],"collection":[{"href":"https:\/\/libreriahistoriasdebolsillo.com\/index.php\/wp-json\/wp\/v2\/product"}],"about":[{"href":"https:\/\/libreriahistoriasdebolsillo.com\/index.php\/wp-json\/wp\/v2\/types\/product"}],"wp:featuredmedia":[{"embeddable":true,"href":"https:\/\/libreriahistoriasdebolsillo.com\/index.php\/wp-json\/wp\/v2\/media\/7036"}],"wp:attachment":[{"href":"https:\/\/libreriahistoriasdebolsillo.com\/index.php\/wp-json\/wp\/v2\/media?parent=7035"}],"wp:term":[{"taxonomy":"product_brand","embeddable":true,"href":"https:\/\/libreriahistoriasdebolsillo.com\/index.php\/wp-json\/wp\/v2\/product_brand?post=7035"},{"taxonomy":"product_cat","embeddable":true,"href":"https:\/\/libreriahistoriasdebolsillo.com\/index.php\/wp-json\/wp\/v2\/product_cat?post=7035"},{"taxonomy":"product_tag","embeddable":true,"href":"https:\/\/libreriahistoriasdebolsillo.com\/index.php\/wp-json\/wp\/v2\/product_tag?post=7035"}],"curies":[{"name":"wp","href":"https:\/\/api.w.org\/{rel}","templated":true}]}}