{"id":7046,"date":"2025-07-10T17:13:35","date_gmt":"2025-07-10T23:13:35","guid":{"rendered":"https:\/\/libreriahistoriasdebolsillo.com\/?post_type=product&#038;p=7046"},"modified":"2025-07-11T10:12:27","modified_gmt":"2025-07-11T16:12:27","slug":"una-breve-historia-de-casi-todo","status":"publish","type":"product","link":"https:\/\/libreriahistoriasdebolsillo.com\/index.php\/producto\/una-breve-historia-de-casi-todo\/","title":{"rendered":"Una breve historia de casi todo"},"content":{"rendered":"<p>\u00bfPuede un solo libro convertirse en la perfecta introducci\u00f3n para adentrarse en disciplinas tan dispares como la astronom\u00eda, la geolog\u00eda, la f\u00edsica, la qu\u00edmica y la biolog\u00eda?<\/p>\n<p>\u00bfPuede un trabajo de divulgaci\u00f3n cient\u00edfica ofrecer razonamientos y datos precisos, y al mismo tiempo ser tremendamente entretenido?<\/p>\n<p>\u00bfPuede una \u00fanica obra narrar la historia de los grandes descubrimientos de la ciencia y contarnos tambi\u00e9n divertidas an\u00e9cdotas relacionadas con estos extraordinarios logros y con los hombres que los alcanzaron?<\/p>\n<p>Una breve historia de casi todo es, sin lugar a dudas, ese libro y mucho m\u00e1s.<\/p>\n<p>Viajero empedernido y divulgador brillante y entusiasta, Bill Bryson nos propone un fascinante recorrido por la historia del universo que nos rodea y los conocimientos que nos han llevado a comprenderlo un poco mejor. Con una curiosidad innata, una prosa fluida y una admirable capacidad de s\u00edntesis, Bryson logra explicar en Una b reve historia de casi todo los grandes acontecimientos y las razones fundamentales que han llevado al cosmos, a nuestro planeta y a todos los seres vivos a ser como son.<\/p>\n","protected":false},"excerpt":{"rendered":"<p>Bill Bryson<br \/>\n640 p\u00e1ginas<\/p>\n","protected":false},"featured_media":7047,"template":"","meta":{"_joinchat":[]},"product_brand":[],"product_cat":[41],"product_tag":[48],"class_list":{"0":"post-7046","1":"product","2":"type-product","3":"status-publish","4":"has-post-thumbnail","6":"product_cat-desarrollo-humano","7":"product_tag-vr-editoras","9":"first","10":"instock","11":"shipping-taxable","12":"purchasable","13":"product-type-simple"},"_links":{"self":[{"href":"https:\/\/libreriahistoriasdebolsillo.com\/index.php\/wp-json\/wp\/v2\/product\/7046","targetHints":{"allow":["GET"]}}],"collection":[{"href":"https:\/\/libreriahistoriasdebolsillo.com\/index.php\/wp-json\/wp\/v2\/product"}],"about":[{"href":"https:\/\/libreriahistoriasdebolsillo.com\/index.php\/wp-json\/wp\/v2\/types\/product"}],"wp:featuredmedia":[{"embeddable":true,"href":"https:\/\/libreriahistoriasdebolsillo.com\/index.php\/wp-json\/wp\/v2\/media\/7047"}],"wp:attachment":[{"href":"https:\/\/libreriahistoriasdebolsillo.com\/index.php\/wp-json\/wp\/v2\/media?parent=7046"}],"wp:term":[{"taxonomy":"product_brand","embeddable":true,"href":"https:\/\/libreriahistoriasdebolsillo.com\/index.php\/wp-json\/wp\/v2\/product_brand?post=7046"},{"taxonomy":"product_cat","embeddable":true,"href":"https:\/\/libreriahistoriasdebolsillo.com\/index.php\/wp-json\/wp\/v2\/product_cat?post=7046"},{"taxonomy":"product_tag","embeddable":true,"href":"https:\/\/libreriahistoriasdebolsillo.com\/index.php\/wp-json\/wp\/v2\/product_tag?post=7046"}],"curies":[{"name":"wp","href":"https:\/\/api.w.org\/{rel}","templated":true}]}}