{"id":7087,"date":"2025-07-16T12:01:17","date_gmt":"2025-07-16T18:01:17","guid":{"rendered":"https:\/\/libreriahistoriasdebolsillo.com\/?post_type=product&#038;p=7087"},"modified":"2025-12-09T16:34:17","modified_gmt":"2025-12-09T22:34:17","slug":"pokemon-fuecoco-yo-te-elijo","status":"publish","type":"product","link":"https:\/\/libreriahistoriasdebolsillo.com\/index.php\/producto\/pokemon-fuecoco-yo-te-elijo\/","title":{"rendered":"Pok\u00e9mon. \u00a1Fuecoco, yo te elijo!"},"content":{"rendered":"<p><b>\u00a1\u00danete a Liko, Rod, los nuevos protagonistas de las aventuras Pok\u00e9mon y un sinf\u00edn de Pok\u00e9mon nuevos en un emocionante libro ilustrado lleno de acci\u00f3n!<\/b><\/p>\n<p>Rod sue\u00f1a con convertirse en un Entrenador Pok\u00e9mon, pero est\u00e1 atrapado y aburrido en una isla remota estudiando online. Su vida da un giro inesperado cuando conoce a un incre\u00edble Pok\u00e9mon que llega en una nave voladora&#8230; \u00a1Fuecoco!<\/p>\n<p>Rod se une a Fuecoco y a la enigm\u00e1tica tripulaci\u00f3n liderada por Capit\u00e1n Pikachu para enfrentarse a un grupo misterioso que los ataca. Cada batalla fortalece su v\u00ednculo y, a medida que pasan momentos inolvidables, Rod se da cuenta de que no est\u00e1 listo para decir adi\u00f3s a su nuevo amigo.<\/p>\n<p>\u00bfPodr\u00eda ser Fuecoco su primer compa\u00f1ero Pok\u00e9mon?<\/p>\n<p><b>\u00a1Ya esta aqu\u00ed la adaptaci\u00f3n de los episodios de la nueva serie animada Horizontes Pok\u00e9mon, estrenada en marzo de 2024! Divi\u00e9rtete como nunca y disfruta de un sinf\u00edn de ilustraciones en blanco y negro a lo largo del libro.<\/b><\/p>\n","protected":false},"excerpt":{"rendered":"<p>144 p\u00e1ginas<\/p>\n","protected":false},"featured_media":7088,"template":"","meta":{"_joinchat":[]},"product_brand":[],"product_cat":[54,52,70],"product_tag":[34],"class_list":{"0":"post-7087","1":"product","2":"type-product","3":"status-publish","4":"has-post-thumbnail","6":"product_cat-infantil","7":"product_cat-juvenil","8":"product_cat-novedades","9":"product_tag-penguin-random-house","11":"first","12":"outofstock","13":"shipping-taxable","14":"purchasable","15":"product-type-simple"},"_links":{"self":[{"href":"https:\/\/libreriahistoriasdebolsillo.com\/index.php\/wp-json\/wp\/v2\/product\/7087","targetHints":{"allow":["GET"]}}],"collection":[{"href":"https:\/\/libreriahistoriasdebolsillo.com\/index.php\/wp-json\/wp\/v2\/product"}],"about":[{"href":"https:\/\/libreriahistoriasdebolsillo.com\/index.php\/wp-json\/wp\/v2\/types\/product"}],"wp:featuredmedia":[{"embeddable":true,"href":"https:\/\/libreriahistoriasdebolsillo.com\/index.php\/wp-json\/wp\/v2\/media\/7088"}],"wp:attachment":[{"href":"https:\/\/libreriahistoriasdebolsillo.com\/index.php\/wp-json\/wp\/v2\/media?parent=7087"}],"wp:term":[{"taxonomy":"product_brand","embeddable":true,"href":"https:\/\/libreriahistoriasdebolsillo.com\/index.php\/wp-json\/wp\/v2\/product_brand?post=7087"},{"taxonomy":"product_cat","embeddable":true,"href":"https:\/\/libreriahistoriasdebolsillo.com\/index.php\/wp-json\/wp\/v2\/product_cat?post=7087"},{"taxonomy":"product_tag","embeddable":true,"href":"https:\/\/libreriahistoriasdebolsillo.com\/index.php\/wp-json\/wp\/v2\/product_tag?post=7087"}],"curies":[{"name":"wp","href":"https:\/\/api.w.org\/{rel}","templated":true}]}}