{"id":7095,"date":"2025-07-16T12:10:55","date_gmt":"2025-07-16T18:10:55","guid":{"rendered":"https:\/\/libreriahistoriasdebolsillo.com\/?post_type=product&#038;p=7095"},"modified":"2025-12-02T11:19:48","modified_gmt":"2025-12-02T17:19:48","slug":"el-rojo-duele-menos","status":"publish","type":"product","link":"https:\/\/libreriahistoriasdebolsillo.com\/index.php\/producto\/el-rojo-duele-menos\/","title":{"rendered":"El rojo duele menos"},"content":{"rendered":"<p>Gema Vadillo vuelve con El rojo duele menos , la esperad\u00edsima segunda parte de El amarillo no existe . El cierre perfecto para esta bilog\u00eda llena de espejos, amor, conspiraciones y amistad.<\/p>\n<p>Tras un a\u00f1o sin rastro de premoniciones amarillas, Zo\u00e9 descubre una cuenta atr\u00e1s enorme en el coraz\u00f3n de Berl\u00edn.<\/p>\n<p>\u00bfQu\u00e9 pasar\u00e1 cuando el contador marca 0?<\/p>\n<p>Viajar con Aaron a trav\u00e9s de espejos y dejarse llevar entre fiestas clandestinas ayuda a no pensar en el futuro\u2026 Al menos, hasta que aparece un fantasma del pasado con nombre y apellidos.<\/p>\n<p>Zo\u00e9 se adentra en un bucle de luces de ne\u00f3n mientras el nuevo Berl\u00edn se cubre de espejos. Cada herida duele m\u00e1s que la anterior, y ese ruido blanco suena familiar.<\/p>\n","protected":false},"excerpt":{"rendered":"<p>Gema Vadillo<\/p>\n","protected":false},"featured_media":7096,"template":"","meta":{"_joinchat":[]},"product_brand":[],"product_cat":[52,67],"product_tag":[34],"class_list":{"0":"post-7095","1":"product","2":"type-product","3":"status-publish","4":"has-post-thumbnail","6":"product_cat-juvenil","7":"product_cat-manga","8":"product_tag-penguin-random-house","10":"first","11":"outofstock","12":"shipping-taxable","13":"purchasable","14":"product-type-simple"},"_links":{"self":[{"href":"https:\/\/libreriahistoriasdebolsillo.com\/index.php\/wp-json\/wp\/v2\/product\/7095","targetHints":{"allow":["GET"]}}],"collection":[{"href":"https:\/\/libreriahistoriasdebolsillo.com\/index.php\/wp-json\/wp\/v2\/product"}],"about":[{"href":"https:\/\/libreriahistoriasdebolsillo.com\/index.php\/wp-json\/wp\/v2\/types\/product"}],"wp:featuredmedia":[{"embeddable":true,"href":"https:\/\/libreriahistoriasdebolsillo.com\/index.php\/wp-json\/wp\/v2\/media\/7096"}],"wp:attachment":[{"href":"https:\/\/libreriahistoriasdebolsillo.com\/index.php\/wp-json\/wp\/v2\/media?parent=7095"}],"wp:term":[{"taxonomy":"product_brand","embeddable":true,"href":"https:\/\/libreriahistoriasdebolsillo.com\/index.php\/wp-json\/wp\/v2\/product_brand?post=7095"},{"taxonomy":"product_cat","embeddable":true,"href":"https:\/\/libreriahistoriasdebolsillo.com\/index.php\/wp-json\/wp\/v2\/product_cat?post=7095"},{"taxonomy":"product_tag","embeddable":true,"href":"https:\/\/libreriahistoriasdebolsillo.com\/index.php\/wp-json\/wp\/v2\/product_tag?post=7095"}],"curies":[{"name":"wp","href":"https:\/\/api.w.org\/{rel}","templated":true}]}}