{"id":7097,"date":"2025-07-16T12:14:49","date_gmt":"2025-07-16T18:14:49","guid":{"rendered":"https:\/\/libreriahistoriasdebolsillo.com\/?post_type=product&#038;p=7097"},"modified":"2025-11-11T10:49:45","modified_gmt":"2025-11-11T16:49:45","slug":"el-ultimo-encuentro","status":"publish","type":"product","link":"https:\/\/libreriahistoriasdebolsillo.com\/index.php\/producto\/el-ultimo-encuentro\/","title":{"rendered":"El \u00faltimo encuentro"},"content":{"rendered":"<p>En un peque\u00f1o castillo de\u00a0<b>caza h\u00fangaro<\/b>\u00a0al pie de los C\u00e1rpatos, donde alguna vez se celebraron fastuosas veladas, el esplendor de anta\u00f1o se ha desvanecido y todo anuncia el final de una \u00e9poca. All\u00ed\u00a0<b>dos hombres<\/b>\u00a0se citan para cenar tras\u00a0<b>cuarenta a\u00f1os sin verse<\/b>. De j\u00f3venes fueron\u00a0<b>amigos inseparables<\/b>, pero sus caminos se bifurcaron: uno se march\u00f3 a Extremo Oriente, y el otro permaneci\u00f3 hasta hoy en su propiedad. Sin embargo, ambos han vivido a la espera de este momento, pues entre ellos se interpone<b>un secreto<\/b>\u00a0de una fuerza singular. Todo converge en un duelo sin armas, aunque tal vez mucho m\u00e1s cruel, cuyo punto en com\u00fan es el recuerdo imborrable de\u00a0<b>una mujer<\/b>.<\/p>\n","protected":false},"excerpt":{"rendered":"<p>S\u00e1ndor M\u00e1rai<br \/>\n192 p\u00e1ginas<\/p>\n","protected":false},"featured_media":7098,"template":"","meta":{"_joinchat":[]},"product_brand":[],"product_cat":[33,70],"product_tag":[34],"class_list":{"0":"post-7097","1":"product","2":"type-product","3":"status-publish","4":"has-post-thumbnail","6":"product_cat-ficcion-general","7":"product_cat-novedades","8":"product_tag-penguin-random-house","10":"first","11":"outofstock","12":"shipping-taxable","13":"purchasable","14":"product-type-simple"},"_links":{"self":[{"href":"https:\/\/libreriahistoriasdebolsillo.com\/index.php\/wp-json\/wp\/v2\/product\/7097","targetHints":{"allow":["GET"]}}],"collection":[{"href":"https:\/\/libreriahistoriasdebolsillo.com\/index.php\/wp-json\/wp\/v2\/product"}],"about":[{"href":"https:\/\/libreriahistoriasdebolsillo.com\/index.php\/wp-json\/wp\/v2\/types\/product"}],"wp:featuredmedia":[{"embeddable":true,"href":"https:\/\/libreriahistoriasdebolsillo.com\/index.php\/wp-json\/wp\/v2\/media\/7098"}],"wp:attachment":[{"href":"https:\/\/libreriahistoriasdebolsillo.com\/index.php\/wp-json\/wp\/v2\/media?parent=7097"}],"wp:term":[{"taxonomy":"product_brand","embeddable":true,"href":"https:\/\/libreriahistoriasdebolsillo.com\/index.php\/wp-json\/wp\/v2\/product_brand?post=7097"},{"taxonomy":"product_cat","embeddable":true,"href":"https:\/\/libreriahistoriasdebolsillo.com\/index.php\/wp-json\/wp\/v2\/product_cat?post=7097"},{"taxonomy":"product_tag","embeddable":true,"href":"https:\/\/libreriahistoriasdebolsillo.com\/index.php\/wp-json\/wp\/v2\/product_tag?post=7097"}],"curies":[{"name":"wp","href":"https:\/\/api.w.org\/{rel}","templated":true}]}}