{"id":7107,"date":"2025-07-16T12:29:21","date_gmt":"2025-07-16T18:29:21","guid":{"rendered":"https:\/\/libreriahistoriasdebolsillo.com\/?post_type=product&#038;p=7107"},"modified":"2025-07-16T16:36:02","modified_gmt":"2025-07-16T22:36:02","slug":"tumbas-de-sangre","status":"publish","type":"product","link":"https:\/\/libreriahistoriasdebolsillo.com\/index.php\/producto\/tumbas-de-sangre\/","title":{"rendered":"Tumbas de sangre"},"content":{"rendered":"<p><b>Miner\u00edas es un pueblo<\/b>\u00a0<b>tranquilo y aburrido donde nunca<\/b>\u00a0<b>pasa nada. Pero ahora, con la reapertura<\/b>\u00a0<b>de sus minas, que estuvieron abandonadas<\/b>\u00a0<b>desde el espantoso derrumbe de 1937,<\/b>\u00a0<b>pareciera como si algo oscuro y perverso<\/b>\u00a0<b>hubiera despertado desde lo m\u00e1s profundo<\/b>\u00a0<b>de sus entra\u00f1as, trayendo consigo cosas<\/b>\u00a0<b>aterradoras: los habitantes y trabajadores<\/b>\u00a0<b>reci\u00e9n llegados empiezan a desaparecer,<\/b>\u00a0<b>y d\u00edas despu\u00e9s aparecen asesinados<\/b>\u00a0<b>de manera brutal&#8230;<\/p>\n<p><\/b><\/p>\n<p>El renacer del pueblo se convertir\u00e1 en una pesadilla para\u00a0<b>Yesenia \u201cMiss<\/b>\u00a0<b>Guanajuato\u201d<\/b>\u00a0<b>Garc\u00eda<\/b>, la joven y deshonrada inspectora de la polic\u00eda municipal. La serie de\u00a0<b>horrendos homicidios<\/b>\u00a0ser\u00e1 la prueba profesional m\u00e1s exigente de su carrera y, con la necesidad de crear alianzas con quien menos lo imagin\u00f3, la\u00a0<b>investigaci\u00f3n<\/b>\u00a0se convertir\u00e1 en una carrera contrarreloj para resolver el misterio antes de que Miner\u00edas colapse y se convierta, de nueva cuenta, en\u00a0<b>un pueblo<\/b>\u00a0<b>fantasma<\/b>\u00a0lleno de tumbas de sangre.<\/p>\n","protected":false},"excerpt":{"rendered":"<p>Xavier M. Sotelo<\/p>\n<p>352 p\u00e1ginas<\/p>\n","protected":false},"featured_media":7108,"template":"","meta":{"_joinchat":[]},"product_brand":[],"product_cat":[39,70,36],"product_tag":[34],"class_list":{"0":"post-7107","1":"product","2":"type-product","3":"status-publish","4":"has-post-thumbnail","6":"product_cat-fantasia","7":"product_cat-novedades","8":"product_cat-terror-y-paranormal","9":"product_tag-penguin-random-house","11":"first","12":"instock","13":"shipping-taxable","14":"purchasable","15":"product-type-simple"},"_links":{"self":[{"href":"https:\/\/libreriahistoriasdebolsillo.com\/index.php\/wp-json\/wp\/v2\/product\/7107","targetHints":{"allow":["GET"]}}],"collection":[{"href":"https:\/\/libreriahistoriasdebolsillo.com\/index.php\/wp-json\/wp\/v2\/product"}],"about":[{"href":"https:\/\/libreriahistoriasdebolsillo.com\/index.php\/wp-json\/wp\/v2\/types\/product"}],"wp:featuredmedia":[{"embeddable":true,"href":"https:\/\/libreriahistoriasdebolsillo.com\/index.php\/wp-json\/wp\/v2\/media\/7108"}],"wp:attachment":[{"href":"https:\/\/libreriahistoriasdebolsillo.com\/index.php\/wp-json\/wp\/v2\/media?parent=7107"}],"wp:term":[{"taxonomy":"product_brand","embeddable":true,"href":"https:\/\/libreriahistoriasdebolsillo.com\/index.php\/wp-json\/wp\/v2\/product_brand?post=7107"},{"taxonomy":"product_cat","embeddable":true,"href":"https:\/\/libreriahistoriasdebolsillo.com\/index.php\/wp-json\/wp\/v2\/product_cat?post=7107"},{"taxonomy":"product_tag","embeddable":true,"href":"https:\/\/libreriahistoriasdebolsillo.com\/index.php\/wp-json\/wp\/v2\/product_tag?post=7107"}],"curies":[{"name":"wp","href":"https:\/\/api.w.org\/{rel}","templated":true}]}}