{"id":7122,"date":"2025-07-16T12:46:31","date_gmt":"2025-07-16T18:46:31","guid":{"rendered":"https:\/\/libreriahistoriasdebolsillo.com\/?post_type=product&#038;p=7122"},"modified":"2025-12-17T14:36:17","modified_gmt":"2025-12-17T20:36:17","slug":"despierta-que-la-vida-sigue-2","status":"publish","type":"product","link":"https:\/\/libreriahistoriasdebolsillo.com\/index.php\/producto\/despierta-que-la-vida-sigue-2\/","title":{"rendered":"\u00a1Despierta!&#8230; Que la vida sigue"},"content":{"rendered":"<p><b>Encuentra en estas p\u00e1ginas una<\/b>\u00a0<b>motivaci\u00f3n extraordinaria para<\/b>\u00a0<b>enfocarte en tus fortalezas y as\u00ed tener<\/b>\u00a0<b>una existencia siempre productiva<\/b>\u00a0<b>y maravillosa.<\/b><\/p>\n<p>La ma\u00f1ana tiene un\u00a0<b>brillo especial<\/b>\u00a0y es s\u00f3lo para ti. El rumor de la ciudad, la alegr\u00eda del paisaje y e l canto de los p\u00e1jarossurgen para darte las\u00a0<b>claves de la fe<\/b><b>licidad<\/b>. Los errores del pasado son s\u00f3lo una lecci\u00f3n de vida, una\u00a0<b>herramienta<\/b>\u00a0para la superaci\u00f3n personal; todo se acomoda para que seas feliz, para perdonar y amar, para\u00a0<b>entregarte con pasi\u00f3n<\/b>\u00a0y sinceridad a lo que m\u00e1s cari\u00f1o le tienes en la vida.<\/p>\n<p><i><b>\u00a1<\/b><\/i><i><b>Despierta!<\/b><\/i><i><b>&#8230;<\/b><\/i><i><b>que la vida sigue<\/b><\/i>\u00a0te demuestra que la transformaci\u00f3n espiritual para ser una persona m\u00e1s sana y llena de energ\u00eda est\u00e1 en ti, en\u00a0<b>tus decisiones<\/b>\u00a0y en el trabajo permanente de tus h\u00e1bitos para lograr una visi\u00f3n clara y positiva de la vida. Con amenas y profundas reflexiones, con\u00a0<b>an\u00e9cdotas graciosas<\/b>\u00a0y cap\u00edtulos reveladores dedicados al\u00a0<b>dolor<\/b>, la esperanza, el gusto por compartir, los sue\u00f1os y el entusiasmo, el doctor C\u00e9sar Lozano te brinda los secretos para tener un verdadero despertar interior y as\u00ed alcanzar\u00a0<b>la<\/b>\u00a0<b>plenitud<\/b>.<\/p>\n","protected":false},"excerpt":{"rendered":"<p>Cesar Lozano<\/p>\n<p>136 p\u00e1ginas<\/p>\n","protected":false},"featured_media":7123,"template":"","meta":{"_joinchat":[]},"product_brand":[],"product_cat":[58,41,51],"product_tag":[34],"class_list":{"0":"post-7122","1":"product","2":"type-product","3":"status-publish","4":"has-post-thumbnail","6":"product_cat-desarrollo-humano-y-superacion","7":"product_cat-desarrollo-humano","8":"product_cat-oferta","9":"product_tag-penguin-random-house","11":"first","12":"outofstock","13":"shipping-taxable","14":"purchasable","15":"product-type-simple"},"_links":{"self":[{"href":"https:\/\/libreriahistoriasdebolsillo.com\/index.php\/wp-json\/wp\/v2\/product\/7122","targetHints":{"allow":["GET"]}}],"collection":[{"href":"https:\/\/libreriahistoriasdebolsillo.com\/index.php\/wp-json\/wp\/v2\/product"}],"about":[{"href":"https:\/\/libreriahistoriasdebolsillo.com\/index.php\/wp-json\/wp\/v2\/types\/product"}],"wp:featuredmedia":[{"embeddable":true,"href":"https:\/\/libreriahistoriasdebolsillo.com\/index.php\/wp-json\/wp\/v2\/media\/7123"}],"wp:attachment":[{"href":"https:\/\/libreriahistoriasdebolsillo.com\/index.php\/wp-json\/wp\/v2\/media?parent=7122"}],"wp:term":[{"taxonomy":"product_brand","embeddable":true,"href":"https:\/\/libreriahistoriasdebolsillo.com\/index.php\/wp-json\/wp\/v2\/product_brand?post=7122"},{"taxonomy":"product_cat","embeddable":true,"href":"https:\/\/libreriahistoriasdebolsillo.com\/index.php\/wp-json\/wp\/v2\/product_cat?post=7122"},{"taxonomy":"product_tag","embeddable":true,"href":"https:\/\/libreriahistoriasdebolsillo.com\/index.php\/wp-json\/wp\/v2\/product_tag?post=7122"}],"curies":[{"name":"wp","href":"https:\/\/api.w.org\/{rel}","templated":true}]}}