{"id":7128,"date":"2025-07-16T12:52:42","date_gmt":"2025-07-16T18:52:42","guid":{"rendered":"https:\/\/libreriahistoriasdebolsillo.com\/?post_type=product&#038;p=7128"},"modified":"2025-11-11T10:51:08","modified_gmt":"2025-11-11T16:51:08","slug":"sustancias-incompletas","status":"publish","type":"product","link":"https:\/\/libreriahistoriasdebolsillo.com\/index.php\/producto\/sustancias-incompletas\/","title":{"rendered":"Sustancias incompletas"},"content":{"rendered":"<p>Un sorbo amargo, latidos descompasados, la presencia inminente de la\u00a0<b>emoci\u00f3n<\/b>\u00a0y el miedo.\u00a0<b>Marion y Paris<\/b>: una pareja joven que se expone de continuo a\u00a0<b>transgresiones<\/b>\u00a0en la b\u00fasqueda de\u00a0<b>experiencias extremas<\/b>. Narcotizados por las sensaciones que les regala\u00a0<b>la qu\u00edmica<\/b>\u00a0de sus cuerpos puestos al l\u00edmite, se desenvolver\u00e1n en una\u00a0<b>atm\u00f3sfera nebulos<\/b>a que los llevar\u00e1 a crear una complicidad perversa e irrenunciable. Sin remedio, su futuro cambiar\u00e1 y los empujar\u00e1 por escenarios llenos de los m\u00e1s bajos instintos del ser humano.\u00a0<i><b>Sustancias incompletas<\/b><\/i>\u00a0es una novela que nos muestra la voluntad o la energ\u00eda detr\u00e1s de\u00a0<b>nuestras decisiones<\/b>\u00a0y revela c\u00f3mo eso sucede en ocasiones por el seductor efecto de la\u00a0<b>adrenalina<\/b>, y en otras, por el inevitable efecto del infortunio.<\/p>\n","protected":false},"excerpt":{"rendered":"<p>Giovanna Reni<br \/>\n320 p\u00e1ginas<\/p>\n","protected":false},"featured_media":7129,"template":"","meta":{"_joinchat":[]},"product_brand":[],"product_cat":[33,70],"product_tag":[34],"class_list":{"0":"post-7128","1":"product","2":"type-product","3":"status-publish","4":"has-post-thumbnail","6":"product_cat-ficcion-general","7":"product_cat-novedades","8":"product_tag-penguin-random-house","10":"first","11":"outofstock","12":"shipping-taxable","13":"purchasable","14":"product-type-simple"},"_links":{"self":[{"href":"https:\/\/libreriahistoriasdebolsillo.com\/index.php\/wp-json\/wp\/v2\/product\/7128","targetHints":{"allow":["GET"]}}],"collection":[{"href":"https:\/\/libreriahistoriasdebolsillo.com\/index.php\/wp-json\/wp\/v2\/product"}],"about":[{"href":"https:\/\/libreriahistoriasdebolsillo.com\/index.php\/wp-json\/wp\/v2\/types\/product"}],"wp:featuredmedia":[{"embeddable":true,"href":"https:\/\/libreriahistoriasdebolsillo.com\/index.php\/wp-json\/wp\/v2\/media\/7129"}],"wp:attachment":[{"href":"https:\/\/libreriahistoriasdebolsillo.com\/index.php\/wp-json\/wp\/v2\/media?parent=7128"}],"wp:term":[{"taxonomy":"product_brand","embeddable":true,"href":"https:\/\/libreriahistoriasdebolsillo.com\/index.php\/wp-json\/wp\/v2\/product_brand?post=7128"},{"taxonomy":"product_cat","embeddable":true,"href":"https:\/\/libreriahistoriasdebolsillo.com\/index.php\/wp-json\/wp\/v2\/product_cat?post=7128"},{"taxonomy":"product_tag","embeddable":true,"href":"https:\/\/libreriahistoriasdebolsillo.com\/index.php\/wp-json\/wp\/v2\/product_tag?post=7128"}],"curies":[{"name":"wp","href":"https:\/\/api.w.org\/{rel}","templated":true}]}}