{"id":7145,"date":"2025-07-22T16:46:22","date_gmt":"2025-07-22T22:46:22","guid":{"rendered":"https:\/\/libreriahistoriasdebolsillo.com\/?post_type=product&#038;p=7145"},"modified":"2026-02-28T10:44:02","modified_gmt":"2026-02-28T16:44:02","slug":"strange-pictures","status":"publish","type":"product","link":"https:\/\/libreriahistoriasdebolsillo.com\/index.php\/producto\/strange-pictures\/","title":{"rendered":"Strange pictures"},"content":{"rendered":"<div class=\"justify\">\n<p><b>EL FEN\u00d3MENO DE MISTERIO QUE ARRASA EN JAP\u00d3N.<\/b><br \/>\n<b>M\u00e1s de tres millones de lectores en Jap\u00f3n.<\/b><br \/>\n<b>Traducido a m\u00e1s de treinta idiomas.<\/b><\/p>\n<p><b>\u00bfUn dibujo puede ser suficiente para descubrir a un asesino?<\/b><\/p>\n<\/div>\n<div class=\"justify\">\n<p>Una mujer embarazada, un ni\u00f1o, una casa, un paisaje dibujado por la v\u00edctima de un asesinato en su agon\u00eda final&#8230; El descubrimiento de nueve im\u00e1genes extra\u00f1as, relacionadas con cr\u00edmenes del pasado, conduce a una \u00fanica verdad escalofriante. El lector se sentir\u00e1 como un detective desentra\u00f1ando p\u00e1gina a p\u00e1gina el hilo com\u00fan que las une a todas.<\/p>\n<p><i>Strange<\/i>\u00a0<i>Pictures<\/i>\u00a0es la primera novela publicada en espa\u00f1ol de Uketsu, una enigm\u00e1tica figura surgida de las profundidades de internet y que se ha convertido de la noche a la ma\u00f1ana en uno de los nombres m\u00e1s relevantes del panorama literario japon\u00e9s. Con sus historias, Uketsu ha transformado para siempre las reglas de los g\u00e9neros de terror y de misterio.<\/p>\n<\/div>\n","protected":false},"excerpt":{"rendered":"<p>Uketsu<br \/>\n288 p\u00e1ginas<\/p>\n","protected":false},"featured_media":7146,"template":"","meta":{"_joinchat":[]},"product_brand":[],"product_cat":[37,70],"product_tag":[34],"class_list":{"0":"post-7145","1":"product","2":"type-product","3":"status-publish","4":"has-post-thumbnail","6":"product_cat-misterio-y-thriller","7":"product_cat-novedades","8":"product_tag-penguin-random-house","10":"first","11":"outofstock","12":"shipping-taxable","13":"purchasable","14":"product-type-simple"},"_links":{"self":[{"href":"https:\/\/libreriahistoriasdebolsillo.com\/index.php\/wp-json\/wp\/v2\/product\/7145","targetHints":{"allow":["GET"]}}],"collection":[{"href":"https:\/\/libreriahistoriasdebolsillo.com\/index.php\/wp-json\/wp\/v2\/product"}],"about":[{"href":"https:\/\/libreriahistoriasdebolsillo.com\/index.php\/wp-json\/wp\/v2\/types\/product"}],"wp:featuredmedia":[{"embeddable":true,"href":"https:\/\/libreriahistoriasdebolsillo.com\/index.php\/wp-json\/wp\/v2\/media\/7146"}],"wp:attachment":[{"href":"https:\/\/libreriahistoriasdebolsillo.com\/index.php\/wp-json\/wp\/v2\/media?parent=7145"}],"wp:term":[{"taxonomy":"product_brand","embeddable":true,"href":"https:\/\/libreriahistoriasdebolsillo.com\/index.php\/wp-json\/wp\/v2\/product_brand?post=7145"},{"taxonomy":"product_cat","embeddable":true,"href":"https:\/\/libreriahistoriasdebolsillo.com\/index.php\/wp-json\/wp\/v2\/product_cat?post=7145"},{"taxonomy":"product_tag","embeddable":true,"href":"https:\/\/libreriahistoriasdebolsillo.com\/index.php\/wp-json\/wp\/v2\/product_tag?post=7145"}],"curies":[{"name":"wp","href":"https:\/\/api.w.org\/{rel}","templated":true}]}}