{"id":7149,"date":"2025-07-22T16:50:57","date_gmt":"2025-07-22T22:50:57","guid":{"rendered":"https:\/\/libreriahistoriasdebolsillo.com\/?post_type=product&#038;p=7149"},"modified":"2025-11-21T13:09:49","modified_gmt":"2025-11-21T19:09:49","slug":"la-ultima-noche-en-tremore-beach","status":"publish","type":"product","link":"https:\/\/libreriahistoriasdebolsillo.com\/index.php\/producto\/la-ultima-noche-en-tremore-beach\/","title":{"rendered":"La \u00faltima noche en Tremore Beach"},"content":{"rendered":"<div class=\"justify\">\n<p><b>EL LIBRO EN EL QUE SE BASA LA SERIE DE NETFLIX: LA \u00daLTIMA NOCHE EN TREMOR.<\/b><\/p>\n<p><b>La primera novela de Mikel Santiago, el autor de la trilog\u00eda de Illumbe, que ya recomiendan m\u00e1s de 900.000 lectores.<\/b><\/p>\n<p><b>La fascinante historia de un compositor que intenta recuperar la inspiraci\u00f3n en una casa en la costa de Irlanda.<\/b><\/p>\n<p><b>Todo parece perfecto&#8230;, hasta que llega la noche de la gran tormenta.<\/b><\/p>\n<\/div>\n<div class=\"justify\">\n<p><i>Un compositor que ha perdido la inspiraci\u00f3n. Una casa aislada en una playa irlandesa. Una noche de tormenta que puede cambiarlo todo.<\/i><\/p>\n<p>Peter Harper es un prestigioso compositor de bandas sonoras que, tras un traum\u00e1tico divorcio, se refugia en un rinc\u00f3n perdido de la costa de Irlanda para recuperar la inspiraci\u00f3n. La casa de Tremore Beach, aislada en una enorme y solitaria playa, parece el lugar indicado para lograrlo.<\/p>\n<\/div>\n","protected":false},"excerpt":{"rendered":"<p>Mikel Santiago<br \/>\n400 p\u00e1ginas<\/p>\n","protected":false},"featured_media":7150,"template":"","meta":{"_joinchat":[]},"product_brand":[],"product_cat":[37,70],"product_tag":[34],"class_list":{"0":"post-7149","1":"product","2":"type-product","3":"status-publish","4":"has-post-thumbnail","6":"product_cat-misterio-y-thriller","7":"product_cat-novedades","8":"product_tag-penguin-random-house","10":"first","11":"outofstock","12":"shipping-taxable","13":"purchasable","14":"product-type-simple"},"_links":{"self":[{"href":"https:\/\/libreriahistoriasdebolsillo.com\/index.php\/wp-json\/wp\/v2\/product\/7149","targetHints":{"allow":["GET"]}}],"collection":[{"href":"https:\/\/libreriahistoriasdebolsillo.com\/index.php\/wp-json\/wp\/v2\/product"}],"about":[{"href":"https:\/\/libreriahistoriasdebolsillo.com\/index.php\/wp-json\/wp\/v2\/types\/product"}],"wp:featuredmedia":[{"embeddable":true,"href":"https:\/\/libreriahistoriasdebolsillo.com\/index.php\/wp-json\/wp\/v2\/media\/7150"}],"wp:attachment":[{"href":"https:\/\/libreriahistoriasdebolsillo.com\/index.php\/wp-json\/wp\/v2\/media?parent=7149"}],"wp:term":[{"taxonomy":"product_brand","embeddable":true,"href":"https:\/\/libreriahistoriasdebolsillo.com\/index.php\/wp-json\/wp\/v2\/product_brand?post=7149"},{"taxonomy":"product_cat","embeddable":true,"href":"https:\/\/libreriahistoriasdebolsillo.com\/index.php\/wp-json\/wp\/v2\/product_cat?post=7149"},{"taxonomy":"product_tag","embeddable":true,"href":"https:\/\/libreriahistoriasdebolsillo.com\/index.php\/wp-json\/wp\/v2\/product_tag?post=7149"}],"curies":[{"name":"wp","href":"https:\/\/api.w.org\/{rel}","templated":true}]}}