{"id":7153,"date":"2025-07-22T16:55:59","date_gmt":"2025-07-22T22:55:59","guid":{"rendered":"https:\/\/libreriahistoriasdebolsillo.com\/?post_type=product&#038;p=7153"},"modified":"2025-11-21T13:09:39","modified_gmt":"2025-11-21T19:09:39","slug":"intermezzo","status":"publish","type":"product","link":"https:\/\/libreriahistoriasdebolsillo.com\/index.php\/producto\/intermezzo\/","title":{"rendered":"Intermezzo"},"content":{"rendered":"<div class=\"justify\">\n<p><b>El<\/b>\u00a0<b>libro<\/b>\u00a0<b>m\u00e1s<\/b>\u00a0<b>esperado<\/b><b>\u00a0del<\/b>\u00a0<b>a\u00f1o<\/b><b>.<\/b><\/p>\n<p><b>La<\/b>\u00a0<b>nueva<\/b>\u00a0<b>novela<\/b><b>\u00a0de Sally Rooney, la<\/b>\u00a0<b>aclamada<\/b>\u00a0<b>autora<\/b><b>\u00a0de<\/b>\u00a0<i><b>Gente<\/b><\/i><i><b>\u00a0normal<\/b><\/i><b>.<\/b><\/p>\n<p><b>EN LA LISTA DE LOS MEJORES LIBROS DEL A\u00d1O SEG\u00daN<\/b>\u00a0<i><b>BABELIA<\/b><\/i><\/p>\n<p><b>\u00ab<\/b><i><b>Intermezzo es<\/b><\/i><b>\u00a0perfecta. \u00bf<\/b><b>Acaso<\/b>\u00a0<b>existe<\/b><b>, hoy<\/b>\u00a0<b>en<\/b><b>\u00a0d\u00eda,<\/b>\u00a0<b>una<\/b>\u00a0<b>novelista<\/b><b>\u00a0que<\/b>\u00a0<b>escriba<\/b>\u00a0<b>mejor<\/b><b>?\u00bb<\/b><b>.<\/b><\/p>\n<p><i><b>The Guardian<\/b><\/i><\/p>\n<p><b>\u00abSu<\/b>\u00a0<b>talento<\/b><b>\u00a0es<\/b>\u00a0<b>excepcional<\/b><b>\u00bb.<\/b><br \/>\n<b>Zadie Smith<\/b><\/p>\n<p><b>\u00abLas palabras son<\/b>\u00a0<b>su<\/b>\u00a0<b>superpoder<\/b><b>\u00bb.<\/b><br \/>\n<i><b>The New Yorker<\/b><\/i><\/p>\n<\/div>\n<div class=\"justify\">\n<p>A pesar de ser hermanos, Peter e Ivan Koubek tienen poco en com\u00fan.<\/p>\n<p>Peter, de treinta y pocos, es un carism\u00e1tico y renombrado abogado en Dubl\u00edn de apariencia inquebrantable. Tras la muerte de su padre, lucha por mantener bajo control su ca\u00f3tica vida personal. Se medica para poder dormir y manejar la relaci\u00f3n sentimental que mantiene con dos mujeres muy diferentes: su eterno primer amor, Sylvia, y Naomi, una estudiante universitaria que no se toma la vida muy enserio.<\/p>\n<p>Ivan, de veintid\u00f3s a\u00f1os, es un ajedrecista de car\u00e1cter reservado, r\u00edgido en su actitud y aparentemente poco emp\u00e1tico, que se ve a s\u00ed mismo como la ant\u00edtesis de su hermano mayor, al que considera superficial y hablador. Pocos d\u00edas despu\u00e9s del funeral, Ivan conocer\u00e1 a Margaret, una mujer catorce a\u00f1os mayor, y sus vidas se entrelazar\u00e1n r\u00e1pida e intensamente.<\/p>\n<p><i>Intermezzo<\/i>\u00a0es un nuevo interludio para dos hermanos afligidos y las personas que aman, un tiempo cargado de deseo y desesperaci\u00f3n, pero tambi\u00e9n de posibilidades. Una oportunidad para descubrir cu\u00e1nto puede contener una vida sin romperse.<\/p>\n<\/div>\n","protected":false},"excerpt":{"rendered":"<p>Sally Rooney<br \/>\n416 p\u00e1ginas<\/p>\n","protected":false},"featured_media":7154,"template":"","meta":{"_joinchat":[]},"product_brand":[],"product_cat":[33,70],"product_tag":[34],"class_list":{"0":"post-7153","1":"product","2":"type-product","3":"status-publish","4":"has-post-thumbnail","6":"product_cat-ficcion-general","7":"product_cat-novedades","8":"product_tag-penguin-random-house","10":"first","11":"outofstock","12":"shipping-taxable","13":"purchasable","14":"product-type-simple"},"_links":{"self":[{"href":"https:\/\/libreriahistoriasdebolsillo.com\/index.php\/wp-json\/wp\/v2\/product\/7153","targetHints":{"allow":["GET"]}}],"collection":[{"href":"https:\/\/libreriahistoriasdebolsillo.com\/index.php\/wp-json\/wp\/v2\/product"}],"about":[{"href":"https:\/\/libreriahistoriasdebolsillo.com\/index.php\/wp-json\/wp\/v2\/types\/product"}],"wp:featuredmedia":[{"embeddable":true,"href":"https:\/\/libreriahistoriasdebolsillo.com\/index.php\/wp-json\/wp\/v2\/media\/7154"}],"wp:attachment":[{"href":"https:\/\/libreriahistoriasdebolsillo.com\/index.php\/wp-json\/wp\/v2\/media?parent=7153"}],"wp:term":[{"taxonomy":"product_brand","embeddable":true,"href":"https:\/\/libreriahistoriasdebolsillo.com\/index.php\/wp-json\/wp\/v2\/product_brand?post=7153"},{"taxonomy":"product_cat","embeddable":true,"href":"https:\/\/libreriahistoriasdebolsillo.com\/index.php\/wp-json\/wp\/v2\/product_cat?post=7153"},{"taxonomy":"product_tag","embeddable":true,"href":"https:\/\/libreriahistoriasdebolsillo.com\/index.php\/wp-json\/wp\/v2\/product_tag?post=7153"}],"curies":[{"name":"wp","href":"https:\/\/api.w.org\/{rel}","templated":true}]}}