{"id":7181,"date":"2025-07-23T12:55:30","date_gmt":"2025-07-23T18:55:30","guid":{"rendered":"https:\/\/libreriahistoriasdebolsillo.com\/?post_type=product&#038;p=7181"},"modified":"2025-12-05T12:43:00","modified_gmt":"2025-12-05T18:43:00","slug":"los-diarios-secretos-de-las-hermanas-gemelas","status":"publish","type":"product","link":"https:\/\/libreriahistoriasdebolsillo.com\/index.php\/producto\/los-diarios-secretos-de-las-hermanas-gemelas\/","title":{"rendered":"Los diarios secretos de las hermanas gemelas"},"content":{"rendered":"<p>Cuando anuncian el incre\u00edble premio del concurso del D\u00eda de la Armon\u00eda, las gemelas se preparan con emoci\u00f3n para la competencia. Pero una guerra se desata cuando descubren que ambas han elegido el mismo tema. \u00bfSuperar\u00e1n su rivalidad? \u00bfPodr\u00e1n volver a ser mejores amigas? La historia alterna entre las perspectivas de Izzy y Grace, lo que permite a los lectores identificarse con distintos tipos de personalidad: la organizada vs. la impulsiva. Esta estructura tambi\u00e9n genera dinamismo y tensi\u00f3n narrativa. Situar la historia en una escuela con un evento como el D\u00eda de la Armon\u00eda le da contexto educativo y multicultural, haci\u00e9ndolo atractivo tanto para ni\u00f1os como para docentes y bibliotecas escolares. Combina comedia ligera con mensajes emocionales importantes (identidad, empat\u00eda, reconciliaci\u00f3n), manteniendo el inter\u00e9s sin ser moralizante.<\/p>\n","protected":false},"excerpt":{"rendered":"<p>Alexa Moses<br \/>\n192 p\u00e1ginas<\/p>\n","protected":false},"featured_media":7182,"template":"","meta":{"_joinchat":[]},"product_brand":[],"product_cat":[54,52,70],"product_tag":[48],"class_list":{"0":"post-7181","1":"product","2":"type-product","3":"status-publish","4":"has-post-thumbnail","6":"product_cat-infantil","7":"product_cat-juvenil","8":"product_cat-novedades","9":"product_tag-vr-editoras","11":"first","12":"instock","13":"shipping-taxable","14":"purchasable","15":"product-type-simple"},"_links":{"self":[{"href":"https:\/\/libreriahistoriasdebolsillo.com\/index.php\/wp-json\/wp\/v2\/product\/7181","targetHints":{"allow":["GET"]}}],"collection":[{"href":"https:\/\/libreriahistoriasdebolsillo.com\/index.php\/wp-json\/wp\/v2\/product"}],"about":[{"href":"https:\/\/libreriahistoriasdebolsillo.com\/index.php\/wp-json\/wp\/v2\/types\/product"}],"wp:featuredmedia":[{"embeddable":true,"href":"https:\/\/libreriahistoriasdebolsillo.com\/index.php\/wp-json\/wp\/v2\/media\/7182"}],"wp:attachment":[{"href":"https:\/\/libreriahistoriasdebolsillo.com\/index.php\/wp-json\/wp\/v2\/media?parent=7181"}],"wp:term":[{"taxonomy":"product_brand","embeddable":true,"href":"https:\/\/libreriahistoriasdebolsillo.com\/index.php\/wp-json\/wp\/v2\/product_brand?post=7181"},{"taxonomy":"product_cat","embeddable":true,"href":"https:\/\/libreriahistoriasdebolsillo.com\/index.php\/wp-json\/wp\/v2\/product_cat?post=7181"},{"taxonomy":"product_tag","embeddable":true,"href":"https:\/\/libreriahistoriasdebolsillo.com\/index.php\/wp-json\/wp\/v2\/product_tag?post=7181"}],"curies":[{"name":"wp","href":"https:\/\/api.w.org\/{rel}","templated":true}]}}