{"id":7208,"date":"2025-07-30T14:08:10","date_gmt":"2025-07-30T20:08:10","guid":{"rendered":"https:\/\/libreriahistoriasdebolsillo.com\/?post_type=product&#038;p=7208"},"modified":"2025-12-02T11:19:35","modified_gmt":"2025-12-02T17:19:35","slug":"diario-de-anne-frank","status":"publish","type":"product","link":"https:\/\/libreriahistoriasdebolsillo.com\/index.php\/producto\/diario-de-anne-frank\/","title":{"rendered":"Diario de Anne Frank (Tapa dura)"},"content":{"rendered":"<div class=\"justify\">\n<p><b>Edici\u00f3n definitiva del c\u00e9lebre\u00a0<i>Diario\u00a0<\/i>de Anne Frank. Su texto ampl\u00eda en una cuarta parte las ediciones anteriores y ofrece una visi\u00f3n completa y fidedigna de la terrible odisea vivida durante la Segunda Guerra Mundial por la familia Frank.<\/b><\/p>\n<\/div>\n<div class=\"justify\">\n<p>Tras la invasi\u00f3n de Holanda, los Frank, comerciantes jud\u00edos alemanes emigrados a Amsterdam en 1933, se ocultaron de la Gestapo en una buhardilla anexa al edificio donde el padre de Anne ten\u00eda sus oficinas. Ocho personas permanecieron recluidas desde junio de 1942 hasta agosto de 1944, fecha en que fueron detenidas y enviadas a campos de concentraci\u00f3n. Desde su escondite y en las m\u00e1s precarias condiciones, Anne, una ni\u00f1a de trece a\u00f1os, escribi\u00f3 su estremecedor\u00a0<i>Diario<\/i>: un testimonio \u00fanico en su g\u00e9nero sobre el horror y la barbarie nazi, y sobre los sentimientos y experiencias de la propia Anne y sus acompa\u00f1antes. Anne muri\u00f3 en el campo de Bergen-Belsen en marzo de 1945. Su\u00a0<i>Diario\u00a0<\/i>nunca morir\u00e1.<\/p>\n<\/div>\n","protected":false},"excerpt":{"rendered":"<p>Anne Frank<br \/>\n400 p\u00e1ginas<\/p>\n","protected":false},"featured_media":7209,"template":"","meta":{"_joinchat":[]},"product_brand":[],"product_cat":[42],"product_tag":[34],"class_list":{"0":"post-7208","1":"product","2":"type-product","3":"status-publish","4":"has-post-thumbnail","6":"product_cat-literatura-clasica","7":"product_tag-penguin-random-house","9":"first","10":"outofstock","11":"shipping-taxable","12":"purchasable","13":"product-type-simple"},"_links":{"self":[{"href":"https:\/\/libreriahistoriasdebolsillo.com\/index.php\/wp-json\/wp\/v2\/product\/7208","targetHints":{"allow":["GET"]}}],"collection":[{"href":"https:\/\/libreriahistoriasdebolsillo.com\/index.php\/wp-json\/wp\/v2\/product"}],"about":[{"href":"https:\/\/libreriahistoriasdebolsillo.com\/index.php\/wp-json\/wp\/v2\/types\/product"}],"wp:featuredmedia":[{"embeddable":true,"href":"https:\/\/libreriahistoriasdebolsillo.com\/index.php\/wp-json\/wp\/v2\/media\/7209"}],"wp:attachment":[{"href":"https:\/\/libreriahistoriasdebolsillo.com\/index.php\/wp-json\/wp\/v2\/media?parent=7208"}],"wp:term":[{"taxonomy":"product_brand","embeddable":true,"href":"https:\/\/libreriahistoriasdebolsillo.com\/index.php\/wp-json\/wp\/v2\/product_brand?post=7208"},{"taxonomy":"product_cat","embeddable":true,"href":"https:\/\/libreriahistoriasdebolsillo.com\/index.php\/wp-json\/wp\/v2\/product_cat?post=7208"},{"taxonomy":"product_tag","embeddable":true,"href":"https:\/\/libreriahistoriasdebolsillo.com\/index.php\/wp-json\/wp\/v2\/product_tag?post=7208"}],"curies":[{"name":"wp","href":"https:\/\/api.w.org\/{rel}","templated":true}]}}