{"id":7217,"date":"2025-07-30T14:18:04","date_gmt":"2025-07-30T20:18:04","guid":{"rendered":"https:\/\/libreriahistoriasdebolsillo.com\/?post_type=product&#038;p=7217"},"modified":"2025-12-27T18:41:46","modified_gmt":"2025-12-28T00:41:46","slug":"fahrenheit-451-edicion-conmemorativa-en-tapa-dura","status":"publish","type":"product","link":"https:\/\/libreriahistoriasdebolsillo.com\/index.php\/producto\/fahrenheit-451-edicion-conmemorativa-en-tapa-dura\/","title":{"rendered":"Fahrenheit 451 (Edici\u00f3n conmemorativa en tapa dura)"},"content":{"rendered":"<div class=\"justify\">\n<p><b>La cl\u00e1sica distop\u00eda sobre los peligros del populismo y el conformismo, en una nueva traducci\u00f3n que capta toda la fuerza del original.<\/b><\/p>\n<\/div>\n<div class=\"justify\">\n<p>En un futuro sombr\u00edo y turbador, Montag forma parte de una extra\u00f1a brigada de bomberos cuya misi\u00f3n no es sofocar incendios, sino producirlos para quemar libros. Y es que en su mundo est\u00e1 prohibido leer, porque lo que se quiere suprimir es la capacidad de pensar. Una vez que Montag lo comprenda, alertado por una organizaci\u00f3n secreta dedicada a memorizar vol\u00famenes enteros, sabr\u00e1 que ha llegado el momento de elegir entre la obediencia y la rebeld\u00eda. En esta nueva traducci\u00f3n, que captura mejor que<\/p>\n<p>nunca toda la fuerza del original, la cl\u00e1sica distop\u00eda de Ray Bradbury sigue alert\u00e1ndonos sobre las peores facetas del conformismo moderno.<\/p>\n<\/div>\n","protected":false},"excerpt":{"rendered":"<p>Ray Bradbury<br \/>\n192 p\u00e1ginas<\/p>\n","protected":false},"featured_media":7218,"template":"","meta":{"_joinchat":[]},"product_brand":[],"product_cat":[40,72,42,70],"product_tag":[34],"class_list":{"0":"post-7217","1":"product","2":"type-product","3":"status-publish","4":"has-post-thumbnail","6":"product_cat-ciencia-ficcion","7":"product_cat-distopico","8":"product_cat-literatura-clasica","9":"product_cat-novedades","10":"product_tag-penguin-random-house","12":"first","13":"outofstock","14":"shipping-taxable","15":"purchasable","16":"product-type-simple"},"_links":{"self":[{"href":"https:\/\/libreriahistoriasdebolsillo.com\/index.php\/wp-json\/wp\/v2\/product\/7217","targetHints":{"allow":["GET"]}}],"collection":[{"href":"https:\/\/libreriahistoriasdebolsillo.com\/index.php\/wp-json\/wp\/v2\/product"}],"about":[{"href":"https:\/\/libreriahistoriasdebolsillo.com\/index.php\/wp-json\/wp\/v2\/types\/product"}],"wp:featuredmedia":[{"embeddable":true,"href":"https:\/\/libreriahistoriasdebolsillo.com\/index.php\/wp-json\/wp\/v2\/media\/7218"}],"wp:attachment":[{"href":"https:\/\/libreriahistoriasdebolsillo.com\/index.php\/wp-json\/wp\/v2\/media?parent=7217"}],"wp:term":[{"taxonomy":"product_brand","embeddable":true,"href":"https:\/\/libreriahistoriasdebolsillo.com\/index.php\/wp-json\/wp\/v2\/product_brand?post=7217"},{"taxonomy":"product_cat","embeddable":true,"href":"https:\/\/libreriahistoriasdebolsillo.com\/index.php\/wp-json\/wp\/v2\/product_cat?post=7217"},{"taxonomy":"product_tag","embeddable":true,"href":"https:\/\/libreriahistoriasdebolsillo.com\/index.php\/wp-json\/wp\/v2\/product_tag?post=7217"}],"curies":[{"name":"wp","href":"https:\/\/api.w.org\/{rel}","templated":true}]}}