{"id":7259,"date":"2025-08-04T12:06:53","date_gmt":"2025-08-04T18:06:53","guid":{"rendered":"https:\/\/libreriahistoriasdebolsillo.com\/?post_type=product&#038;p=7259"},"modified":"2025-12-08T13:57:16","modified_gmt":"2025-12-08T19:57:16","slug":"el-extrano-caso-del-doctor-jekyll-y-el-senor-hyde","status":"publish","type":"product","link":"https:\/\/libreriahistoriasdebolsillo.com\/index.php\/producto\/el-extrano-caso-del-doctor-jekyll-y-el-senor-hyde\/","title":{"rendered":"El extra\u00f1o caso del doctor Jekyll y el se\u00f1or Hyde Ed. limitada"},"content":{"rendered":"<div class=\"justify\">\n<p>Edici\u00f3n especial de la gran f\u00e1bula sobre la doble personalidad que fascin\u00f3 a la Inglaterra victoriana y no ha dejado de interpelarnos desde entonces.<\/p>\n<p><b>Edici\u00f3n especial de la gran f\u00e1bula sobre la doble personalidad que fascin\u00f3 a la Inglaterra victoriana y no ha dejado de interpelarnos desde entonces<\/b>.<\/p>\n<\/div>\n<div class=\"justify\">\n<p>En esta historia ambientada en una Londres cubierta de niebla, Robert Louis Stevenson estudia el v\u00ednculo entre el respetable doctor Jekyll y una enigm\u00e1tica figura llamada Edward Hyde, mientras explora las bajezas de la naturaleza humana y acaba tejiendo una fascinante trama de misterio en torno a la b\u00fasqueda de un asesino. El extra\u00f1o caso del doctor Jekyll y el se\u00f1or Hyde dio carta de naturaleza a la idea de la doble personalidad, y cre\u00f3 uno de los grandes mitos de la literatura victoriana, que resuena como nunca en espa\u00f1ol en la estupenda traducci\u00f3n de Miguel Temprano Garc\u00eda.<\/p>\n<\/div>\n","protected":false},"excerpt":{"rendered":"<p>Robert Louis Stevenson<br \/>\n128 p\u00e1ginas<\/p>\n","protected":false},"featured_media":7260,"template":"","meta":{"_joinchat":[]},"product_brand":[],"product_cat":[42],"product_tag":[34],"class_list":{"0":"post-7259","1":"product","2":"type-product","3":"status-publish","4":"has-post-thumbnail","6":"product_cat-literatura-clasica","7":"product_tag-penguin-random-house","9":"first","10":"outofstock","11":"shipping-taxable","12":"purchasable","13":"product-type-simple"},"_links":{"self":[{"href":"https:\/\/libreriahistoriasdebolsillo.com\/index.php\/wp-json\/wp\/v2\/product\/7259","targetHints":{"allow":["GET"]}}],"collection":[{"href":"https:\/\/libreriahistoriasdebolsillo.com\/index.php\/wp-json\/wp\/v2\/product"}],"about":[{"href":"https:\/\/libreriahistoriasdebolsillo.com\/index.php\/wp-json\/wp\/v2\/types\/product"}],"wp:featuredmedia":[{"embeddable":true,"href":"https:\/\/libreriahistoriasdebolsillo.com\/index.php\/wp-json\/wp\/v2\/media\/7260"}],"wp:attachment":[{"href":"https:\/\/libreriahistoriasdebolsillo.com\/index.php\/wp-json\/wp\/v2\/media?parent=7259"}],"wp:term":[{"taxonomy":"product_brand","embeddable":true,"href":"https:\/\/libreriahistoriasdebolsillo.com\/index.php\/wp-json\/wp\/v2\/product_brand?post=7259"},{"taxonomy":"product_cat","embeddable":true,"href":"https:\/\/libreriahistoriasdebolsillo.com\/index.php\/wp-json\/wp\/v2\/product_cat?post=7259"},{"taxonomy":"product_tag","embeddable":true,"href":"https:\/\/libreriahistoriasdebolsillo.com\/index.php\/wp-json\/wp\/v2\/product_tag?post=7259"}],"curies":[{"name":"wp","href":"https:\/\/api.w.org\/{rel}","templated":true}]}}