{"id":7261,"date":"2025-08-04T12:09:06","date_gmt":"2025-08-04T18:09:06","guid":{"rendered":"https:\/\/libreriahistoriasdebolsillo.com\/?post_type=product&#038;p=7261"},"modified":"2026-03-14T11:51:34","modified_gmt":"2026-03-14T17:51:34","slug":"el-retrato-de-dorian-gray","status":"publish","type":"product","link":"https:\/\/libreriahistoriasdebolsillo.com\/index.php\/producto\/el-retrato-de-dorian-gray\/","title":{"rendered":"El retrato de Dorian Gray Ed. limitada"},"content":{"rendered":"<div class=\"justify\">\n<p>Una cuidada edici\u00f3n de todo un cl\u00e1sico de la novela g\u00f3tica y universal<\/p>\n<p>Introducci\u00f3n de Robert Mighall, escritor y periodista en The Times<\/p>\n<p>Traducci\u00f3n de Alejandro Palomas<\/p>\n<\/div>\n<div class=\"justify\">\n<p>Basil Hallward hab\u00eda terminado el retrato. El joven Dorian, al verlo, no pudo m\u00e1s que desear, desde su fr\u00edvola inocencia, que fuera su imagen la que envejeciera y se corrompiera con el paso de los a\u00f1os mientras \u00e9l permanec\u00eda intacto. Y as\u00ed fue: a partir de entonces, Dorian Gray conserv\u00f3 no solo la lozan\u00eda y la hermosura propias de la juventud, sino el aspecto puro de los inocentes. Pero \u00bfa qu\u00e9 precio?<\/p>\n<p>El retrato de Dorian Gray es un logro insoslayable de la literatura universal, vertido aqu\u00ed magn\u00edficamente por el escritor y traductor Alejandro Palomas. Asimismo, el presente volumen adiciona un espl\u00e9ndido estudio introductorio, firmado por el reputado investigador y autor Robert Mighall.<\/p>\n<\/div>\n","protected":false},"excerpt":{"rendered":"<p>Oscar Wilde<br \/>\n272 p\u00e1ginas<\/p>\n","protected":false},"featured_media":7262,"template":"","meta":{"_joinchat":[]},"product_brand":[],"product_cat":[42],"product_tag":[34],"class_list":{"0":"post-7261","1":"product","2":"type-product","3":"status-publish","4":"has-post-thumbnail","6":"product_cat-literatura-clasica","7":"product_tag-penguin-random-house","9":"first","10":"outofstock","11":"shipping-taxable","12":"purchasable","13":"product-type-simple"},"_links":{"self":[{"href":"https:\/\/libreriahistoriasdebolsillo.com\/index.php\/wp-json\/wp\/v2\/product\/7261","targetHints":{"allow":["GET"]}}],"collection":[{"href":"https:\/\/libreriahistoriasdebolsillo.com\/index.php\/wp-json\/wp\/v2\/product"}],"about":[{"href":"https:\/\/libreriahistoriasdebolsillo.com\/index.php\/wp-json\/wp\/v2\/types\/product"}],"wp:featuredmedia":[{"embeddable":true,"href":"https:\/\/libreriahistoriasdebolsillo.com\/index.php\/wp-json\/wp\/v2\/media\/7262"}],"wp:attachment":[{"href":"https:\/\/libreriahistoriasdebolsillo.com\/index.php\/wp-json\/wp\/v2\/media?parent=7261"}],"wp:term":[{"taxonomy":"product_brand","embeddable":true,"href":"https:\/\/libreriahistoriasdebolsillo.com\/index.php\/wp-json\/wp\/v2\/product_brand?post=7261"},{"taxonomy":"product_cat","embeddable":true,"href":"https:\/\/libreriahistoriasdebolsillo.com\/index.php\/wp-json\/wp\/v2\/product_cat?post=7261"},{"taxonomy":"product_tag","embeddable":true,"href":"https:\/\/libreriahistoriasdebolsillo.com\/index.php\/wp-json\/wp\/v2\/product_tag?post=7261"}],"curies":[{"name":"wp","href":"https:\/\/api.w.org\/{rel}","templated":true}]}}