{"id":7271,"date":"2025-08-04T12:25:47","date_gmt":"2025-08-04T18:25:47","guid":{"rendered":"https:\/\/libreriahistoriasdebolsillo.com\/?post_type=product&#038;p=7271"},"modified":"2025-08-04T12:25:47","modified_gmt":"2025-08-04T18:25:47","slug":"alicia-en-el-pais-de-las-maravillas-a-traves-del-espejo-la-caza-del-snark","status":"publish","type":"product","link":"https:\/\/libreriahistoriasdebolsillo.com\/index.php\/producto\/alicia-en-el-pais-de-las-maravillas-a-traves-del-espejo-la-caza-del-snark\/","title":{"rendered":"Alicia en el pa\u00eds de las maravillas | A trav\u00e9s del espejo | La caza del Snark"},"content":{"rendered":"<div class=\"justify\">\n<p><b>Los mejores libros jam\u00e1s escritos.<\/b><\/p>\n<p><b>Una obra maestra de la literatura infantil que es tambi\u00e9n un sensacional asalto a la l\u00f3gica de los adultos.<\/b><\/p>\n<\/div>\n<div class=\"justify\">\n<p><b>\u00abHe visto a menudo a un gato sin sonrisa -pens\u00f3 Alicia-, \u00a1pero no una sonrisa sin gato! \u00a1Es la cosa m\u00e1s curiosa que he visto en mi vida!\u00bb<\/b><\/p>\n<p>Maestro del \u00abnonsense\u00bb, Lewis Carroll traspas\u00f3 en estos textos el umbral que separa la realidad del sue\u00f1o y se adentr\u00f3 en un territorio sin leyes ni normas donde todo es posible. Alicia, los estramb\u00f3ticos personajes del Pa\u00eds de las Maravillas, los del otro lado del espejo y los pertenecientes a la tripulaci\u00f3n en batida contra el Snark ponen as\u00ed en entredicho todos y cada uno de los postulados l\u00f3gicos en los que se basa el mundo en que vivimos.<\/p>\n<p>Acompa\u00f1ado de las ilustraciones originales de John Tenniel, el presente volumen recoge las formidables traducciones de Luis Maristany, uno de los m\u00e1s consagrados expertos en la obra de Carroll que ha habido en nuestra lengua. A modo de ap\u00e9ndice, adem\u00e1s, se incluye una selecci\u00f3n de cartas del autor y un pormenorizado estudio de Nina Auerbach, catedr\u00e1tica em\u00e9rita en la Universidad de Pennsylvania y reconocida especialista en literatura inglesa decimon\u00f3nica.<\/p>\n<p>Maestro del sinsentido literario, Lewis Carroll traspas\u00f3 en estos textos el umbral que separa la realidad del sue\u00f1o y se adentr\u00f3 en un territorio sin leyes ni normas donde todo es posible. Alicia, los estramb\u00f3ticos personajes del Pa\u00eds de las Maravillas, los del otro lado del espejo y los pertenecientes a la tripulaci\u00f3n en batida contra el Snark ponen as\u00ed en entredicho todos y cada uno de los postulados l\u00f3gicos en los que se basa el mundo en que vivimos.<\/p>\n<p>Acompa\u00f1ado de las ilustraciones originales de John Tenniel, el presente volumen recoge las formidables traducciones de Luis Maristany, uno de los m\u00e1s consagrados expertos en la obra de Carroll que ha habido en nuestra lengua. A modo de ap\u00e9ndice, adem\u00e1s, se incluye una selecci\u00f3n de cartas del autor y un pormenorizado estudio de Nina Auerbach, catedr\u00e1tica em\u00e9rita en la Universidad de Pennsylvania y reconocida especialista en literatura inglesa decimon\u00f3nica.<\/p>\n<\/div>\n","protected":false},"excerpt":{"rendered":"<p>Lewis Carroll<br \/>\n272 p\u00e1ginas<\/p>\n","protected":false},"featured_media":7272,"template":"","meta":{"_joinchat":[]},"product_brand":[],"product_cat":[42],"product_tag":[34],"class_list":{"0":"post-7271","1":"product","2":"type-product","3":"status-publish","4":"has-post-thumbnail","6":"product_cat-literatura-clasica","7":"product_tag-penguin-random-house","9":"first","10":"outofstock","11":"shipping-taxable","12":"purchasable","13":"product-type-simple"},"_links":{"self":[{"href":"https:\/\/libreriahistoriasdebolsillo.com\/index.php\/wp-json\/wp\/v2\/product\/7271","targetHints":{"allow":["GET"]}}],"collection":[{"href":"https:\/\/libreriahistoriasdebolsillo.com\/index.php\/wp-json\/wp\/v2\/product"}],"about":[{"href":"https:\/\/libreriahistoriasdebolsillo.com\/index.php\/wp-json\/wp\/v2\/types\/product"}],"wp:featuredmedia":[{"embeddable":true,"href":"https:\/\/libreriahistoriasdebolsillo.com\/index.php\/wp-json\/wp\/v2\/media\/7272"}],"wp:attachment":[{"href":"https:\/\/libreriahistoriasdebolsillo.com\/index.php\/wp-json\/wp\/v2\/media?parent=7271"}],"wp:term":[{"taxonomy":"product_brand","embeddable":true,"href":"https:\/\/libreriahistoriasdebolsillo.com\/index.php\/wp-json\/wp\/v2\/product_brand?post=7271"},{"taxonomy":"product_cat","embeddable":true,"href":"https:\/\/libreriahistoriasdebolsillo.com\/index.php\/wp-json\/wp\/v2\/product_cat?post=7271"},{"taxonomy":"product_tag","embeddable":true,"href":"https:\/\/libreriahistoriasdebolsillo.com\/index.php\/wp-json\/wp\/v2\/product_tag?post=7271"}],"curies":[{"name":"wp","href":"https:\/\/api.w.org\/{rel}","templated":true}]}}