{"id":7291,"date":"2025-08-18T11:57:57","date_gmt":"2025-08-18T17:57:57","guid":{"rendered":"https:\/\/libreriahistoriasdebolsillo.com\/?post_type=product&#038;p=7291"},"modified":"2026-04-25T17:52:20","modified_gmt":"2026-04-25T23:52:20","slug":"mi-oscuro-deseo","status":"publish","type":"product","link":"https:\/\/libreriahistoriasdebolsillo.com\/index.php\/producto\/mi-oscuro-deseo\/","title":{"rendered":"Mi oscuro deseo"},"content":{"rendered":"<p>Farrow<br \/>\nLa tarea era sencilla: entrar, recuperar mi colgante y escabullirme. \u00bfProblema n\u00famero 1? El soltero m\u00e1s inalcanzable de Estados Unidos me atrap\u00f3. \u00bfProblema n\u00famero 2? Decidi\u00f3 mantenerme a su lado. Como sirvienta. El invierno de Zach Sun puede ser el m\u00e1s fr\u00edo que he sentido. Aunque \u00e9l hace que me arda la piel. Reservado, calculador y salvajemente cruel, se nutre de las debilidades de los dem\u00e1s. Lo que no sabe es que acaba de encontrar la horma de su zapato.<br \/>\nPuede que Zach sea de la realeza estadounidense, pero esta campesina se convertir\u00e1 en reina.<br \/>\nZach<br \/>\nEs mi peque\u00f1a mascota. Valiente, inteligente y astuta. Tan hermosa como el arte. Colecciono cosas hermosas, y ella es mi \u00faltima adquisici\u00f3n. Farrow Ballantine no entra en mis planes.<br \/>\nNo tiene madera de novia. Demasiado rebelde. Totalmente incontrolable. Qu\u00e9 no decir de mi humilde doncella. Esas piernas interminables y esos ojos azules helados no despiertan nada en m\u00ed. Pero con su boca inteligente, no tengo m\u00e1s opci\u00f3n que ceder a la tentaci\u00f3n. Me lo permitir\u00e9. Solo por esta vez. Despu\u00e9s de todo, la mayor\u00eda de los depredadores juega con su comida. \u00bfY yo? Planeo devorarla entera. Sin dejar nada a nadie.<\/p>\n","protected":false},"excerpt":{"rendered":"<p>Parker S. Huntington y L.J. Shen<br \/>\n600 p\u00e1ginas<\/p>\n","protected":false},"featured_media":7292,"template":"","meta":{"_joinchat":[]},"product_brand":[],"product_cat":[70,76],"product_tag":[48],"class_list":{"0":"post-7291","1":"product","2":"type-product","3":"status-publish","4":"has-post-thumbnail","6":"product_cat-novedades","7":"product_cat-romantasy","8":"product_tag-vr-editoras","10":"first","11":"outofstock","12":"shipping-taxable","13":"purchasable","14":"product-type-simple"},"_links":{"self":[{"href":"https:\/\/libreriahistoriasdebolsillo.com\/index.php\/wp-json\/wp\/v2\/product\/7291","targetHints":{"allow":["GET"]}}],"collection":[{"href":"https:\/\/libreriahistoriasdebolsillo.com\/index.php\/wp-json\/wp\/v2\/product"}],"about":[{"href":"https:\/\/libreriahistoriasdebolsillo.com\/index.php\/wp-json\/wp\/v2\/types\/product"}],"wp:featuredmedia":[{"embeddable":true,"href":"https:\/\/libreriahistoriasdebolsillo.com\/index.php\/wp-json\/wp\/v2\/media\/7292"}],"wp:attachment":[{"href":"https:\/\/libreriahistoriasdebolsillo.com\/index.php\/wp-json\/wp\/v2\/media?parent=7291"}],"wp:term":[{"taxonomy":"product_brand","embeddable":true,"href":"https:\/\/libreriahistoriasdebolsillo.com\/index.php\/wp-json\/wp\/v2\/product_brand?post=7291"},{"taxonomy":"product_cat","embeddable":true,"href":"https:\/\/libreriahistoriasdebolsillo.com\/index.php\/wp-json\/wp\/v2\/product_cat?post=7291"},{"taxonomy":"product_tag","embeddable":true,"href":"https:\/\/libreriahistoriasdebolsillo.com\/index.php\/wp-json\/wp\/v2\/product_tag?post=7291"}],"curies":[{"name":"wp","href":"https:\/\/api.w.org\/{rel}","templated":true}]}}