{"id":7293,"date":"2025-08-18T12:01:02","date_gmt":"2025-08-18T18:01:02","guid":{"rendered":"https:\/\/libreriahistoriasdebolsillo.com\/?post_type=product&#038;p=7293"},"modified":"2025-10-10T16:23:02","modified_gmt":"2025-10-10T22:23:02","slug":"una-pijamada-de-terror","status":"publish","type":"product","link":"https:\/\/libreriahistoriasdebolsillo.com\/index.php\/producto\/una-pijamada-de-terror\/","title":{"rendered":"Una pijamada de terror"},"content":{"rendered":"<p>EN LO M\u00c1S PROFUNDO DEL BOSQUE, SE ESCONDE UNA BRUJA.<br \/>\nY no est\u00e1 sola. Un centenar de cuervos vigilan por ella, esperando la se\u00f1al para cumplir su venganza. En el pueblo pensaron que esa historia era solo una leyenda, hasta aquella noche\u2026<br \/>\nTodo comenz\u00f3 cuando los amigos de Matt decidieron organizar la mejor pijamada de sus vidas: comida chatarra, bromas telef\u00f3nicas y pel\u00edculas de terror. La idea era animar a su amigo, que qued\u00f3 destrozado tras la muerte de Ruby, su querida ni\u00f1era de toda la vida.<br \/>\nLa noche va seg\u00fan lo planeado, hasta que llega la se\u00f1ora Swan, la nueva ni\u00f1era que, a primera vista, parece genial: los deja comer y hacer lo que quieran. Solo que hay algo raro en ella y Matt empieza a sospechar que no es quien dice ser\u2026 Ahora \u00e9l y sus amigos est\u00e1n a<br \/>\npunto de vivir la noche m\u00e1s espeluznante de sus vidas.<\/p>\n","protected":false},"excerpt":{"rendered":"<p>Michael Regina<br \/>\n224 p\u00e1ginas<\/p>\n","protected":false},"featured_media":7294,"template":"","meta":{"_joinchat":[]},"product_brand":[],"product_cat":[54,52,70],"product_tag":[48],"class_list":{"0":"post-7293","1":"product","2":"type-product","3":"status-publish","4":"has-post-thumbnail","6":"product_cat-infantil","7":"product_cat-juvenil","8":"product_cat-novedades","9":"product_tag-vr-editoras","11":"first","12":"instock","13":"shipping-taxable","14":"purchasable","15":"product-type-simple"},"_links":{"self":[{"href":"https:\/\/libreriahistoriasdebolsillo.com\/index.php\/wp-json\/wp\/v2\/product\/7293","targetHints":{"allow":["GET"]}}],"collection":[{"href":"https:\/\/libreriahistoriasdebolsillo.com\/index.php\/wp-json\/wp\/v2\/product"}],"about":[{"href":"https:\/\/libreriahistoriasdebolsillo.com\/index.php\/wp-json\/wp\/v2\/types\/product"}],"wp:featuredmedia":[{"embeddable":true,"href":"https:\/\/libreriahistoriasdebolsillo.com\/index.php\/wp-json\/wp\/v2\/media\/7294"}],"wp:attachment":[{"href":"https:\/\/libreriahistoriasdebolsillo.com\/index.php\/wp-json\/wp\/v2\/media?parent=7293"}],"wp:term":[{"taxonomy":"product_brand","embeddable":true,"href":"https:\/\/libreriahistoriasdebolsillo.com\/index.php\/wp-json\/wp\/v2\/product_brand?post=7293"},{"taxonomy":"product_cat","embeddable":true,"href":"https:\/\/libreriahistoriasdebolsillo.com\/index.php\/wp-json\/wp\/v2\/product_cat?post=7293"},{"taxonomy":"product_tag","embeddable":true,"href":"https:\/\/libreriahistoriasdebolsillo.com\/index.php\/wp-json\/wp\/v2\/product_tag?post=7293"}],"curies":[{"name":"wp","href":"https:\/\/api.w.org\/{rel}","templated":true}]}}