{"id":7305,"date":"2025-08-23T09:34:59","date_gmt":"2025-08-23T15:34:59","guid":{"rendered":"https:\/\/libreriahistoriasdebolsillo.com\/?post_type=product&#038;p=7305"},"modified":"2025-08-23T09:44:59","modified_gmt":"2025-08-23T15:44:59","slug":"de-la-inutilidad-de-las-discusiones","status":"publish","type":"product","link":"https:\/\/libreriahistoriasdebolsillo.com\/index.php\/producto\/de-la-inutilidad-de-las-discusiones\/","title":{"rendered":"De la inutilidad de las discusiones"},"content":{"rendered":"<p>Aroldo Rodrigues pretende familiarizar al lector con ciertos conocimientos psicol\u00f3gicos capaces de ayudarnos a percibir las cosas como son, y no como somos. En 1969, George Miller, en su discurso ante la Asociaci\u00f3n Estadounidense de Psicolog\u00eda, recomend\u00f3 que los psic\u00f3logos se esforzaran por difundir el conocimiento psicol\u00f3gico entre los no expertos.<\/p>\n<p>Este libro sigue la sugerencia de Miller y busca difundir, en un lenguaje accesible, algunos conocimientos psicol\u00f3gicos que podr\u00edan ser \u00fatiles para las personas al enfrentar el entorno polarizado del mundo actual.<\/p>\n<p>La esperanza del autor es que el conocimiento transmitido aqu\u00ed ayude a los lectores a priorizar la honestidad intelectual cuando se enfrenten a personas con puntos de vista opuestos al suyo.<br \/>\nSolo as\u00ed ser\u00e1 posible desintoxicar el clima cultural y social de polarizaci\u00f3n, tribalismo e intolerancia que nos azota en estos momentos.<\/p>\n","protected":false},"excerpt":{"rendered":"<p>Aroldo Rodrigues<br \/>\n127 p\u00e1ginas<\/p>\n","protected":false},"featured_media":7306,"template":"","meta":{"_joinchat":[]},"product_brand":[],"product_cat":[41,82],"product_tag":[81],"class_list":{"0":"post-7305","1":"product","2":"type-product","3":"status-publish","4":"has-post-thumbnail","6":"product_cat-desarrollo-humano","7":"product_cat-psicologia","8":"product_tag-trillas","10":"first","11":"instock","12":"shipping-taxable","13":"purchasable","14":"product-type-simple"},"_links":{"self":[{"href":"https:\/\/libreriahistoriasdebolsillo.com\/index.php\/wp-json\/wp\/v2\/product\/7305","targetHints":{"allow":["GET"]}}],"collection":[{"href":"https:\/\/libreriahistoriasdebolsillo.com\/index.php\/wp-json\/wp\/v2\/product"}],"about":[{"href":"https:\/\/libreriahistoriasdebolsillo.com\/index.php\/wp-json\/wp\/v2\/types\/product"}],"wp:featuredmedia":[{"embeddable":true,"href":"https:\/\/libreriahistoriasdebolsillo.com\/index.php\/wp-json\/wp\/v2\/media\/7306"}],"wp:attachment":[{"href":"https:\/\/libreriahistoriasdebolsillo.com\/index.php\/wp-json\/wp\/v2\/media?parent=7305"}],"wp:term":[{"taxonomy":"product_brand","embeddable":true,"href":"https:\/\/libreriahistoriasdebolsillo.com\/index.php\/wp-json\/wp\/v2\/product_brand?post=7305"},{"taxonomy":"product_cat","embeddable":true,"href":"https:\/\/libreriahistoriasdebolsillo.com\/index.php\/wp-json\/wp\/v2\/product_cat?post=7305"},{"taxonomy":"product_tag","embeddable":true,"href":"https:\/\/libreriahistoriasdebolsillo.com\/index.php\/wp-json\/wp\/v2\/product_tag?post=7305"}],"curies":[{"name":"wp","href":"https:\/\/api.w.org\/{rel}","templated":true}]}}