{"id":7312,"date":"2025-08-23T09:42:12","date_gmt":"2025-08-23T15:42:12","guid":{"rendered":"https:\/\/libreriahistoriasdebolsillo.com\/?post_type=product&#038;p=7312"},"modified":"2025-08-23T09:42:12","modified_gmt":"2025-08-23T15:42:12","slug":"me-encanta-el-dolor-ciencia-y-cultura-del-dolor-autoinfligido","status":"publish","type":"product","link":"https:\/\/libreriahistoriasdebolsillo.com\/index.php\/producto\/me-encanta-el-dolor-ciencia-y-cultura-del-dolor-autoinfligido\/","title":{"rendered":"Me encanta el dolor: Ciencia y cultura del dolor autoinfligido"},"content":{"rendered":"<p>Explora por qu\u00e9 algunas personas del mundo aman experimentar dolor intencionalmente, desde bailarinas de ballet con me\u00f1iques del pie rotos, nadadores en aguas heladas, comedores competitivos, religiosos, masoquistas sexuales, fan\u00e1ticos de los tatuajes y todo tipo de buscadores de dolor comunes y corrientes.<br \/>\nUna completa investigaci\u00f3n en la que, sin importar qu\u00e9 tipo de dolor aceptemos experimentar, el beneficio est\u00e1 en el placer que genera.<\/p>\n","protected":false},"excerpt":{"rendered":"<p>Leigh Cowart<br \/>\n256 p\u00e1ginas<\/p>\n","protected":false},"featured_media":7313,"template":"","meta":{"_joinchat":[]},"product_brand":[],"product_cat":[41,82],"product_tag":[81],"class_list":{"0":"post-7312","1":"product","2":"type-product","3":"status-publish","4":"has-post-thumbnail","6":"product_cat-desarrollo-humano","7":"product_cat-psicologia","8":"product_tag-trillas","10":"first","11":"instock","12":"shipping-taxable","13":"purchasable","14":"product-type-simple"},"_links":{"self":[{"href":"https:\/\/libreriahistoriasdebolsillo.com\/index.php\/wp-json\/wp\/v2\/product\/7312","targetHints":{"allow":["GET"]}}],"collection":[{"href":"https:\/\/libreriahistoriasdebolsillo.com\/index.php\/wp-json\/wp\/v2\/product"}],"about":[{"href":"https:\/\/libreriahistoriasdebolsillo.com\/index.php\/wp-json\/wp\/v2\/types\/product"}],"wp:featuredmedia":[{"embeddable":true,"href":"https:\/\/libreriahistoriasdebolsillo.com\/index.php\/wp-json\/wp\/v2\/media\/7313"}],"wp:attachment":[{"href":"https:\/\/libreriahistoriasdebolsillo.com\/index.php\/wp-json\/wp\/v2\/media?parent=7312"}],"wp:term":[{"taxonomy":"product_brand","embeddable":true,"href":"https:\/\/libreriahistoriasdebolsillo.com\/index.php\/wp-json\/wp\/v2\/product_brand?post=7312"},{"taxonomy":"product_cat","embeddable":true,"href":"https:\/\/libreriahistoriasdebolsillo.com\/index.php\/wp-json\/wp\/v2\/product_cat?post=7312"},{"taxonomy":"product_tag","embeddable":true,"href":"https:\/\/libreriahistoriasdebolsillo.com\/index.php\/wp-json\/wp\/v2\/product_tag?post=7312"}],"curies":[{"name":"wp","href":"https:\/\/api.w.org\/{rel}","templated":true}]}}