{"id":733,"date":"2023-11-20T16:10:56","date_gmt":"2023-11-20T22:10:56","guid":{"rendered":"https:\/\/libreriahistoriasdebolsillo.com\/?post_type=product&#038;p=733"},"modified":"2023-11-20T16:10:56","modified_gmt":"2023-11-20T22:10:56","slug":"creo-en-una-cosa-llamada-amor","status":"publish","type":"product","link":"https:\/\/libreriahistoriasdebolsillo.com\/index.php\/producto\/creo-en-una-cosa-llamada-amor\/","title":{"rendered":"Creo en una cosa llamada amor"},"content":{"rendered":"<p>NO HAY NADA QUE NO PUEDAS LOGRAR SI SIGUES UN PLAN. INCLUSO ENAMORARTE. Cuando Desi conoce a Luca decide que ha llegado la hora de dejar atr\u00e1s su mala racha en el amor y, para conquistarlo, se vale de su mayor talento: la organizaci\u00f3n. Robando ideas de los dramas de tv coreanos, realiza una serie de pasos para llegar a su coraz\u00f3n. Al fin y al cabo, todo en su vida lo ha conseguido con un plan y cada drama tiene su final feliz. \u00bfQu\u00e9 podr\u00eda salir mal?<\/p>\n","protected":false},"excerpt":{"rendered":"<p>Maurene Goo<\/p>\n","protected":false},"featured_media":734,"template":"","meta":{"_joinchat":[]},"product_brand":[],"product_cat":[52,35],"product_tag":[48],"class_list":{"0":"post-733","1":"product","2":"type-product","3":"status-publish","4":"has-post-thumbnail","6":"product_cat-juvenil","7":"product_cat-romantica","8":"product_tag-vr-editoras","10":"first","11":"instock","12":"shipping-taxable","13":"purchasable","14":"product-type-simple"},"_links":{"self":[{"href":"https:\/\/libreriahistoriasdebolsillo.com\/index.php\/wp-json\/wp\/v2\/product\/733","targetHints":{"allow":["GET"]}}],"collection":[{"href":"https:\/\/libreriahistoriasdebolsillo.com\/index.php\/wp-json\/wp\/v2\/product"}],"about":[{"href":"https:\/\/libreriahistoriasdebolsillo.com\/index.php\/wp-json\/wp\/v2\/types\/product"}],"wp:featuredmedia":[{"embeddable":true,"href":"https:\/\/libreriahistoriasdebolsillo.com\/index.php\/wp-json\/wp\/v2\/media\/734"}],"wp:attachment":[{"href":"https:\/\/libreriahistoriasdebolsillo.com\/index.php\/wp-json\/wp\/v2\/media?parent=733"}],"wp:term":[{"taxonomy":"product_brand","embeddable":true,"href":"https:\/\/libreriahistoriasdebolsillo.com\/index.php\/wp-json\/wp\/v2\/product_brand?post=733"},{"taxonomy":"product_cat","embeddable":true,"href":"https:\/\/libreriahistoriasdebolsillo.com\/index.php\/wp-json\/wp\/v2\/product_cat?post=733"},{"taxonomy":"product_tag","embeddable":true,"href":"https:\/\/libreriahistoriasdebolsillo.com\/index.php\/wp-json\/wp\/v2\/product_tag?post=733"}],"curies":[{"name":"wp","href":"https:\/\/api.w.org\/{rel}","templated":true}]}}