{"id":7332,"date":"2025-08-23T10:09:24","date_gmt":"2025-08-23T16:09:24","guid":{"rendered":"https:\/\/libreriahistoriasdebolsillo.com\/?post_type=product&#038;p=7332"},"modified":"2025-08-23T10:09:24","modified_gmt":"2025-08-23T16:09:24","slug":"la-ancestral-sabiduria-curativa-del-cannabis","status":"publish","type":"product","link":"https:\/\/libreriahistoriasdebolsillo.com\/index.php\/producto\/la-ancestral-sabiduria-curativa-del-cannabis\/","title":{"rendered":"La ancestral sabidur\u00eda curativa del cannabis"},"content":{"rendered":"<p>La trasmutaci\u00f3n de la naturaleza no siempre es algo que parece estarnos permitido. \u00bfNos han escondido un sistema natural curativo? El reciente descubrimiento de un antiguo sistema receptor que ayuda a curar una amplia gama de enfermedades (incluidas el c\u00e1ncer y el parkinson) a trav\u00e9s de componentes que s\u00f3lo se encuentran en la planta del cannabis genera alternativas saludables con resultados positivos para contrarrestarlas. En voz de cient\u00edficos, investigadores y doctores, desmitifica la adicci\u00f3n y peligros que representa la planta, para manifestar sus propiedades curativas en el cuerpo y en el cerebro. Tiene un cap\u00edtulo dedicado, a profundidad, al estudio y tratamiento de la depresi\u00f3n, la esquizofrenia y el c\u00e1ncer, de forma muy clara, donde habla de los efectos, la recepci\u00f3n, la investigaci\u00f3n y la regeneraci\u00f3n que se alcanza. Repasa 5 mil a\u00f1os de historia ancestral en el uso ben\u00e9fico de esta medicina vers\u00e1til, segura y eficaz, sin efectos secundarios negativos.<\/p>\n","protected":false},"excerpt":{"rendered":"<p>Cheryl Pellerin<br \/>\n304 p\u00e1ginas<\/p>\n","protected":false},"featured_media":7333,"template":"","meta":{"_joinchat":[]},"product_brand":[],"product_cat":[41],"product_tag":[81],"class_list":{"0":"post-7332","1":"product","2":"type-product","3":"status-publish","4":"has-post-thumbnail","6":"product_cat-desarrollo-humano","7":"product_tag-trillas","9":"first","10":"instock","11":"shipping-taxable","12":"purchasable","13":"product-type-simple"},"_links":{"self":[{"href":"https:\/\/libreriahistoriasdebolsillo.com\/index.php\/wp-json\/wp\/v2\/product\/7332","targetHints":{"allow":["GET"]}}],"collection":[{"href":"https:\/\/libreriahistoriasdebolsillo.com\/index.php\/wp-json\/wp\/v2\/product"}],"about":[{"href":"https:\/\/libreriahistoriasdebolsillo.com\/index.php\/wp-json\/wp\/v2\/types\/product"}],"wp:featuredmedia":[{"embeddable":true,"href":"https:\/\/libreriahistoriasdebolsillo.com\/index.php\/wp-json\/wp\/v2\/media\/7333"}],"wp:attachment":[{"href":"https:\/\/libreriahistoriasdebolsillo.com\/index.php\/wp-json\/wp\/v2\/media?parent=7332"}],"wp:term":[{"taxonomy":"product_brand","embeddable":true,"href":"https:\/\/libreriahistoriasdebolsillo.com\/index.php\/wp-json\/wp\/v2\/product_brand?post=7332"},{"taxonomy":"product_cat","embeddable":true,"href":"https:\/\/libreriahistoriasdebolsillo.com\/index.php\/wp-json\/wp\/v2\/product_cat?post=7332"},{"taxonomy":"product_tag","embeddable":true,"href":"https:\/\/libreriahistoriasdebolsillo.com\/index.php\/wp-json\/wp\/v2\/product_tag?post=7332"}],"curies":[{"name":"wp","href":"https:\/\/api.w.org\/{rel}","templated":true}]}}