{"id":7346,"date":"2025-08-23T10:25:43","date_gmt":"2025-08-23T16:25:43","guid":{"rendered":"https:\/\/libreriahistoriasdebolsillo.com\/?post_type=product&#038;p=7346"},"modified":"2026-03-07T15:17:33","modified_gmt":"2026-03-07T21:17:33","slug":"marvel-super-stories","status":"publish","type":"product","link":"https:\/\/libreriahistoriasdebolsillo.com\/index.php\/producto\/marvel-super-stories\/","title":{"rendered":"Marvel super stories"},"content":{"rendered":"<p>Primera entrega de una recopilaci\u00f3n de las historias de Marvel. Supervisada por el ilustrador John Jennings, reconocido como el n\u00famero 1 en la lista de Best Sellers del New York Times. En esta entrega los lectores encontrar\u00e1n 15 relatos que se conforman de seis p\u00e1ginas cada uno y que fueron creados por artistas y escritores destacados en el mundo del c\u00f3mic. Estas historias se dirigen a los j\u00f3venes lectores quienes encontrar\u00e1n al Capit\u00e1n Am\u00e9rica, Spider-Man, Pantera Negra, Hulk, Thor, Loki, Daredevil, entre otros.<\/p>\n","protected":false},"excerpt":{"rendered":"<p>Primera entrega de una recopilaci\u00f3n de las historias de Marvel. Supervisada por el ilustrador John Jennings, reconocido como el n\u00famero 1 en la lista de Best Sellers del New York Times. En esta entrega los lectores encontrar\u00e1n 15 relatos que se conforman de seis p\u00e1ginas cada uno y que fueron creados por artistas y escritores [&hellip;]<\/p>\n","protected":false},"featured_media":7349,"template":"","meta":{"_joinchat":[]},"product_brand":[],"product_cat":[54,52],"product_tag":[81],"class_list":{"0":"post-7346","1":"product","2":"type-product","3":"status-publish","4":"has-post-thumbnail","6":"product_cat-infantil","7":"product_cat-juvenil","8":"product_tag-trillas","10":"first","11":"outofstock","12":"shipping-taxable","13":"purchasable","14":"product-type-simple"},"_links":{"self":[{"href":"https:\/\/libreriahistoriasdebolsillo.com\/index.php\/wp-json\/wp\/v2\/product\/7346","targetHints":{"allow":["GET"]}}],"collection":[{"href":"https:\/\/libreriahistoriasdebolsillo.com\/index.php\/wp-json\/wp\/v2\/product"}],"about":[{"href":"https:\/\/libreriahistoriasdebolsillo.com\/index.php\/wp-json\/wp\/v2\/types\/product"}],"wp:featuredmedia":[{"embeddable":true,"href":"https:\/\/libreriahistoriasdebolsillo.com\/index.php\/wp-json\/wp\/v2\/media\/7349"}],"wp:attachment":[{"href":"https:\/\/libreriahistoriasdebolsillo.com\/index.php\/wp-json\/wp\/v2\/media?parent=7346"}],"wp:term":[{"taxonomy":"product_brand","embeddable":true,"href":"https:\/\/libreriahistoriasdebolsillo.com\/index.php\/wp-json\/wp\/v2\/product_brand?post=7346"},{"taxonomy":"product_cat","embeddable":true,"href":"https:\/\/libreriahistoriasdebolsillo.com\/index.php\/wp-json\/wp\/v2\/product_cat?post=7346"},{"taxonomy":"product_tag","embeddable":true,"href":"https:\/\/libreriahistoriasdebolsillo.com\/index.php\/wp-json\/wp\/v2\/product_tag?post=7346"}],"curies":[{"name":"wp","href":"https:\/\/api.w.org\/{rel}","templated":true}]}}