{"id":7362,"date":"2025-08-28T12:23:54","date_gmt":"2025-08-28T18:23:54","guid":{"rendered":"https:\/\/libreriahistoriasdebolsillo.com\/?post_type=product&#038;p=7362"},"modified":"2026-01-05T18:23:09","modified_gmt":"2026-01-06T00:23:09","slug":"kiss-me-like-you-love-me-1-que-comience-el-juego","status":"publish","type":"product","link":"https:\/\/libreriahistoriasdebolsillo.com\/index.php\/producto\/kiss-me-like-you-love-me-1-que-comience-el-juego\/","title":{"rendered":"Kiss me like you love me 1. Que comience el juego"},"content":{"rendered":"<div class=\"section\">\n<div class=\"justify\">\n<p><b>PRIMERA ENTREGA DE LA APASIONANTE HISTORIA DE AMOR ENTRE SELENE Y NEIL.<\/b><\/p>\n<p><b>EL GRAN \u00c9XITO EDITORIAL DE WATTPAD, CON M\u00c1S DE 6 MILLONES DE LECTORES.<\/b><\/p>\n<\/div>\n<div class=\"justify\">\n<p>Reci\u00e9n llegada a\u00a0<b>Nueva York<\/b>\u00a0para tratar de restablecer la relaci\u00f3n con su padre, Selene va a parar a una mansi\u00f3n de ensue\u00f1o con \u00e9l, su nueva compa\u00f1era y los hijos de esta. El mayor es Neil, un chico fascinante y enigm\u00e1tico en lucha permanente contra un pasado oscuro que no le da tregua. Como una polilla atra\u00edda por la luz, Selene se siente cautivada por Neil. En un crescendo de pasi\u00f3n, la chica demuestra estar dispuesta a todo con tal de entrar en la c\u00e1rcel de cristal donde \u00e9l se ha encerrado para protegerse del mundo. Pero Neil no est\u00e1 dispuesto a abrirse a nadie, ni siquiera a Selene. Por m\u00e1s que se sienta atra\u00eddo por ella, no quiere comprometerse. Sobre todo cuando en su vida irrumpe Player 2511, un desequilibrado en busca de venganza que la tiene tomada con \u00e9l y su familia. Con sus\u00a0<b>enigmas, sus amenazas<\/b>\u00a0y sus\u00a0<b>ataques<\/b>, el despiadado desconocido arrastra a Neil en un juego perverso y peligroso que tratar\u00e1 de ganar a toda costa, desatando una lucha sin cuartel. A merced de Player 2511, \u00bflograr\u00e1 Neil no perderlo todo, incluso a Selene?<\/p>\n<\/div>\n<\/div>\n<div>\n<div class=\"section py-0\"><\/div>\n<\/div>\n","protected":false},"excerpt":{"rendered":"<p>Kira Shell<br \/>\n672 p\u00e1ginas<\/p>\n","protected":false},"featured_media":7363,"template":"","meta":{"_joinchat":[]},"product_brand":[],"product_cat":[51,35],"product_tag":[34],"class_list":{"0":"post-7362","1":"product","2":"type-product","3":"status-publish","4":"has-post-thumbnail","6":"product_cat-oferta","7":"product_cat-romantica","8":"product_tag-penguin-random-house","10":"first","11":"outofstock","12":"sale","13":"shipping-taxable","14":"purchasable","15":"product-type-simple"},"_links":{"self":[{"href":"https:\/\/libreriahistoriasdebolsillo.com\/index.php\/wp-json\/wp\/v2\/product\/7362","targetHints":{"allow":["GET"]}}],"collection":[{"href":"https:\/\/libreriahistoriasdebolsillo.com\/index.php\/wp-json\/wp\/v2\/product"}],"about":[{"href":"https:\/\/libreriahistoriasdebolsillo.com\/index.php\/wp-json\/wp\/v2\/types\/product"}],"wp:featuredmedia":[{"embeddable":true,"href":"https:\/\/libreriahistoriasdebolsillo.com\/index.php\/wp-json\/wp\/v2\/media\/7363"}],"wp:attachment":[{"href":"https:\/\/libreriahistoriasdebolsillo.com\/index.php\/wp-json\/wp\/v2\/media?parent=7362"}],"wp:term":[{"taxonomy":"product_brand","embeddable":true,"href":"https:\/\/libreriahistoriasdebolsillo.com\/index.php\/wp-json\/wp\/v2\/product_brand?post=7362"},{"taxonomy":"product_cat","embeddable":true,"href":"https:\/\/libreriahistoriasdebolsillo.com\/index.php\/wp-json\/wp\/v2\/product_cat?post=7362"},{"taxonomy":"product_tag","embeddable":true,"href":"https:\/\/libreriahistoriasdebolsillo.com\/index.php\/wp-json\/wp\/v2\/product_tag?post=7362"}],"curies":[{"name":"wp","href":"https:\/\/api.w.org\/{rel}","templated":true}]}}