{"id":7366,"date":"2025-08-28T12:29:52","date_gmt":"2025-08-28T18:29:52","guid":{"rendered":"https:\/\/libreriahistoriasdebolsillo.com\/?post_type=product&#038;p=7366"},"modified":"2026-01-05T18:22:37","modified_gmt":"2026-01-06T00:22:37","slug":"lo-poco-que-recuerdo","status":"publish","type":"product","link":"https:\/\/libreriahistoriasdebolsillo.com\/index.php\/producto\/lo-poco-que-recuerdo\/","title":{"rendered":"Lo poco que recuerdo"},"content":{"rendered":"<div class=\"justify\">\n<p>\u00ab<b>Uno de los maestros del suspense en espa\u00f1ol<\/b>\u00bb.<i><b>EFE<\/b><\/i><\/p>\n<p><b>ELLA NO RECUERDA SU PASADO. T\u00da JAM\u00c1S OLVIDAR\u00c1S ESTE THRILLER.<\/b><\/p>\n<p>Si has devorado\u00a0<i><b>La asistenta\u00a0<\/b><\/i>y te enganchaste a\u00a0<i><b>Big Little Lies<\/b><\/i>, esta historia te atrapar\u00e1.<\/p>\n<\/div>\n<div class=\"justify\">\n<p>Elena Hausser sabe que lo que est\u00e1 a punto de suceder es culpa suya. De nadie m\u00e1s. Ella es la responsable absoluta del inminente peligro que va a correr.<\/p>\n<p>Tambi\u00e9n es consciente de que su vida se resume en tres fat\u00eddicos errores.<\/p>\n<p>El primero fue asumir que sus recuerdos eran reales.<\/p>\n<p>El segundo, descubrir la farsa demasiado tarde.<\/p>\n<p>Ahora, enfrentada al monstruo de sus peores pesadillas en Pinomar, el id\u00edlico pueblo que le vio nacer, comprende que vivi\u00f3 enga\u00f1ada por los dem\u00e1s, pero tambi\u00e9n por ella misma.<\/p>\n<p>Lo poco que recordaba termin\u00f3 por convertirse en su peor enemigo.<\/p>\n<p>Y para enmendar el camino, Elena sabe que tiene que cometer un tercer error.<\/p>\n<p>El m\u00e1s grave de todos.<\/p>\n<p>NO VOLVER A ESCAPAR JAM\u00c1S DE SUS RECUERDOS.<\/p>\n<\/div>\n","protected":false},"excerpt":{"rendered":"<p>Jose Ignacio Valenzuela<br \/>\n448 p\u00e1ginas<\/p>\n","protected":false},"featured_media":7367,"template":"","meta":{"_joinchat":[]},"product_brand":[],"product_cat":[37,70],"product_tag":[34],"class_list":{"0":"post-7366","1":"product","2":"type-product","3":"status-publish","4":"has-post-thumbnail","6":"product_cat-misterio-y-thriller","7":"product_cat-novedades","8":"product_tag-penguin-random-house","10":"first","11":"outofstock","12":"shipping-taxable","13":"purchasable","14":"product-type-simple"},"_links":{"self":[{"href":"https:\/\/libreriahistoriasdebolsillo.com\/index.php\/wp-json\/wp\/v2\/product\/7366","targetHints":{"allow":["GET"]}}],"collection":[{"href":"https:\/\/libreriahistoriasdebolsillo.com\/index.php\/wp-json\/wp\/v2\/product"}],"about":[{"href":"https:\/\/libreriahistoriasdebolsillo.com\/index.php\/wp-json\/wp\/v2\/types\/product"}],"wp:featuredmedia":[{"embeddable":true,"href":"https:\/\/libreriahistoriasdebolsillo.com\/index.php\/wp-json\/wp\/v2\/media\/7367"}],"wp:attachment":[{"href":"https:\/\/libreriahistoriasdebolsillo.com\/index.php\/wp-json\/wp\/v2\/media?parent=7366"}],"wp:term":[{"taxonomy":"product_brand","embeddable":true,"href":"https:\/\/libreriahistoriasdebolsillo.com\/index.php\/wp-json\/wp\/v2\/product_brand?post=7366"},{"taxonomy":"product_cat","embeddable":true,"href":"https:\/\/libreriahistoriasdebolsillo.com\/index.php\/wp-json\/wp\/v2\/product_cat?post=7366"},{"taxonomy":"product_tag","embeddable":true,"href":"https:\/\/libreriahistoriasdebolsillo.com\/index.php\/wp-json\/wp\/v2\/product_tag?post=7366"}],"curies":[{"name":"wp","href":"https:\/\/api.w.org\/{rel}","templated":true}]}}