{"id":7375,"date":"2025-08-28T12:41:07","date_gmt":"2025-08-28T18:41:07","guid":{"rendered":"https:\/\/libreriahistoriasdebolsillo.com\/?post_type=product&#038;p=7375"},"modified":"2025-11-15T12:17:36","modified_gmt":"2025-11-15T18:17:36","slug":"los-chicos-de-tommen-2-keeping-13-edicion-limitada-en-tapa-dura","status":"publish","type":"product","link":"https:\/\/libreriahistoriasdebolsillo.com\/index.php\/producto\/los-chicos-de-tommen-2-keeping-13-edicion-limitada-en-tapa-dura\/","title":{"rendered":"Los chicos de Tommen 2. Keeping 13 (Edici\u00f3n limitada en tapa dura)"},"content":{"rendered":"<div class=\"justify\">\n<p><b>La secuela de<\/b>\u00a0<i><b>Binding<\/b><\/i><i><b>\u00a013,<\/b><\/i><b>\u00a0el romance deportivo que ha encandilado a<\/b>\u00a0<b>TikTok<\/b><b>: enam\u00f3rate de nuevo de Johnny<\/b>\u00a0<b>Kavanagh<\/b><b>\u00a0y descubre el emocionante desenlace de la historia de Shannon.<\/b><\/p>\n<\/div>\n<div class=\"justify\">\n<p><b>Enamorarse fue f\u00e1cil.<\/b><\/p>\n<p><b>Lo que viene despu\u00e9s es el verdadero desaf\u00edo&#8230;<\/b><\/p>\n<p>Tras una devastadora lesi\u00f3n que lo ha mandado al banquillo, Johnny Kavanagh se aferra como puede a sus sue\u00f1os. Perdido, inseguro y necesitado de consuelo, decide desentra\u00f1ar los misterios que envuelven a la chica de ojos azules en la que no puede dejar de pensar ni un minuto.<\/p>\n<p>Guardar un secreto nunca ha sido un problema para Shannon Lynch. Sabe bien que los demonios y los villanos no solo acechan en los cuentos, sino tambi\u00e9n en el mundo real. Traumatizada tras volver de Dubl\u00edn y desesperada por proteger a sus hermanos peque\u00f1os, Shannon acaba participando en la misma pantomima de siempre mientras su futuro se desmorona frente a sus ojos. La \u00fanica forma de protegerse es levantar un muro a su alrededor.<\/p>\n<p>Solo un chico ser\u00e1 capaz de saltar ese muro, el mismo que le ha robado el coraz\u00f3n. Sin embargo, est\u00e1n a punto de salir a la luz secretos que cambiar\u00e1n sus vidas para siempre.<\/p>\n<p>\u00bfSobrevivir\u00e1 a todo ello el amor entre Johnny y Shannon?<\/p>\n<\/div>\n","protected":false},"excerpt":{"rendered":"<p>Chloe Walsh<br \/>\n712 p\u00e1ginas<\/p>\n","protected":false},"featured_media":7376,"template":"","meta":{"_joinchat":[]},"product_brand":[],"product_cat":[70,35],"product_tag":[34],"class_list":{"0":"post-7375","1":"product","2":"type-product","3":"status-publish","4":"has-post-thumbnail","6":"product_cat-novedades","7":"product_cat-romantica","8":"product_tag-penguin-random-house","10":"first","11":"outofstock","12":"shipping-taxable","13":"purchasable","14":"product-type-simple"},"_links":{"self":[{"href":"https:\/\/libreriahistoriasdebolsillo.com\/index.php\/wp-json\/wp\/v2\/product\/7375","targetHints":{"allow":["GET"]}}],"collection":[{"href":"https:\/\/libreriahistoriasdebolsillo.com\/index.php\/wp-json\/wp\/v2\/product"}],"about":[{"href":"https:\/\/libreriahistoriasdebolsillo.com\/index.php\/wp-json\/wp\/v2\/types\/product"}],"wp:featuredmedia":[{"embeddable":true,"href":"https:\/\/libreriahistoriasdebolsillo.com\/index.php\/wp-json\/wp\/v2\/media\/7376"}],"wp:attachment":[{"href":"https:\/\/libreriahistoriasdebolsillo.com\/index.php\/wp-json\/wp\/v2\/media?parent=7375"}],"wp:term":[{"taxonomy":"product_brand","embeddable":true,"href":"https:\/\/libreriahistoriasdebolsillo.com\/index.php\/wp-json\/wp\/v2\/product_brand?post=7375"},{"taxonomy":"product_cat","embeddable":true,"href":"https:\/\/libreriahistoriasdebolsillo.com\/index.php\/wp-json\/wp\/v2\/product_cat?post=7375"},{"taxonomy":"product_tag","embeddable":true,"href":"https:\/\/libreriahistoriasdebolsillo.com\/index.php\/wp-json\/wp\/v2\/product_tag?post=7375"}],"curies":[{"name":"wp","href":"https:\/\/api.w.org\/{rel}","templated":true}]}}