{"id":7390,"date":"2025-08-28T12:56:27","date_gmt":"2025-08-28T18:56:27","guid":{"rendered":"https:\/\/libreriahistoriasdebolsillo.com\/?post_type=product&#038;p=7390"},"modified":"2026-01-05T18:21:31","modified_gmt":"2026-01-06T00:21:31","slug":"el-mundo-que-forjamos","status":"publish","type":"product","link":"https:\/\/libreriahistoriasdebolsillo.com\/index.php\/producto\/el-mundo-que-forjamos\/","title":{"rendered":"El mundo que forjamos"},"content":{"rendered":"<div class=\"justify\">\n<p><b>N.K. Jemisin, la tres veces ganadora del Premio Hugo a la mejor novela y superventas de\u00a0<i>The New York Times,\u00a0<\/i>nos trae un relato glorioso sobre la identidad, la resistencia, la magia y la mitolog\u00eda.<\/b><\/p>\n<\/div>\n<div class=\"justify\">\n<p><b>La bilog\u00eda \u00abLas Ciudades Grandiosas\u00bb es una obra maestra de ficci\u00f3n especulativa.<\/b><\/p>\n<p>Hay cosas que no van del todo bien en la ciudad que nunca duerme. Los avatares de Nueva York han conseguido evitar temporalmente la invasi\u00f3n de la Mujer de Blanco (y de paso la destrucci\u00f3n de todo el universo), pero el misterioso Enemigo con E may\u00fascula esconde poderes m\u00e1s sutiles bajo la manga. Un nuevo candidato a la alcald\u00eda, experto en el arte de la ret\u00f3rica populista de la gentrificaci\u00f3n, la xenofobia y la \u00abley y el orden\u00bb, puede llegar a conseguir cambiar la naturaleza de la Gran Manzana.<\/p>\n<p>Para derrotarlo a \u00e9l y al Enemigo que lo controla en las sombras, los avatares deber\u00e1n unirse con el resto de las ciudades grandiosas. O arriesgarse a la aniquilaci\u00f3n completa de su mundo.<\/p>\n<\/div>\n","protected":false},"excerpt":{"rendered":"<p>N.K. Jemisin<br \/>\n384 p\u00e1ginas<\/p>\n","protected":false},"featured_media":7391,"template":"","meta":{"_joinchat":[]},"product_brand":[],"product_cat":[39,77,38,70],"product_tag":[34],"class_list":{"0":"post-7390","1":"product","2":"type-product","3":"status-publish","4":"has-post-thumbnail","6":"product_cat-fantasia","7":"product_cat-fantasia-urbana","8":"product_cat-lgbtq","9":"product_cat-novedades","10":"product_tag-penguin-random-house","12":"first","13":"outofstock","14":"shipping-taxable","15":"purchasable","16":"product-type-simple"},"_links":{"self":[{"href":"https:\/\/libreriahistoriasdebolsillo.com\/index.php\/wp-json\/wp\/v2\/product\/7390","targetHints":{"allow":["GET"]}}],"collection":[{"href":"https:\/\/libreriahistoriasdebolsillo.com\/index.php\/wp-json\/wp\/v2\/product"}],"about":[{"href":"https:\/\/libreriahistoriasdebolsillo.com\/index.php\/wp-json\/wp\/v2\/types\/product"}],"wp:featuredmedia":[{"embeddable":true,"href":"https:\/\/libreriahistoriasdebolsillo.com\/index.php\/wp-json\/wp\/v2\/media\/7391"}],"wp:attachment":[{"href":"https:\/\/libreriahistoriasdebolsillo.com\/index.php\/wp-json\/wp\/v2\/media?parent=7390"}],"wp:term":[{"taxonomy":"product_brand","embeddable":true,"href":"https:\/\/libreriahistoriasdebolsillo.com\/index.php\/wp-json\/wp\/v2\/product_brand?post=7390"},{"taxonomy":"product_cat","embeddable":true,"href":"https:\/\/libreriahistoriasdebolsillo.com\/index.php\/wp-json\/wp\/v2\/product_cat?post=7390"},{"taxonomy":"product_tag","embeddable":true,"href":"https:\/\/libreriahistoriasdebolsillo.com\/index.php\/wp-json\/wp\/v2\/product_tag?post=7390"}],"curies":[{"name":"wp","href":"https:\/\/api.w.org\/{rel}","templated":true}]}}