{"id":7409,"date":"2025-08-28T13:19:53","date_gmt":"2025-08-28T19:19:53","guid":{"rendered":"https:\/\/libreriahistoriasdebolsillo.com\/?post_type=product&#038;p=7409"},"modified":"2025-11-15T18:02:34","modified_gmt":"2025-11-16T00:02:34","slug":"leviatan-vol-1","status":"publish","type":"product","link":"https:\/\/libreriahistoriasdebolsillo.com\/index.php\/producto\/leviatan-vol-1\/","title":{"rendered":"Leviat\u00e1n Vol. 1"},"content":{"rendered":"<div class=\"justify\">\n<p><b>Monstruo o humano&#8230;<\/b><\/p>\n<p><b>\u00bfQui\u00e9n reposa en el coraz\u00f3n<\/b>\u00a0<b>de las tinieblas?<\/b><\/p>\n<\/div>\n<div class=\"justify\">\n<p>En los confines de la galaxia, el\u00a0<b>Leviat\u00e1n<\/b>, una\u00a0<b>nave espacial<\/b>\u00a0inmensa, flota a la deriva. Cuando los\u00a0<b>saqueadores<\/b>\u00a0se introducen en ella, descubren el diario \u00edntimo de un estudiante, Kazuma, donde se relatan los sucesos acontecidos en las entra\u00f1as de la nave. Al leerlo, la evidencia se impone: \u00a1un\u00a0<b>superviviente<\/b>\u00a0de la cat\u00e1strofe se esconde en alg\u00fan rinc\u00f3n de ese laberinto en ruinas!<\/p>\n<p>A\u00f1os antes, un joven llamado Kazuma se encuentra en pleno viaje hacia la Tierra, pero la diversi\u00f3n no dura mucho&#8230;: \u00a1una serie de\u00a0<b>explosiones<\/b>\u00a0de origen desconocido destruye parte del casco de la nave! A partir de ese momento, los pasajeros se quedan atrapados en medio de la nada. Mientras, Kazuma y su compa\u00f1era Futaba oyen una conversaci\u00f3n entre su profesor y el\u00a0<b>robot de apoyo<\/b>: las reservas de ox\u00edgeno son insuficientes para aguantar hasta que los rescaten. La \u00fanica esperanza de sobrevivir es una c\u00e1psula de<b>\u00a0hibernaci\u00f3n<\/b>\u00a0instalada en el coraz\u00f3n del gigante de metal, pero en ella solo cabe una persona&#8230; Para desgracia de los chicos, el maestro se da cuenta de que lo han o\u00eddo. \u00a1Es el principio de una lucha sangrienta por guardar el secreto!<\/p>\n<p>En un marco\u00a0<b>angustioso<\/b>\u00a0dibujado con extrema minuciosidad, Leviat\u00e1n nos propone un viaje a los confines del infierno. \u00bfC\u00f3mo preservar la humanidad en la inmensidad glacial del espacio?<\/p>\n<\/div>\n","protected":false},"excerpt":{"rendered":"<p>Shiro Kuroi<br \/>\n208 p\u00e1ginas<\/p>\n","protected":false},"featured_media":7410,"template":"","meta":{"_joinchat":[]},"product_brand":[],"product_cat":[40,67],"product_tag":[34],"class_list":{"0":"post-7409","1":"product","2":"type-product","3":"status-publish","4":"has-post-thumbnail","6":"product_cat-ciencia-ficcion","7":"product_cat-manga","8":"product_tag-penguin-random-house","10":"first","11":"outofstock","12":"shipping-taxable","13":"purchasable","14":"product-type-simple"},"_links":{"self":[{"href":"https:\/\/libreriahistoriasdebolsillo.com\/index.php\/wp-json\/wp\/v2\/product\/7409","targetHints":{"allow":["GET"]}}],"collection":[{"href":"https:\/\/libreriahistoriasdebolsillo.com\/index.php\/wp-json\/wp\/v2\/product"}],"about":[{"href":"https:\/\/libreriahistoriasdebolsillo.com\/index.php\/wp-json\/wp\/v2\/types\/product"}],"wp:featuredmedia":[{"embeddable":true,"href":"https:\/\/libreriahistoriasdebolsillo.com\/index.php\/wp-json\/wp\/v2\/media\/7410"}],"wp:attachment":[{"href":"https:\/\/libreriahistoriasdebolsillo.com\/index.php\/wp-json\/wp\/v2\/media?parent=7409"}],"wp:term":[{"taxonomy":"product_brand","embeddable":true,"href":"https:\/\/libreriahistoriasdebolsillo.com\/index.php\/wp-json\/wp\/v2\/product_brand?post=7409"},{"taxonomy":"product_cat","embeddable":true,"href":"https:\/\/libreriahistoriasdebolsillo.com\/index.php\/wp-json\/wp\/v2\/product_cat?post=7409"},{"taxonomy":"product_tag","embeddable":true,"href":"https:\/\/libreriahistoriasdebolsillo.com\/index.php\/wp-json\/wp\/v2\/product_tag?post=7409"}],"curies":[{"name":"wp","href":"https:\/\/api.w.org\/{rel}","templated":true}]}}