{"id":7413,"date":"2025-08-28T13:25:16","date_gmt":"2025-08-28T19:25:16","guid":{"rendered":"https:\/\/libreriahistoriasdebolsillo.com\/?post_type=product&#038;p=7413"},"modified":"2026-01-05T18:20:34","modified_gmt":"2026-01-06T00:20:34","slug":"leviatan-vol-3","status":"publish","type":"product","link":"https:\/\/libreriahistoriasdebolsillo.com\/index.php\/producto\/leviatan-vol-3\/","title":{"rendered":"Leviat\u00e1n Vol. 3"},"content":{"rendered":"<div class=\"justify\">\n<p><b>Monstruo o humano&#8230;<\/b><\/p>\n<p><b>\u00bfQui\u00e9n reposa en el coraz\u00f3n<\/b>\u00a0<b>de las tinieblas?<\/b><\/p>\n<\/div>\n<div class=\"justify\">\n<p>Las alianzas se han empezado a formar entre los estudiantes\u00a0<b>atrapa<\/b><b>dos<\/b>\u00a0en la nave Leviat\u00e1n:\u00a0<b>v\u00edctimas y hostigadores<\/b>, chicos y chicas, ricos y pobres\u2026 Todos se enfrentar\u00e1n en una lucha a muerte en la que solo uno podr\u00e1 sobrevivir.<\/p>\n<p>Kazuma ha encontrado un lugar donde refugiarse junto con el grupo que controla el comedor, pero la duda empieza a\u00a0<b>florecer<\/b>\u00a0en su interior\u2026 \u00bfY si el carism\u00e1tico Y\u00f4 no es realmente quien\u00a0<b>aparenta<\/b>\u00a0ser? El autor del cuaderno no tarda en deshacerse del l\u00edder, aparentemente perfecto, para ocupar su lugar. \u00bfConseguir\u00e1 finalmente entrar antes que los dem\u00e1s en la c\u00e1psula de\u00a0<b>criogenizaci\u00f3n<\/b>?<\/p>\n<p>En un marco angustioso dibujado con extrema\u00a0<b>minuciosidad<\/b>, Leviat\u00e1n nos propone un viaje a los confines del infierno. \u00bfC\u00f3mo preservar la humanidad en la inmensidad glacial del espacio?<\/p>\n<\/div>\n","protected":false},"excerpt":{"rendered":"<p>Shiro Kuroi<br \/>\n176 p\u00e1ginas<\/p>\n","protected":false},"featured_media":7414,"template":"","meta":{"_joinchat":[]},"product_brand":[],"product_cat":[40,67],"product_tag":[34],"class_list":{"0":"post-7413","1":"product","2":"type-product","3":"status-publish","4":"has-post-thumbnail","6":"product_cat-ciencia-ficcion","7":"product_cat-manga","8":"product_tag-penguin-random-house","10":"first","11":"outofstock","12":"shipping-taxable","13":"purchasable","14":"product-type-simple"},"_links":{"self":[{"href":"https:\/\/libreriahistoriasdebolsillo.com\/index.php\/wp-json\/wp\/v2\/product\/7413","targetHints":{"allow":["GET"]}}],"collection":[{"href":"https:\/\/libreriahistoriasdebolsillo.com\/index.php\/wp-json\/wp\/v2\/product"}],"about":[{"href":"https:\/\/libreriahistoriasdebolsillo.com\/index.php\/wp-json\/wp\/v2\/types\/product"}],"wp:featuredmedia":[{"embeddable":true,"href":"https:\/\/libreriahistoriasdebolsillo.com\/index.php\/wp-json\/wp\/v2\/media\/7414"}],"wp:attachment":[{"href":"https:\/\/libreriahistoriasdebolsillo.com\/index.php\/wp-json\/wp\/v2\/media?parent=7413"}],"wp:term":[{"taxonomy":"product_brand","embeddable":true,"href":"https:\/\/libreriahistoriasdebolsillo.com\/index.php\/wp-json\/wp\/v2\/product_brand?post=7413"},{"taxonomy":"product_cat","embeddable":true,"href":"https:\/\/libreriahistoriasdebolsillo.com\/index.php\/wp-json\/wp\/v2\/product_cat?post=7413"},{"taxonomy":"product_tag","embeddable":true,"href":"https:\/\/libreriahistoriasdebolsillo.com\/index.php\/wp-json\/wp\/v2\/product_tag?post=7413"}],"curies":[{"name":"wp","href":"https:\/\/api.w.org\/{rel}","templated":true}]}}