{"id":743,"date":"2023-11-20T16:24:26","date_gmt":"2023-11-20T22:24:26","guid":{"rendered":"https:\/\/libreriahistoriasdebolsillo.com\/?post_type=product&#038;p=743"},"modified":"2024-02-06T17:36:15","modified_gmt":"2024-02-06T23:36:15","slug":"volver-a-mi","status":"publish","type":"product","link":"https:\/\/libreriahistoriasdebolsillo.com\/index.php\/producto\/volver-a-mi\/","title":{"rendered":"Volver a m\u00ed"},"content":{"rendered":"<p>\u00bfD\u00f3nde queda la PASI\u00d3N cuando todo en la vida es rutina y deber? \u00bfEs posible VOLVER a empezar? \u00bfSe puede volver a VIBRAR POR AMOR? Volver a m\u00ed retrata la vida de una mujer que cumpli\u00f3 todos los mandatos sociales: ser profesional, esposa, madre, pero que a fuerza de lograr los sue\u00f1os ajenos olvid\u00f3 los propios. A veces, perderse es la \u00fanica forma de encontrarse.<\/p>\n","protected":false},"excerpt":{"rendered":"<p>Laura G. Miranda<\/p>\n","protected":false},"featured_media":744,"template":"","meta":{"_joinchat":[]},"product_brand":[],"product_cat":[35],"product_tag":[48],"class_list":{"0":"post-743","1":"product","2":"type-product","3":"status-publish","4":"has-post-thumbnail","6":"product_cat-romantica","7":"product_tag-vr-editoras","9":"first","10":"outofstock","11":"shipping-taxable","12":"purchasable","13":"product-type-simple"},"_links":{"self":[{"href":"https:\/\/libreriahistoriasdebolsillo.com\/index.php\/wp-json\/wp\/v2\/product\/743","targetHints":{"allow":["GET"]}}],"collection":[{"href":"https:\/\/libreriahistoriasdebolsillo.com\/index.php\/wp-json\/wp\/v2\/product"}],"about":[{"href":"https:\/\/libreriahistoriasdebolsillo.com\/index.php\/wp-json\/wp\/v2\/types\/product"}],"wp:featuredmedia":[{"embeddable":true,"href":"https:\/\/libreriahistoriasdebolsillo.com\/index.php\/wp-json\/wp\/v2\/media\/744"}],"wp:attachment":[{"href":"https:\/\/libreriahistoriasdebolsillo.com\/index.php\/wp-json\/wp\/v2\/media?parent=743"}],"wp:term":[{"taxonomy":"product_brand","embeddable":true,"href":"https:\/\/libreriahistoriasdebolsillo.com\/index.php\/wp-json\/wp\/v2\/product_brand?post=743"},{"taxonomy":"product_cat","embeddable":true,"href":"https:\/\/libreriahistoriasdebolsillo.com\/index.php\/wp-json\/wp\/v2\/product_cat?post=743"},{"taxonomy":"product_tag","embeddable":true,"href":"https:\/\/libreriahistoriasdebolsillo.com\/index.php\/wp-json\/wp\/v2\/product_tag?post=743"}],"curies":[{"name":"wp","href":"https:\/\/api.w.org\/{rel}","templated":true}]}}