{"id":7444,"date":"2025-09-24T13:08:34","date_gmt":"2025-09-24T19:08:34","guid":{"rendered":"https:\/\/libreriahistoriasdebolsillo.com\/?post_type=product&#038;p=7444"},"modified":"2026-02-10T16:30:31","modified_gmt":"2026-02-10T22:30:31","slug":"violeta-2","status":"publish","type":"product","link":"https:\/\/libreriahistoriasdebolsillo.com\/index.php\/producto\/violeta-2\/","title":{"rendered":"Violeta"},"content":{"rendered":"<div class=\"justify\">\n<p><b>Desde 1920, con la llamada \u00abgripe espa\u00f1ola\u00bb,<\/b>\u00a0<b>hasta la pandemia de 2020, la vida de Violeta<\/b>\u00a0<b>ser\u00e1 mucho m\u00e1s que la historia de un siglo.<\/b><\/p>\n<\/div>\n<div class=\"justify\">\n<p>Violeta, la primera ni\u00f1a tras\u00a0<b>cinco hermanos<\/b>, se ve marcada desde su m\u00e1s tierna infancia por\u00a0<b>acontecimientos<\/b>\u00a0<b>extraordinarios<\/b>: cuando todav\u00eda se sienten las consecuencias de la\u00a0<b>Gran Guerra<\/b>, la\u00a0<b>gripe espa\u00f1ola<\/b>\u00a0llega a su pa\u00eds. Despu\u00e9s de esta crisis viene la\u00a0<b>Gran Depresi\u00f3n<\/b>, que altera la elegante vida urbana que Violeta conoc\u00eda hasta entonces y que obliga a la familia a retirarse a una regi\u00f3n salvaje y remota.<\/p>\n<p>En una larga carta dirigida a una persona a la que ama por encima de todas las dem\u00e1s, Violeta rememora devastadores\u00a0<b>desenga\u00f1os amorosos<\/b>\u00a0y romances apasionados, momentos de pobreza y tambi\u00e9n de prosperidad, p\u00e9rdidas terribles e inmensas alegr\u00edas. Moldear\u00e1n su vida algunos de los grandes sucesos de la historia: la lucha por los\u00a0<b>derechos de la mujer<\/b>, el auge y la ca\u00edda de tiranos y, en \u00faltima instancia, no una sino dos pandemias.<\/p>\n<\/div>\n","protected":false},"excerpt":{"rendered":"<p>Isabel Allende<br \/>\n544 p\u00e1ginas<\/p>\n","protected":false},"featured_media":7445,"template":"","meta":{"_joinchat":[]},"product_brand":[],"product_cat":[33,70],"product_tag":[34],"class_list":{"0":"post-7444","1":"product","2":"type-product","3":"status-publish","4":"has-post-thumbnail","6":"product_cat-ficcion-general","7":"product_cat-novedades","8":"product_tag-penguin-random-house","10":"first","11":"outofstock","12":"shipping-taxable","13":"purchasable","14":"product-type-simple"},"_links":{"self":[{"href":"https:\/\/libreriahistoriasdebolsillo.com\/index.php\/wp-json\/wp\/v2\/product\/7444","targetHints":{"allow":["GET"]}}],"collection":[{"href":"https:\/\/libreriahistoriasdebolsillo.com\/index.php\/wp-json\/wp\/v2\/product"}],"about":[{"href":"https:\/\/libreriahistoriasdebolsillo.com\/index.php\/wp-json\/wp\/v2\/types\/product"}],"wp:featuredmedia":[{"embeddable":true,"href":"https:\/\/libreriahistoriasdebolsillo.com\/index.php\/wp-json\/wp\/v2\/media\/7445"}],"wp:attachment":[{"href":"https:\/\/libreriahistoriasdebolsillo.com\/index.php\/wp-json\/wp\/v2\/media?parent=7444"}],"wp:term":[{"taxonomy":"product_brand","embeddable":true,"href":"https:\/\/libreriahistoriasdebolsillo.com\/index.php\/wp-json\/wp\/v2\/product_brand?post=7444"},{"taxonomy":"product_cat","embeddable":true,"href":"https:\/\/libreriahistoriasdebolsillo.com\/index.php\/wp-json\/wp\/v2\/product_cat?post=7444"},{"taxonomy":"product_tag","embeddable":true,"href":"https:\/\/libreriahistoriasdebolsillo.com\/index.php\/wp-json\/wp\/v2\/product_tag?post=7444"}],"curies":[{"name":"wp","href":"https:\/\/api.w.org\/{rel}","templated":true}]}}