{"id":7446,"date":"2025-09-24T13:10:17","date_gmt":"2025-09-24T19:10:17","guid":{"rendered":"https:\/\/libreriahistoriasdebolsillo.com\/?post_type=product&#038;p=7446"},"modified":"2026-03-12T15:18:38","modified_gmt":"2026-03-12T21:18:38","slug":"mi-probable-favorito","status":"publish","type":"product","link":"https:\/\/libreriahistoriasdebolsillo.com\/index.php\/producto\/mi-probable-favorito\/","title":{"rendered":"Mi probable favorito"},"content":{"rendered":"<div class=\"justify\">\n<p><b>La nueva obra de Juan Arcones despu\u00e9s del \u00e9xito cosechado con la trilog\u00eda protagonizada por Pablo y \u00d3scar:\u00a0<i>Alguien para ti<\/i>,\u00a0<i>Alguien para m\u00ed<\/i>\u00a0y\u00a0<i>Alguien para nosotros<\/i>.<\/b><\/p>\n<\/div>\n<div class=\"justify\">\n<p>La vida de Sim\u00f3n Castel se tambalea por completo cuando un d\u00eda se cruza con Jae-young, un estudiante nuevo coreano pr\u00e1cticamente perfecto en todo, con el que tendr\u00e1 un mal comienzo debido a una serie de malentendidos.<\/p>\n<p>L\u00edos amorosos, una libreta perdida que vale su peso en oro, un gato negro que no deja de traer problemas y&#8230; \u00bfla soluci\u00f3n a uno de los mayores misterios matem\u00e1ticos de todos los tiempos?<\/p>\n<p>La nueva obra de Juan Arcones tras el \u00e9xito arrollador de\u00a0<i>Alguien para ti<\/i>,\u00a0<i>Alguien para m\u00ed<\/i>\u00a0y\u00a0<i>Alguien para nosotros<\/i>.<\/p>\n<\/div>\n","protected":false},"excerpt":{"rendered":"<p>Juan Arcones<br \/>\n416 p\u00e1ginas<\/p>\n","protected":false},"featured_media":7447,"template":"","meta":{"_joinchat":[]},"product_brand":[],"product_cat":[38,70],"product_tag":[34],"class_list":{"0":"post-7446","1":"product","2":"type-product","3":"status-publish","4":"has-post-thumbnail","6":"product_cat-lgbtq","7":"product_cat-novedades","8":"product_tag-penguin-random-house","10":"first","11":"outofstock","12":"shipping-taxable","13":"purchasable","14":"product-type-simple"},"_links":{"self":[{"href":"https:\/\/libreriahistoriasdebolsillo.com\/index.php\/wp-json\/wp\/v2\/product\/7446","targetHints":{"allow":["GET"]}}],"collection":[{"href":"https:\/\/libreriahistoriasdebolsillo.com\/index.php\/wp-json\/wp\/v2\/product"}],"about":[{"href":"https:\/\/libreriahistoriasdebolsillo.com\/index.php\/wp-json\/wp\/v2\/types\/product"}],"wp:featuredmedia":[{"embeddable":true,"href":"https:\/\/libreriahistoriasdebolsillo.com\/index.php\/wp-json\/wp\/v2\/media\/7447"}],"wp:attachment":[{"href":"https:\/\/libreriahistoriasdebolsillo.com\/index.php\/wp-json\/wp\/v2\/media?parent=7446"}],"wp:term":[{"taxonomy":"product_brand","embeddable":true,"href":"https:\/\/libreriahistoriasdebolsillo.com\/index.php\/wp-json\/wp\/v2\/product_brand?post=7446"},{"taxonomy":"product_cat","embeddable":true,"href":"https:\/\/libreriahistoriasdebolsillo.com\/index.php\/wp-json\/wp\/v2\/product_cat?post=7446"},{"taxonomy":"product_tag","embeddable":true,"href":"https:\/\/libreriahistoriasdebolsillo.com\/index.php\/wp-json\/wp\/v2\/product_tag?post=7446"}],"curies":[{"name":"wp","href":"https:\/\/api.w.org\/{rel}","templated":true}]}}