{"id":745,"date":"2023-11-20T16:27:50","date_gmt":"2023-11-20T22:27:50","guid":{"rendered":"https:\/\/libreriahistoriasdebolsillo.com\/?post_type=product&#038;p=745"},"modified":"2025-02-14T16:05:57","modified_gmt":"2025-02-14T22:05:57","slug":"alex-quizas","status":"publish","type":"product","link":"https:\/\/libreriahistoriasdebolsillo.com\/index.php\/producto\/alex-quizas\/","title":{"rendered":"\u00bfAlex, quiz\u00e1s?"},"content":{"rendered":"<p>Bailey \u201cMink\u201d Rydell cree haber conocido al chico de sus sue\u00f1os. Los dos comparten su amor por el cine, pero su v\u00ednculo es solo online. B\u00e1sicamente, Alex es el chico perfecto, aunque ninguno de los dos revel\u00f3 a\u00fan su verdadera identidad. Ahora que Bailey se muda con su padre, tendr\u00e1 la oportunidad de conocer a Alex. Es el momento de descifrar qui\u00e9n es \u00e9l realmente, as\u00ed que Bailey usar\u00e1 todas sus habilidades detectivescas para descubrirlo antes de atreverse a una cita\u2026 pero en el camino conocer\u00e1 a Porter Roth, un joven carism\u00e1tico y guap\u00edsimo. \u00bfBailey llegar\u00e1 a conocer a Alex u optar\u00e1 por un joven real, que la seduce y la desaf\u00eda todo el tiempo?<\/p>\n","protected":false},"excerpt":{"rendered":"<p>Jenn Bennett<\/p>\n","protected":false},"featured_media":746,"template":"","meta":{"_joinchat":[]},"product_brand":[],"product_cat":[52,35],"product_tag":[48],"class_list":{"0":"post-745","1":"product","2":"type-product","3":"status-publish","4":"has-post-thumbnail","6":"product_cat-juvenil","7":"product_cat-romantica","8":"product_tag-vr-editoras","10":"first","11":"outofstock","12":"shipping-taxable","13":"purchasable","14":"product-type-simple"},"_links":{"self":[{"href":"https:\/\/libreriahistoriasdebolsillo.com\/index.php\/wp-json\/wp\/v2\/product\/745","targetHints":{"allow":["GET"]}}],"collection":[{"href":"https:\/\/libreriahistoriasdebolsillo.com\/index.php\/wp-json\/wp\/v2\/product"}],"about":[{"href":"https:\/\/libreriahistoriasdebolsillo.com\/index.php\/wp-json\/wp\/v2\/types\/product"}],"wp:featuredmedia":[{"embeddable":true,"href":"https:\/\/libreriahistoriasdebolsillo.com\/index.php\/wp-json\/wp\/v2\/media\/746"}],"wp:attachment":[{"href":"https:\/\/libreriahistoriasdebolsillo.com\/index.php\/wp-json\/wp\/v2\/media?parent=745"}],"wp:term":[{"taxonomy":"product_brand","embeddable":true,"href":"https:\/\/libreriahistoriasdebolsillo.com\/index.php\/wp-json\/wp\/v2\/product_brand?post=745"},{"taxonomy":"product_cat","embeddable":true,"href":"https:\/\/libreriahistoriasdebolsillo.com\/index.php\/wp-json\/wp\/v2\/product_cat?post=745"},{"taxonomy":"product_tag","embeddable":true,"href":"https:\/\/libreriahistoriasdebolsillo.com\/index.php\/wp-json\/wp\/v2\/product_tag?post=745"}],"curies":[{"name":"wp","href":"https:\/\/api.w.org\/{rel}","templated":true}]}}