{"id":7458,"date":"2025-09-24T13:22:55","date_gmt":"2025-09-24T19:22:55","guid":{"rendered":"https:\/\/libreriahistoriasdebolsillo.com\/?post_type=product&#038;p=7458"},"modified":"2025-12-27T14:27:52","modified_gmt":"2025-12-27T20:27:52","slug":"el-alquimista-ed-tapa-dura","status":"publish","type":"product","link":"https:\/\/libreriahistoriasdebolsillo.com\/index.php\/producto\/el-alquimista-ed-tapa-dura\/","title":{"rendered":"El alquimista (Ed. tapa dura)"},"content":{"rendered":"<div class=\"justify\">\n<p><b>EDICI\u00d3N ESPECIAL DEL<\/b>\u00a0<b>BESTSELLER<\/b><b>\u00a0QUE HA CONQUISTADO EL CORAZ\u00d3N DE MILLONES DE LECTORES<\/b><\/p>\n<p><b>\u00abCada hombre en la faz de la Tierra tiene un tesoro que est\u00e1 esperando por \u00e9l\u00bb.<\/b><\/p>\n<\/div>\n<div class=\"justify\">\n<p><i><b>El Alquimista<\/b><\/i>\u00a0es mucho m\u00e1s que un fen\u00f3meno literario con\u00a0<b>millones de ejemplares vendidos<\/b>\u00a0en todo el mundo: es un faro espiritual que ha tocado el alma de generaciones enteras. Poderosa, inspiradora y profundamente humana, esta joya inolvidable de\u00a0<b>Paulo Coelho<\/b>\u00a0entrelaza la magia, la sabidur\u00eda\u00a0<b>ancestral y el misticismo<\/b>\u00a0en la historia de Santiago, un joven pastor andaluz que se lanza a la aventura en el desierto. Lo que comienza como la b\u00fasqueda de un tesoro escondido se convierte en un camino de\u00a0<b>descubrimiento interior<\/b>, una peregrinaci\u00f3n hacia la voz del coraz\u00f3n, una traves\u00eda para averiguar los secretos del universo. Entre oasis, leyendas y alquimia,\u00a0<b>Santiago<\/b>\u00a0descubrir\u00e1 que el verdadero oro est\u00e1 en el autoconocimiento y en la valent\u00eda de seguir la leyenda personal. La gran ense\u00f1anza de esta obra cumbre de\u00a0<b>Paulo Coelho<\/b>\u00a0es que debemos aprender a escuchar nuestro coraz\u00f3n, ya que en \u00e9l reside la fuerza transformadora de nuestros sue\u00f1os. Emb\u00e1rcate en un\u00a0<b>viaje inolvidable<\/b>\u00a0para descubrir los secretos del alma humana con\u00a0<i>El Alquimista<\/i>, la obra m\u00e1s emblem\u00e1tica de Paulo Coelho.<\/p>\n<\/div>\n","protected":false},"excerpt":{"rendered":"<p>Paulo Coelho<br \/>\n200 p\u00e1ginas<\/p>\n","protected":false},"featured_media":7459,"template":"","meta":{"_joinchat":[]},"product_brand":[],"product_cat":[33,70],"product_tag":[],"class_list":{"0":"post-7458","1":"product","2":"type-product","3":"status-publish","4":"has-post-thumbnail","6":"product_cat-ficcion-general","7":"product_cat-novedades","9":"first","10":"instock","11":"shipping-taxable","12":"purchasable","13":"product-type-simple"},"_links":{"self":[{"href":"https:\/\/libreriahistoriasdebolsillo.com\/index.php\/wp-json\/wp\/v2\/product\/7458","targetHints":{"allow":["GET"]}}],"collection":[{"href":"https:\/\/libreriahistoriasdebolsillo.com\/index.php\/wp-json\/wp\/v2\/product"}],"about":[{"href":"https:\/\/libreriahistoriasdebolsillo.com\/index.php\/wp-json\/wp\/v2\/types\/product"}],"wp:featuredmedia":[{"embeddable":true,"href":"https:\/\/libreriahistoriasdebolsillo.com\/index.php\/wp-json\/wp\/v2\/media\/7459"}],"wp:attachment":[{"href":"https:\/\/libreriahistoriasdebolsillo.com\/index.php\/wp-json\/wp\/v2\/media?parent=7458"}],"wp:term":[{"taxonomy":"product_brand","embeddable":true,"href":"https:\/\/libreriahistoriasdebolsillo.com\/index.php\/wp-json\/wp\/v2\/product_brand?post=7458"},{"taxonomy":"product_cat","embeddable":true,"href":"https:\/\/libreriahistoriasdebolsillo.com\/index.php\/wp-json\/wp\/v2\/product_cat?post=7458"},{"taxonomy":"product_tag","embeddable":true,"href":"https:\/\/libreriahistoriasdebolsillo.com\/index.php\/wp-json\/wp\/v2\/product_tag?post=7458"}],"curies":[{"name":"wp","href":"https:\/\/api.w.org\/{rel}","templated":true}]}}