{"id":7470,"date":"2025-09-24T13:35:19","date_gmt":"2025-09-24T19:35:19","guid":{"rendered":"https:\/\/libreriahistoriasdebolsillo.com\/?post_type=product&#038;p=7470"},"modified":"2026-01-19T12:55:36","modified_gmt":"2026-01-19T18:55:36","slug":"todos-los-deseos-que-escribi-sin-ti","status":"publish","type":"product","link":"https:\/\/libreriahistoriasdebolsillo.com\/index.php\/producto\/todos-los-deseos-que-escribi-sin-ti\/","title":{"rendered":"Todos los deseos que escrib\u00ed sin ti"},"content":{"rendered":"<div class=\"justify\">\n<p><b>\u00a1Llega lo nuevo de Cherry Chic, una conmovedora novela de la reina del cozy romance!<\/b><\/p>\n<\/div>\n<div class=\"justify\">\n<p><b>ORI\u00d3N<\/b><\/p>\n<p>Mi madre sol\u00eda describir la peque\u00f1a isla donde vivimos como un lugar donde las olas llegan a la orilla con suavidad, la arena es dorada y el mar sabe a sal.<\/p>\n<p>El tiempo me hizo ver que Helena, mi madre, era tan grandiosa que consigui\u00f3 hacernos felices aun cuando su vida se romp\u00eda en mil cristales diminutos.<\/p>\n<p>Ella siempre dec\u00eda que la mejor parte de alejarse de casa es volver. Luna debe pensar igual ya que ha vuelto seis a\u00f1os despu\u00e9s de macharse sin mirar atr\u00e1s, alej\u00e1ndose de m\u00ed en el peor momento de mi vida.<\/p>\n<p><b>LUNA<\/b><\/p>\n<p>En el extremo m\u00e1s alejado de la isla y, sendero arriba, se encuentra el lugar m\u00e1s bonito de Isla de Sal, al que me dirijo por primera vez en seis a\u00f1os. La librer\u00eda de Helena se encuentra en un peque\u00f1o acantilado con unas vistas incre\u00edbles. Este lugar y sus due\u00f1os, Helena y Lucio, fueron un b\u00e1lsamo para m\u00ed.<\/p>\n<p>Y sus hijos, Ori\u00f3n y Galatea, fueron mis mejores amigos hasta que las cosas se complicaron demasiado y mi vida se derrumb\u00f3 tanto como para que optara por irme dejando atr\u00e1s a mi familia, mis mejores amigos y a Ori\u00f3n, mi primer amor. Seis a\u00f1os despu\u00e9s estoy de vuelta y no tengo ni idea de c\u00f3mo ir\u00e1n las cosas.<\/p>\n<p>\u00bfQuedar\u00e1 algo que salvar de aquel amor adolescente o las decisiones del pasado pesar\u00e1n m\u00e1s?<\/p>\n<p>\u00bfSer\u00e1 cierto que hay cosas imposibles de perdonar?<\/p>\n<\/div>\n","protected":false},"excerpt":{"rendered":"<p>Cherry Chic<br \/>\n432 p\u00e1ginas<\/p>\n","protected":false},"featured_media":7471,"template":"","meta":{"_joinchat":[]},"product_brand":[],"product_cat":[70,35],"product_tag":[34],"class_list":{"0":"post-7470","1":"product","2":"type-product","3":"status-publish","4":"has-post-thumbnail","6":"product_cat-novedades","7":"product_cat-romantica","8":"product_tag-penguin-random-house","10":"first","11":"outofstock","12":"shipping-taxable","13":"purchasable","14":"product-type-simple"},"_links":{"self":[{"href":"https:\/\/libreriahistoriasdebolsillo.com\/index.php\/wp-json\/wp\/v2\/product\/7470","targetHints":{"allow":["GET"]}}],"collection":[{"href":"https:\/\/libreriahistoriasdebolsillo.com\/index.php\/wp-json\/wp\/v2\/product"}],"about":[{"href":"https:\/\/libreriahistoriasdebolsillo.com\/index.php\/wp-json\/wp\/v2\/types\/product"}],"wp:featuredmedia":[{"embeddable":true,"href":"https:\/\/libreriahistoriasdebolsillo.com\/index.php\/wp-json\/wp\/v2\/media\/7471"}],"wp:attachment":[{"href":"https:\/\/libreriahistoriasdebolsillo.com\/index.php\/wp-json\/wp\/v2\/media?parent=7470"}],"wp:term":[{"taxonomy":"product_brand","embeddable":true,"href":"https:\/\/libreriahistoriasdebolsillo.com\/index.php\/wp-json\/wp\/v2\/product_brand?post=7470"},{"taxonomy":"product_cat","embeddable":true,"href":"https:\/\/libreriahistoriasdebolsillo.com\/index.php\/wp-json\/wp\/v2\/product_cat?post=7470"},{"taxonomy":"product_tag","embeddable":true,"href":"https:\/\/libreriahistoriasdebolsillo.com\/index.php\/wp-json\/wp\/v2\/product_tag?post=7470"}],"curies":[{"name":"wp","href":"https:\/\/api.w.org\/{rel}","templated":true}]}}