{"id":750,"date":"2023-11-20T16:32:42","date_gmt":"2023-11-20T22:32:42","guid":{"rendered":"https:\/\/libreriahistoriasdebolsillo.com\/?post_type=product&#038;p=750"},"modified":"2025-02-14T16:06:47","modified_gmt":"2025-02-14T22:06:47","slug":"la-bruja-novata","status":"publish","type":"product","link":"https:\/\/libreriahistoriasdebolsillo.com\/index.php\/producto\/la-bruja-novata\/","title":{"rendered":"La bruja novata"},"content":{"rendered":"<p>\u00bfQuien no recuerda el conjuro con el que la bruja en pr\u00e1cticas Miss Eglantine Price se lleva a los hermanos Charles, Carey y Paul a un mundo de magia y aventuras? Por desgracia, cuando una consigue el t\u00edtulo de hechicera en un curso por correo llamado C\u00f3mo convertirse en bruja en 10 sencillas lecciones, los problemas no tardan en aparecer. Desde viajes en el tiempo hasta accidentados vuelos en escoba, las peripecias de esta bruja novata solo acaban de empezar. Bienvenidos a un cl\u00e1sico de la literatura infantil y juvenil, adaptado con exito al cine en 1971. Una novela de culto que trasladar\u00e1 a los lectores de todas las edades a un universo de sue\u00f1os, fantas\u00eda y desastres m\u00e1gicamente divertidos.<\/p>\n","protected":false},"excerpt":{"rendered":"<p>Mary Norton<\/p>\n","protected":false},"featured_media":751,"template":"","meta":{"_joinchat":[]},"product_brand":[],"product_cat":[39,52],"product_tag":[48],"class_list":{"0":"post-750","1":"product","2":"type-product","3":"status-publish","4":"has-post-thumbnail","6":"product_cat-fantasia","7":"product_cat-juvenil","8":"product_tag-vr-editoras","10":"first","11":"outofstock","12":"shipping-taxable","13":"purchasable","14":"product-type-simple"},"_links":{"self":[{"href":"https:\/\/libreriahistoriasdebolsillo.com\/index.php\/wp-json\/wp\/v2\/product\/750","targetHints":{"allow":["GET"]}}],"collection":[{"href":"https:\/\/libreriahistoriasdebolsillo.com\/index.php\/wp-json\/wp\/v2\/product"}],"about":[{"href":"https:\/\/libreriahistoriasdebolsillo.com\/index.php\/wp-json\/wp\/v2\/types\/product"}],"wp:featuredmedia":[{"embeddable":true,"href":"https:\/\/libreriahistoriasdebolsillo.com\/index.php\/wp-json\/wp\/v2\/media\/751"}],"wp:attachment":[{"href":"https:\/\/libreriahistoriasdebolsillo.com\/index.php\/wp-json\/wp\/v2\/media?parent=750"}],"wp:term":[{"taxonomy":"product_brand","embeddable":true,"href":"https:\/\/libreriahistoriasdebolsillo.com\/index.php\/wp-json\/wp\/v2\/product_brand?post=750"},{"taxonomy":"product_cat","embeddable":true,"href":"https:\/\/libreriahistoriasdebolsillo.com\/index.php\/wp-json\/wp\/v2\/product_cat?post=750"},{"taxonomy":"product_tag","embeddable":true,"href":"https:\/\/libreriahistoriasdebolsillo.com\/index.php\/wp-json\/wp\/v2\/product_tag?post=750"}],"curies":[{"name":"wp","href":"https:\/\/api.w.org\/{rel}","templated":true}]}}