{"id":752,"date":"2023-11-20T16:35:13","date_gmt":"2023-11-20T22:35:13","guid":{"rendered":"https:\/\/libreriahistoriasdebolsillo.com\/?post_type=product&#038;p=752"},"modified":"2024-03-08T15:46:03","modified_gmt":"2024-03-08T21:46:03","slug":"starfish-ilumina-tu-destino","status":"publish","type":"product","link":"https:\/\/libreriahistoriasdebolsillo.com\/index.php\/producto\/starfish-ilumina-tu-destino\/","title":{"rendered":"Starfish. Ilumina tu destino"},"content":{"rendered":"<p>Kiko siempre crey\u00f3 que Prisma, la universidad de arte de sus sue\u00f1os, ser\u00eda su escape. El lugar en el que dejar\u00eda atr\u00e1s a su madre, esa que siempre la hizo sentir poca cosa, y a las pesadillas de su pasado. El lugar donde nadie creer\u00eda que es demasiado dram\u00e1tica, ni desestimar\u00eda su talento. El lugar en el que su vida comenzar\u00eda realmente. Pero es rechazada y siente que su mundo amenaza con romperse en un mill\u00f3n de pedazos, especialmente cuando su t\u00edo, la persona que le arruin\u00f3 la infancia, vuelve a entrar a su vida. Entonces una invitaci\u00f3n inesperada le da la posibilidad de recorrer escuelas de arte en la costa oeste. Pero para comenzar a vivir su sue\u00f1o deber\u00e1 derribar las barreras que se ha construido alrededor, aprender varias lecciones sobre s\u00ed misma, su pasado y, lo m\u00e1s importante: ser valiente.<\/p>\n","protected":false},"excerpt":{"rendered":"<p>Akemi Dawn Bowman<\/p>\n","protected":false},"featured_media":753,"template":"","meta":{"_joinchat":[]},"product_brand":[],"product_cat":[33,52],"product_tag":[48],"class_list":{"0":"post-752","1":"product","2":"type-product","3":"status-publish","4":"has-post-thumbnail","6":"product_cat-ficcion-general","7":"product_cat-juvenil","8":"product_tag-vr-editoras","10":"first","11":"outofstock","12":"shipping-taxable","13":"purchasable","14":"product-type-simple"},"_links":{"self":[{"href":"https:\/\/libreriahistoriasdebolsillo.com\/index.php\/wp-json\/wp\/v2\/product\/752","targetHints":{"allow":["GET"]}}],"collection":[{"href":"https:\/\/libreriahistoriasdebolsillo.com\/index.php\/wp-json\/wp\/v2\/product"}],"about":[{"href":"https:\/\/libreriahistoriasdebolsillo.com\/index.php\/wp-json\/wp\/v2\/types\/product"}],"wp:featuredmedia":[{"embeddable":true,"href":"https:\/\/libreriahistoriasdebolsillo.com\/index.php\/wp-json\/wp\/v2\/media\/753"}],"wp:attachment":[{"href":"https:\/\/libreriahistoriasdebolsillo.com\/index.php\/wp-json\/wp\/v2\/media?parent=752"}],"wp:term":[{"taxonomy":"product_brand","embeddable":true,"href":"https:\/\/libreriahistoriasdebolsillo.com\/index.php\/wp-json\/wp\/v2\/product_brand?post=752"},{"taxonomy":"product_cat","embeddable":true,"href":"https:\/\/libreriahistoriasdebolsillo.com\/index.php\/wp-json\/wp\/v2\/product_cat?post=752"},{"taxonomy":"product_tag","embeddable":true,"href":"https:\/\/libreriahistoriasdebolsillo.com\/index.php\/wp-json\/wp\/v2\/product_tag?post=752"}],"curies":[{"name":"wp","href":"https:\/\/api.w.org\/{rel}","templated":true}]}}