{"id":7544,"date":"2025-10-09T11:59:55","date_gmt":"2025-10-09T17:59:55","guid":{"rendered":"https:\/\/libreriahistoriasdebolsillo.com\/?post_type=product&#038;p=7544"},"modified":"2026-01-26T17:06:51","modified_gmt":"2026-01-26T23:06:51","slug":"la-tormenta-de-nieve","status":"publish","type":"product","link":"https:\/\/libreriahistoriasdebolsillo.com\/index.php\/producto\/la-tormenta-de-nieve\/","title":{"rendered":"La tormenta de nieve"},"content":{"rendered":"<p>Seis amigos atrapados.<\/p>\n<p>Uno de ellos est\u00e1 muerto.<\/p>\n<p>Otro es un asesino.<\/p>\n<p>Seis amigos se re\u00fanen diez a\u00f1os despu\u00e9s de que una terrible tragedia los separase.<\/p>\n<p>Muchas cosas cambian en una d\u00e9cada.<\/p>\n<p>Las amistades m\u00e1s profundas pueden transformarse en celos terribles.<\/p>\n<p>Cuando la tormenta irrumpe, la isla se queda aislada.<\/p>\n<p>Est\u00e1n atrapados.<\/p>\n<p>Nadie sabe en qui\u00e9n confiar.<\/p>\n<p>Nadie es quien dice ser.<\/p>\n<p>Uno de ellos es un asesino y alguien va a morir.<\/p>\n","protected":false},"excerpt":{"rendered":"<p>Triona Walsh<br \/>\n336 p\u00e1ginas<\/p>\n","protected":false},"featured_media":7545,"template":"","meta":{"_joinchat":[]},"product_brand":[],"product_cat":[37,51],"product_tag":[34],"class_list":{"0":"post-7544","1":"product","2":"type-product","3":"status-publish","4":"has-post-thumbnail","6":"product_cat-misterio-y-thriller","7":"product_cat-oferta","8":"product_tag-penguin-random-house","10":"first","11":"outofstock","12":"sale","13":"shipping-taxable","14":"purchasable","15":"product-type-simple"},"_links":{"self":[{"href":"https:\/\/libreriahistoriasdebolsillo.com\/index.php\/wp-json\/wp\/v2\/product\/7544","targetHints":{"allow":["GET"]}}],"collection":[{"href":"https:\/\/libreriahistoriasdebolsillo.com\/index.php\/wp-json\/wp\/v2\/product"}],"about":[{"href":"https:\/\/libreriahistoriasdebolsillo.com\/index.php\/wp-json\/wp\/v2\/types\/product"}],"wp:featuredmedia":[{"embeddable":true,"href":"https:\/\/libreriahistoriasdebolsillo.com\/index.php\/wp-json\/wp\/v2\/media\/7545"}],"wp:attachment":[{"href":"https:\/\/libreriahistoriasdebolsillo.com\/index.php\/wp-json\/wp\/v2\/media?parent=7544"}],"wp:term":[{"taxonomy":"product_brand","embeddable":true,"href":"https:\/\/libreriahistoriasdebolsillo.com\/index.php\/wp-json\/wp\/v2\/product_brand?post=7544"},{"taxonomy":"product_cat","embeddable":true,"href":"https:\/\/libreriahistoriasdebolsillo.com\/index.php\/wp-json\/wp\/v2\/product_cat?post=7544"},{"taxonomy":"product_tag","embeddable":true,"href":"https:\/\/libreriahistoriasdebolsillo.com\/index.php\/wp-json\/wp\/v2\/product_tag?post=7544"}],"curies":[{"name":"wp","href":"https:\/\/api.w.org\/{rel}","templated":true}]}}