{"id":7584,"date":"2025-10-14T12:43:43","date_gmt":"2025-10-14T18:43:43","guid":{"rendered":"https:\/\/libreriahistoriasdebolsillo.com\/?post_type=product&#038;p=7584"},"modified":"2026-02-10T16:10:35","modified_gmt":"2026-02-10T22:10:35","slug":"el-hombre-que-tenia-miedo-a-vivir-campana-edicion-limitada","status":"publish","type":"product","link":"https:\/\/libreriahistoriasdebolsillo.com\/index.php\/producto\/el-hombre-que-tenia-miedo-a-vivir-campana-edicion-limitada\/","title":{"rendered":"El hombre que ten\u00eda miedo a vivir (Campa\u00f1a edici\u00f3n limitada)"},"content":{"rendered":"<div class=\"justify\">\n<p><b>Este libro es vital, es un viaje hacia el interior que te har\u00e1 cambiar&#8230;, SI QUIERES CAMBIAR.<\/b><\/p>\n<\/div>\n<div class=\"justify\">\n<p><b>\u00bfIMAGINAS VOLVER A LA SENCILLEZ DE LA INFANCIA? \u00bfSORPRENDERTE CON LO COTIDIANO? \u00bfRECUPERAR LA ILUSI\u00d3N?<\/b><\/p>\n<p>El miedo a vivir es lo que nos impide llevar la vida deseada, hacer lo que nos apasiona o disfrutar del presente. Es inevitable sentirlo, pero s\u00ed podemos escoger<\/p>\n<p>entre temerlo o enfrentarlo, dejar que nos domine o dominarlo.<\/p>\n<p><b>EXISTIR NO ES LO MISMO QUE VIVIR<\/b><\/p>\n<p>Miguel \u00c1ngel Montero nos regala una historia que se ha convertido en un s\u00edmbolo de amor, motivaci\u00f3n y superaci\u00f3n. Una novela inspiradora que nos acercar\u00e1 a lo esencial, a lo verdaderamente importante, que marca la diferencia entre existir o VIVIR.<\/p>\n<p><b>DESCUBRE EL LIBRO QUE HA TOCADO EL CORAZ\u00d3N Y LA MENTE DE LECTORES DE TODO EL MUNDO<\/b><\/p>\n<p><i>El hombre que ten\u00eda miedo de vivir<\/i>\u00a0es un libro \u00fanico, apto para todos los p\u00fablicos, con independencia de su momento vital, que ha traspasado fronteras y ha sido traducido a m\u00faltiples idiomas, convirti\u00e9ndose en un referente en el campo del crecimiento personal.<\/p>\n<p>A trav\u00e9s de una bonita historia de superaci\u00f3n, se establece una analog\u00eda con el camino de la vida, ese camino que muchas veces tiene baches y obst\u00e1culos, aunque tambi\u00e9n est\u00e1 lleno de flores y bonitos atardeceres. Un recorrido que no nos podemos perder porque, con el paso del tiempo, se convertir\u00e1 en la verdadera meta.<\/p>\n<p>Atr\u00e9vete a iniciar el viaje m\u00e1s importante, un viaje que comienza dentro de ti, y sum\u00e9rgete en un interesante relato que puede transformar tu perspectiva, siempre que aceptes el reto de vivir sin excusas, avanzando en la \u00fanica direcci\u00f3n posible: hacia delante.<\/p>\n<\/div>\n","protected":false},"excerpt":{"rendered":"<p>Miguel Angel Montero<br \/>\n240 p\u00e1ginas<\/p>\n","protected":false},"featured_media":7585,"template":"","meta":{"_joinchat":[]},"product_brand":[],"product_cat":[58,41],"product_tag":[34],"class_list":{"0":"post-7584","1":"product","2":"type-product","3":"status-publish","4":"has-post-thumbnail","6":"product_cat-desarrollo-humano-y-superacion","7":"product_cat-desarrollo-humano","8":"product_tag-penguin-random-house","10":"first","11":"outofstock","12":"shipping-taxable","13":"purchasable","14":"product-type-simple"},"_links":{"self":[{"href":"https:\/\/libreriahistoriasdebolsillo.com\/index.php\/wp-json\/wp\/v2\/product\/7584","targetHints":{"allow":["GET"]}}],"collection":[{"href":"https:\/\/libreriahistoriasdebolsillo.com\/index.php\/wp-json\/wp\/v2\/product"}],"about":[{"href":"https:\/\/libreriahistoriasdebolsillo.com\/index.php\/wp-json\/wp\/v2\/types\/product"}],"wp:featuredmedia":[{"embeddable":true,"href":"https:\/\/libreriahistoriasdebolsillo.com\/index.php\/wp-json\/wp\/v2\/media\/7585"}],"wp:attachment":[{"href":"https:\/\/libreriahistoriasdebolsillo.com\/index.php\/wp-json\/wp\/v2\/media?parent=7584"}],"wp:term":[{"taxonomy":"product_brand","embeddable":true,"href":"https:\/\/libreriahistoriasdebolsillo.com\/index.php\/wp-json\/wp\/v2\/product_brand?post=7584"},{"taxonomy":"product_cat","embeddable":true,"href":"https:\/\/libreriahistoriasdebolsillo.com\/index.php\/wp-json\/wp\/v2\/product_cat?post=7584"},{"taxonomy":"product_tag","embeddable":true,"href":"https:\/\/libreriahistoriasdebolsillo.com\/index.php\/wp-json\/wp\/v2\/product_tag?post=7584"}],"curies":[{"name":"wp","href":"https:\/\/api.w.org\/{rel}","templated":true}]}}