{"id":7594,"date":"2025-10-14T13:01:53","date_gmt":"2025-10-14T19:01:53","guid":{"rendered":"https:\/\/libreriahistoriasdebolsillo.com\/?post_type=product&#038;p=7594"},"modified":"2025-10-17T12:57:07","modified_gmt":"2025-10-17T18:57:07","slug":"donde-me-encuentro","status":"publish","type":"product","link":"https:\/\/libreriahistoriasdebolsillo.com\/index.php\/producto\/donde-me-encuentro\/","title":{"rendered":"Donde me encuentro"},"content":{"rendered":"<div class=\"justify\">\n<p><b>La nueva novela de la gran autora revelaci\u00f3n de los \u00faltimos a\u00f1os, ganadora del Premio Pulitzer, y su mayor desaf\u00edo literario: las estaciones de una mujer de hoy.<\/b><\/p>\n<\/div>\n<div class=\"justify\">\n<p><b>Una mujer camina por una ciudad contemplando su soledad y la de quienes la rodean.<\/b>\u00a0A medida que se desarrolla su d\u00eda a d\u00eda -de una librer\u00eda a la consulta de su terapeuta o a un restaurante- se sorprende con la s\u00faplica silenciosa de una l\u00e1pida en la carretera, el di\u00e1logo accidentado de un padre con su hija, el recuerdo del encuentro con la inesperada amante de su antigua pareja o la silueta de un puente al anochecer. Cuando se cruza con el novio de su amiga por la calle, las\u00a0<b>posibilidades agridulces de un amor inexplorado<\/b>\u00a0la llevan a interrogarse acerca de su aislamiento y libertad, y c\u00f3mo ha repercutido en sus relaciones afectivas.<i>\u00a0Donde me encuentro<\/i>\u00a0sigue a esta mujer a trav\u00e9s de las cuatro estaciones, dejando que cada una desvele un poco m\u00e1s sobre qui\u00e9n es mientras ella averigua qu\u00e9 es lo que realmente quiere.<\/p>\n<p>Jhumpa Lahiri emprende su mayor desaf\u00edo literario al escribir, como Nabokov o Kafka, en una lengua ajena (el italiano) una historia universal y asombrosa: una novela sobre los\u00a0<b>peque\u00f1os milagros de la vida.<\/b><\/p>\n<\/div>\n","protected":false},"excerpt":{"rendered":"<p>Jhumpa Lahiri<br \/>\n144 p\u00e1ginas<\/p>\n","protected":false},"featured_media":7596,"template":"","meta":{"_joinchat":[]},"product_brand":[],"product_cat":[33,51],"product_tag":[34],"class_list":{"0":"post-7594","1":"product","2":"type-product","3":"status-publish","4":"has-post-thumbnail","6":"product_cat-ficcion-general","7":"product_cat-oferta","8":"product_tag-penguin-random-house","10":"first","11":"instock","12":"sale","13":"shipping-taxable","14":"purchasable","15":"product-type-simple"},"_links":{"self":[{"href":"https:\/\/libreriahistoriasdebolsillo.com\/index.php\/wp-json\/wp\/v2\/product\/7594","targetHints":{"allow":["GET"]}}],"collection":[{"href":"https:\/\/libreriahistoriasdebolsillo.com\/index.php\/wp-json\/wp\/v2\/product"}],"about":[{"href":"https:\/\/libreriahistoriasdebolsillo.com\/index.php\/wp-json\/wp\/v2\/types\/product"}],"wp:featuredmedia":[{"embeddable":true,"href":"https:\/\/libreriahistoriasdebolsillo.com\/index.php\/wp-json\/wp\/v2\/media\/7596"}],"wp:attachment":[{"href":"https:\/\/libreriahistoriasdebolsillo.com\/index.php\/wp-json\/wp\/v2\/media?parent=7594"}],"wp:term":[{"taxonomy":"product_brand","embeddable":true,"href":"https:\/\/libreriahistoriasdebolsillo.com\/index.php\/wp-json\/wp\/v2\/product_brand?post=7594"},{"taxonomy":"product_cat","embeddable":true,"href":"https:\/\/libreriahistoriasdebolsillo.com\/index.php\/wp-json\/wp\/v2\/product_cat?post=7594"},{"taxonomy":"product_tag","embeddable":true,"href":"https:\/\/libreriahistoriasdebolsillo.com\/index.php\/wp-json\/wp\/v2\/product_tag?post=7594"}],"curies":[{"name":"wp","href":"https:\/\/api.w.org\/{rel}","templated":true}]}}